-- Table structure for table `filter`
--

CREATE TABLE `filter` (
  `format` varchar(255) NOT NULL COMMENT 'Foreign key: The filter_format.format to which this filter is assigned.',
  `module` varchar(64) NOT NULL DEFAULT '' COMMENT 'The origin module of the filter.',
  `name` varchar(32) NOT NULL DEFAULT '' COMMENT 'Name of the filter being referenced.',
  `weight` int(11) NOT NULL DEFAULT '0' COMMENT 'Weight of filter within format.',
  `status` int(11) NOT NULL DEFAULT '0' COMMENT 'Filter enabled status. (1 = enabled, 0 = disabled)',
  `settings` longblob COMMENT 'A serialized array of name value pairs that store the filter settings for the specific format.',
  PRIMARY KEY (`format`,`name`),
  KEY `list` (`weight`,`module`,`name`)
) ENGINE=InnoDB DEFAULT CHARSET=utf8 COMMENT='Table that maps filters (HTML corrector) to text formats ...';

--
-- Dumping data for table `filter`
--

INSERT INTO `filter` VALUES ('full_html','domain','domain_url',-10,0,'a:0:{}'),('full_html','filter','filter_autop',0,1,'a:0:{}'),('full_html','filter','filter_html',-10,0,'a:3:{s:12:\"allowed_html\";s:74:\"<a> <em> <strong> <cite> <blockquote> <code> <ul> <ol> <li> <dl> <dt> <dd>\";s:16:\"filter_html_help\";i:1;s:20:\"filter_html_nofollow\";i:0;}'),('full_html','filter','filter_htmlcorrector',10,1,'a:0:{}'),('full_html','filter','filter_html_escape',-10,0,'a:0:{}'),('full_html','filter','filter_url',0,1,'a:1:{s:17:\"filter_url_length\";s:2:\"72\";}'),('plain_text','filter','filter_autop',2,1,'a:0:{}'),('plain_text','filter','filter_html',-10,0,'a:3:{s:12:\"allowed_html\";s:74:\"<a> <em> <strong> <cite> <blockquote> <code> <ul> <ol> <li> <dl> <dt> <dd>\";s:16:\"filter_html_help\";i:1;s:20:\"filter_html_nofollow\";i:0;}'),('plain_text','filter','filter_htmlcorrector',10,0,'a:0:{}'),('plain_text','filter','filter_html_escape',0,1,'a:0:{}'),('plain_text','filter','filter_url',1,1,'a:1:{s:17:\"filter_url_length\";i:72;}');

--
-- Table structure for table `filter_format`
--

CREATE TABLE `filter_format` (
  `format` varchar(255) NOT NULL COMMENT 'Primary Key: Unique machine name of the format.',
  `name` varchar(255) NOT NULL DEFAULT '' COMMENT 'Name of the text format (Filtered HTML).',
  `cache` tinyint(4) NOT NULL DEFAULT '0' COMMENT 'Flag to indicate whether format is cacheable. (1 = cacheable, 0 = not cacheable)',
  `status` tinyint(3) unsigned NOT NULL DEFAULT '1' COMMENT 'The status of the text format. (1 = enabled, 0 = disabled)',
  `weight` int(11) NOT NULL DEFAULT '0' COMMENT 'Weight of text format to use when listing.',
  PRIMARY KEY (`format`),
  UNIQUE KEY `name` (`name`),
  KEY `status_weight` (`status`,`weight`)
) ENGINE=InnoDB DEFAULT CHARSET=utf8 COMMENT='Stores text formats: custom groupings of filters, such as...';

--
-- Dumping data for table `filter_format`
--

INSERT INTO `filter_format` VALUES ('full_html','Full Html',1,1,0),('plain_text','Plain text',1,1,10);

--
-- Table structure for table `flood`
--

CREATE TABLE `flood` (
  `fid` int(11) NOT NULL AUTO_INCREMENT COMMENT 'Unique flood event ID.',
  `event` varchar(64) NOT NULL DEFAULT '' COMMENT 'Name of event (e.g. contact).',
  `identifier` varchar(128) NOT NULL DEFAULT '' COMMENT 'Identifier of the visitor, such as an IP address or hostname.',
  `timestamp` int(11) NOT NULL DEFAULT '0' COMMENT 'Timestamp of the event.',
  `expiration` int(11) NOT NULL DEFAULT '0' COMMENT 'Expiration timestamp. Expired events are purged on cron run.',
  PRIMARY KEY (`fid`),
  KEY `allow` (`event`,`identifier`,`timestamp`),
  KEY `purge` (`expiration`)
) ENGINE=InnoDB AUTO_INCREMENT=125 DEFAULT CHARSET=utf8 COMMENT='Flood controls the threshold of events, such as the...';

--
-- Dumping data for table `flood`
--

INSERT INTO `flood` VALUES (124,'failed_login_attempt_ip','172.68.10.202',1509642496,1509646096);

--
-- Table structure for table `history`
--

CREATE TABLE `history` (
  `uid` int(11) NOT NULL DEFAULT '0' COMMENT 'The users.uid that read the node nid.',
  `nid` int(11) NOT NULL DEFAULT '0' COMMENT 'The node.nid that was read.',
  `timestamp` int(11) NOT NULL DEFAULT '0' COMMENT 'The Unix timestamp at which the read occurred.',
  PRIMARY KEY (`uid`,`nid`),
  KEY `nid` (`nid`)
) ENGINE=InnoDB DEFAULT CHARSET=utf8 COMMENT='A record of which users have read which nodes.';

--
-- Dumping data for table `history`
--


--
-- Table structure for table `image_effects`
--

CREATE TABLE `image_effects` (
  `ieid` int(10) unsigned NOT NULL AUTO_INCREMENT COMMENT 'The primary identifier for an image effect.',
  `isid` int(10) unsigned NOT NULL DEFAULT '0' COMMENT 'The image_styles.isid for an image style.',
  `weight` int(11) NOT NULL DEFAULT '0' COMMENT 'The weight of the effect in the style.',
  `name` varchar(255) NOT NULL COMMENT 'The unique name of the effect to be executed.',
  `data` longblob NOT NULL COMMENT 'The configuration data for the effect.',
  PRIMARY KEY (`ieid`),
  KEY `isid` (`isid`),
  KEY `weight` (`weight`)
) ENGINE=InnoDB DEFAULT CHARSET=utf8 COMMENT='Stores configuration options for image effects.';

--
-- Dumping data for table `image_effects`
--


--
-- Table structure for table `image_styles`
--

CREATE TABLE `image_styles` (
  `isid` int(10) unsigned NOT NULL AUTO_INCREMENT COMMENT 'The primary identifier for an image style.',
  `name` varchar(255) NOT NULL COMMENT 'The style machine name.',
  `label` varchar(255) NOT NULL DEFAULT '' COMMENT 'The style administrative name.',
  PRIMARY KEY (`isid`),
  UNIQUE KEY `name` (`name`)
) ENGINE=InnoDB DEFAULT CHARSET=utf8 COMMENT='Stores configuration options for image styles.';

--
-- Dumping data for table `image_styles`
--


--
-- Table structure for table `location`
--

CREATE TABLE `location` (
  `lid` int(10) unsigned NOT NULL AUTO_INCREMENT COMMENT 'Primary Key: Unique location ID.',
  `name` varchar(255) NOT NULL DEFAULT '' COMMENT 'Place Name.',
  `street` varchar(255) NOT NULL DEFAULT '' COMMENT 'Street address, line 1.',
  `additional` varchar(255) NOT NULL DEFAULT '' COMMENT 'Street address, line 2.',
  `city` varchar(255) NOT NULL DEFAULT '' COMMENT 'City.',
  `province` varchar(16) NOT NULL DEFAULT '' COMMENT 'State / Province code.',
  `postal_code` varchar(16) NOT NULL DEFAULT '' COMMENT 'Postal / ZIP code.',
  `country` char(2) NOT NULL DEFAULT '' COMMENT 'Two letter ISO country code.',
  `latitude` decimal(10,6) NOT NULL DEFAULT '0.000000' COMMENT 'Location latitude (decimal degrees).',
  `longitude` decimal(10,6) NOT NULL DEFAULT '0.000000' COMMENT 'Location longitude (decimal degrees).',
  `source` tinyint(4) NOT NULL DEFAULT '0' COMMENT 'Source of the latitude and longitude data (Geocoder, user entered, invalid, etc.)',
  `is_primary` tinyint(4) NOT NULL DEFAULT '0' COMMENT 'Is this the primary location of an object? (unused, civicrm legacy field?).',
  PRIMARY KEY (`lid`)
) ENGINE=InnoDB AUTO_INCREMENT=8 DEFAULT CHARSET=utf8 COMMENT='Locational data managed by location.module.';

--
-- Dumping data for table `location`
--

INSERT INTO `location` VALUES (4,'Nancy Ackert Financial','182 Carloway Trail','','Kincardine','ON','N2Z 0A4','ca',44.155323,-81.655045,1,0),(5,'Huron','','','','ON','','ca',43.614205,-81.537781,1,0),(6,'Rural Business Network','57 Albert Street','PO Box 818','Clinton','ON','N0M 1L0','ca',43.618660,-81.539619,1,0),(7,'Clinton','','','Clinton','ON','','ca',43.617126,-81.539669,1,0);

--
-- Table structure for table `location_country`
--

CREATE TABLE `location_country` (
  `code` char(2) NOT NULL COMMENT 'Primary Key: Two letter ISO Country Code',
  `name` varchar(255) NOT NULL DEFAULT '' COMMENT 'Full Country Name ',
  PRIMARY KEY (`code`)
) ENGINE=InnoDB DEFAULT CHARSET=utf8 COMMENT='Country data managed by location.module.';

--
-- Dumping data for table `location_country`
--


--
-- Table structure for table `location_instance`
--

CREATE TABLE `location_instance` (
  `nid` int(10) unsigned NOT NULL DEFAULT '0' COMMENT 'Reference to node.nid.',
  `vid` int(10) unsigned NOT NULL DEFAULT '0' COMMENT 'Reference to node_revision.vid.',
  `uid` int(10) unsigned NOT NULL DEFAULT '0' COMMENT 'Reference to users.uid.',
  `genid` varchar(255) NOT NULL DEFAULT '' COMMENT 'Generic reference key.',
  `lid` int(10) unsigned NOT NULL DEFAULT '0' COMMENT 'Reference to location.lid.',
  KEY `nid` (`nid`),
  KEY `vid` (`vid`),
  KEY `uid` (`uid`),
  KEY `genid` (`genid`),
  KEY `lid` (`lid`)
) ENGINE=InnoDB DEFAULT CHARSET=utf8 COMMENT='N:M join table to join locations to other tables.';

--
-- Dumping data for table `location_instance`
--

INSERT INTO `location_instance` VALUES (0,0,0,'taxonomy:4',5),(0,0,0,'taxonomy:8',7),(104,104,0,'',4),(105,105,0,'',6);

--
-- Table structure for table `menu_custom`
--

CREATE TABLE `menu_custom` (
  `menu_name` varchar(32) NOT NULL DEFAULT '' COMMENT 'Primary Key: Unique key for menu. This is used as a block delta so length is 32.',
  `title` varchar(255) NOT NULL DEFAULT '' COMMENT 'Menu title; displayed at top of block.',
  `description` text COMMENT 'Menu description.',
  PRIMARY KEY (`menu_name`)
) ENGINE=InnoDB DEFAULT CHARSET=utf8 COMMENT='Holds definitions for top-level custom menus (for example...';

--
-- Dumping data for table `menu_custom`
--

INSERT INTO `menu_custom` VALUES ('main-menu','Main menu','The <em>Main</em> menu is used on many sites to show the major sections of the site, often in a top navigation bar.'),('management','Management','The <em>Management</em> menu contains links for administrative tasks.'),('menu-brodie-tree-service','Brodie Tree Service','Menu For Brodie Tree Service'),('menu-epp-menu','EPP menu','Equal Parenting Party of Ontario'),('menu-first-light','First Light','Menu For First Light'),('menu-howick-homes','Howick Homes',''),('menu-obra-menu','OBRA menu','Menu for OBRA.ca'),('menu-rbnet','Rbnet','Menu for Rbnet.ca'),('menu-royal','Royal',''),('navigation','Navigation','The <em>Navigation</em> menu contains links intended for site visitors. Links are added to the <em>Navigation</em> menu automatically by some modules.'),('user-menu','User menu','The <em>User</em> menu contains links related to the user\'s account, as well as the \'Log out\' link.');

--
-- Table structure for table `menu_links`
--

CREATE TABLE `menu_links` (
  `menu_name` varchar(32) NOT NULL DEFAULT '' COMMENT 'The menu name. All links with the same menu name (such as ’navigation’) are part of the same menu.',
  `mlid` int(10) unsigned NOT NULL AUTO_INCREMENT COMMENT 'The menu link ID (mlid) is the integer primary key.',
  `plid` int(10) unsigned NOT NULL DEFAULT '0' COMMENT 'The parent link ID (plid) is the mlid of the link above in the hierarchy, or zero if the link is at the top level in its menu.',
  `link_path` varchar(255) NOT NULL DEFAULT '' COMMENT 'The Drupal path or external path this link points to.',
  `router_path` varchar(255) NOT NULL DEFAULT '' COMMENT 'For links corresponding to a Drupal path (external = 0), this connects the link to a menu_router.path for joins.',
  `link_title` varchar(255) NOT NULL DEFAULT '' COMMENT 'The text displayed for the link, which may be modified by a title callback stored in menu_router.',
  `options` blob COMMENT 'A serialized array of options to be passed to the url() or l() function, such as a query string or HTML attributes.',
  `module` varchar(255) NOT NULL DEFAULT 'system' COMMENT 'The name of the module that generated this link.',
  `hidden` smallint(6) NOT NULL DEFAULT '0' COMMENT 'A flag for whether the link should be rendered in menus. (1 = a disabled menu item that may be shown on admin screens, -1 = a menu callback, 0 = a normal, visible link)',
  `external` smallint(6) NOT NULL DEFAULT '0' COMMENT 'A flag to indicate if the link points to a full URL starting with a protocol, like http:// (1 = external, 0 = internal).',
  `has_children` smallint(6) NOT NULL DEFAULT '0' COMMENT 'Flag indicating whether any links have this link as a parent (1 = children exist, 0 = no children).',
  `expanded` smallint(6) NOT NULL DEFAULT '0' COMMENT 'Flag for whether this link should be rendered as expanded in menus - expanded links always have their child links displayed, instead of only when the link is in the active trail (1 = expanded, 0 = not expanded)',
  `weight` int(11) NOT NULL DEFAULT '0' COMMENT 'Link weight among links in the same menu at the same depth.',
  `depth` smallint(6) NOT NULL DEFAULT '0' COMMENT 'The depth relative to the top level. A link with plid == 0 will have depth == 1.',
  `customized` smallint(6) NOT NULL DEFAULT '0' COMMENT 'A flag to indicate that the user has manually created or edited the link (1 = customized, 0 = not customized).',
  `p1` int(10) unsigned NOT NULL DEFAULT '0' COMMENT 'The first mlid in the materialized path. If N = depth, then pN must equal the mlid. If depth > 1 then p(N-1) must equal the plid. All pX where X > depth must equal zero. The columns p1 .. p9 are also called the parents.',
  `p2` int(10) unsigned NOT NULL DEFAULT '0' COMMENT 'The second mlid in the materialized path. See p1.',
  `p3` int(10) unsigned NOT NULL DEFAULT '0' COMMENT 'The third mlid in the materialized path. See p1.',
  `p4` int(10) unsigned NOT NULL DEFAULT '0' COMMENT 'The fourth mlid in the materialized path. See p1.',
  `p5` int(10) unsigned NOT NULL DEFAULT '0' COMMENT 'The fifth mlid in the materialized path. See p1.',
  `p6` int(10) unsigned NOT NULL DEFAULT '0' COMMENT 'The sixth mlid in the materialized path. See p1.',
  `p7` int(10) unsigned NOT NULL DEFAULT '0' COMMENT 'The seventh mlid in the materialized path. See p1.',
  `p8` int(10) unsigned NOT NULL DEFAULT '0' COMMENT 'The eighth mlid in the materialized path. See p1.',
  `p9` int(10) unsigned NOT NULL DEFAULT '0' COMMENT 'The ninth mlid in the materialized path. See p1.',
  `updated` smallint(6) NOT NULL DEFAULT '0' COMMENT 'Flag that indicates that this link was generated during the update from Drupal 5.',
  PRIMARY KEY (`mlid`),
  KEY `path_menu` (`link_path`(128),`menu_name`),
  KEY `menu_plid_expand_child` (`menu_name`,`plid`,`expanded`,`has_children`),
  KEY `menu_parents` (`menu_name`,`p1`,`p2`,`p3`,`p4`,`p5`,`p6`,`p7`,`p8`,`p9`),
  KEY `router_path` (`router_path`(128))
) ENGINE=InnoDB AUTO_INCREMENT=1480 DEFAULT CHARSET=utf8 COMMENT='Contains the individual links within a menu.';

--
-- Dumping data for table `menu_links`
--



--
-- Table structure for table `menu_router`
--

CREATE TABLE `menu_router` (
  `path` varchar(255) NOT NULL DEFAULT '' COMMENT 'Primary Key: the Drupal path this entry describes',
  `load_functions` blob NOT NULL COMMENT 'A serialized array of function names (like node_load) to be called to load an object corresponding to a part of the current path.',
  `to_arg_functions` blob NOT NULL COMMENT 'A serialized array of function names (like user_uid_optional_to_arg) to be called to replace a part of the router path with another string.',
  `access_callback` varchar(255) NOT NULL DEFAULT '' COMMENT 'The callback which determines the access to this router path. Defaults to user_access.',
  `access_arguments` blob COMMENT 'A serialized array of arguments for the access callback.',
  `page_callback` varchar(255) NOT NULL DEFAULT '' COMMENT 'The name of the function that renders the page.',
  `page_arguments` blob COMMENT 'A serialized array of arguments for the page callback.',
  `delivery_callback` varchar(255) NOT NULL DEFAULT '' COMMENT 'The name of the function that sends the result of the page_callback function to the browser.',
  `fit` int(11) NOT NULL DEFAULT '0' COMMENT 'A numeric representation of how specific the path is.',
  `number_parts` smallint(6) NOT NULL DEFAULT '0' COMMENT 'Number of parts in this router path.',
  `context` int(11) NOT NULL DEFAULT '0' COMMENT 'Only for local tasks (tabs) - the context of a local task to control its placement.',
  `tab_parent` varchar(255) NOT NULL DEFAULT '' COMMENT 'Only for local tasks (tabs) - the router path of the parent page (which may also be a local task).',
  `tab_root` varchar(255) NOT NULL DEFAULT '' COMMENT 'Router path of the closest non-tab parent page. For pages that are not local tasks, this will be the same as the path.',
  `title` varchar(255) NOT NULL DEFAULT '' COMMENT 'The title for the current page, or the title for the tab if this is a local task.',
  `title_callback` varchar(255) NOT NULL DEFAULT '' COMMENT 'A function which will alter the title. Defaults to t()',
  `title_arguments` varchar(255) NOT NULL DEFAULT '' COMMENT 'A serialized array of arguments for the title callback. If empty, the title will be used as the sole argument for the title callback.',
  `theme_callback` varchar(255) NOT NULL DEFAULT '' COMMENT 'A function which returns the name of the theme that will be used to render this page. If left empty, the default theme will be used.',
  `theme_arguments` varchar(255) NOT NULL DEFAULT '' COMMENT 'A serialized array of arguments for the theme callback.',
  `type` int(11) NOT NULL DEFAULT '0' COMMENT 'Numeric representation of the type of the menu item, like MENU_LOCAL_TASK.',
  `description` text NOT NULL COMMENT 'A description of this item.',
  `position` varchar(255) NOT NULL DEFAULT '' COMMENT 'The position of the block (left or right) on the system administration page for this item.',
  `weight` int(11) NOT NULL DEFAULT '0' COMMENT 'Weight of the element. Lighter weights are higher up, heavier weights go down.',
  `include_file` mediumtext COMMENT 'The file to include for this element, usually the page callback function lives in this file.',
  PRIMARY KEY (`path`),
  KEY `fit` (`fit`),
  KEY `tab_parent` (`tab_parent`(64),`weight`,`title`),
  KEY `tab_root_weight_title` (`tab_root`(64),`weight`,`title`)
) ENGINE=InnoDB DEFAULT CHARSET=utf8 COMMENT='Maps paths to various callbacks (access, page and title)';

--
-- Dumping data for table `menu_router`
--



--
-- Table structure for table `metatag`
--

CREATE TABLE `metatag` (
  `entity_type` varchar(32) NOT NULL DEFAULT '' COMMENT 'The entity type this data is attached to.',
  `entity_id` int(10) unsigned NOT NULL DEFAULT '0' COMMENT 'The entity id this data is attached to.',
  `revision_id` int(10) unsigned NOT NULL DEFAULT '0' COMMENT 'The revision_id for the entity object this data is attached to.',
  `language` varchar(32) NOT NULL DEFAULT '' COMMENT 'The language of the tag.',
  `data` longblob NOT NULL,
  PRIMARY KEY (`entity_type`,`entity_id`,`revision_id`,`language`),
  KEY `type_revision` (`entity_type`,`revision_id`)
) ENGINE=InnoDB DEFAULT CHARSET=utf8;

--
-- Dumping data for table `metatag`
--

INSERT INTO `metatag` VALUES ('node',116,116,'und','a:3:{s:5:\"title\";a:1:{s:5:\"value\";s:56:\"[node:title] | [site:name]Keepsake Memories testimonials\";}s:11:\"description\";a:1:{s:5:\"value\";s:31:\"[node:summary]Customer comments\";}s:8:\"keywords\";a:1:{s:5:\"value\";s:27:\"clients, customer, comments\";}}'),('node',117,117,'und','a:4:{s:5:\"title\";a:1:{s:5:\"value\";s:53:\"[node:title] | [site:name]Keepsake Memories Home Page\";}s:11:\"description\";a:1:{s:5:\"value\";s:134:\"[node:summary]Providing Goderich and Huron County Ontario with professional photography, video and cataloging documentation services. \";}s:8:\"abstract\";a:1:{s:5:\"value\";s:112:\"Providing Goderich and Huron county with professional photography, video and cataloging documentation services. \";}s:8:\"keywords\";a:1:{s:5:\"value\";s:43:\"wedding, pictures, video, special occassion\";}}'),('node',118,118,'und','a:4:{s:5:\"title\";a:1:{s:5:\"value\";s:51:\"[node:title] | [site:name]Contact Keepsake Memories\";}s:11:\"description\";a:1:{s:5:\"value\";s:36:\"[node:summary]Contact Us for a Quote\";}s:8:\"abstract\";a:1:{s:5:\"value\";s:23:\"]Contact Us for a Quote\";}s:8:\"keywords\";a:1:{s:5:\"value\";s:22:\"quotation, cost, rates\";}}'),('node',119,119,'und','a:4:{s:5:\"title\";a:1:{s:5:\"value\";s:53:\"[node:title] | [site:name]Keepsake Services and Rates\";}s:11:\"description\";a:1:{s:5:\"value\";s:174:\"[node:summary]Keepsake Memories is available for all those moments of life you want to capture in photos and video. Located in Goderich, Ontario, ready to serve Huron County.\";}s:8:\"abstract\";a:1:{s:5:\"value\";s:64:\"Services include wedding pictures and video, cataloging services\";}s:8:\"keywords\";a:1:{s:5:\"value\";s:38:\"wedding, engagement photo, photography\";}}'),('node',121,121,'und','a:4:{s:5:\"title\";a:1:{s:5:\"value\";s:62:\"[node:title] | [site:name]portfolio sample pictures and videos\";}s:11:\"description\";a:1:{s:5:\"value\";s:44:\"[node:summary]Click here to view sample work\";}s:8:\"abstract\";a:1:{s:5:\"value\";s:11:\"sample work\";}s:8:\"keywords\";a:1:{s:5:\"value\";s:26:\"portfolio, pictures, video\";}}');

--
-- Table structure for table `metatag_config`
--

CREATE TABLE `metatag_config` (
  `cid` int(10) unsigned NOT NULL AUTO_INCREMENT COMMENT 'The primary identifier for a metatag configuration set.',
  `instance` varchar(255) NOT NULL DEFAULT '' COMMENT 'The machine-name of the configuration, typically entity-type:bundle.',
  `config` longblob NOT NULL COMMENT 'Serialized data containing the meta tag configuration.',
  PRIMARY KEY (`cid`),
  UNIQUE KEY `instance` (`instance`)
) ENGINE=InnoDB DEFAULT CHARSET=utf8 COMMENT='Storage of meta tag configuration and defaults.';

--
-- Dumping data for table `metatag_config`
--


--
-- Table structure for table `node`
--

CREATE TABLE `node` (
  `nid` int(10) unsigned NOT NULL AUTO_INCREMENT COMMENT 'The primary identifier for a node.',
  `vid` int(10) unsigned DEFAULT NULL COMMENT 'The current node_revision.vid version identifier.',
  `type` varchar(32) NOT NULL DEFAULT '' COMMENT 'The node_type.type of this node.',
  `language` varchar(12) NOT NULL DEFAULT '' COMMENT 'The languages.language of this node.',
  `title` varchar(255) NOT NULL DEFAULT '' COMMENT 'The title of this node, always treated as non-markup plain text.',
  `uid` int(11) NOT NULL DEFAULT '0' COMMENT 'The users.uid that owns this node; initially, this is the user that created it.',
  `status` int(11) NOT NULL DEFAULT '1' COMMENT 'Boolean indicating whether the node is published (visible to non-administrators).',
  `created` int(11) NOT NULL DEFAULT '0' COMMENT 'The Unix timestamp when the node was created.',
  `changed` int(11) NOT NULL DEFAULT '0' COMMENT 'The Unix timestamp when the node was most recently saved.',
  `comment` int(11) NOT NULL DEFAULT '0' COMMENT 'Whether comments are allowed on this node: 0 = no, 1 = closed (read only), 2 = open (read/write).',
  `promote` int(11) NOT NULL DEFAULT '0' COMMENT 'Boolean indicating whether the node should be displayed on the front page.',
  `sticky` int(11) NOT NULL DEFAULT '0' COMMENT 'Boolean indicating whether the node should be displayed at the top of lists in which it appears.',
  `tnid` int(10) unsigned NOT NULL DEFAULT '0' COMMENT 'The translation set id for this node, which equals the node id of the source post in each set.',
  `translate` int(11) NOT NULL DEFAULT '0' COMMENT 'A boolean indicating whether this translation page needs to be updated.',
  PRIMARY KEY (`nid`),
  UNIQUE KEY `vid` (`vid`),
  KEY `node_changed` (`changed`),
  KEY `node_created` (`created`),
  KEY `node_frontpage` (`promote`,`status`,`sticky`,`created`),
  KEY `node_status_type` (`status`,`type`,`nid`),
  KEY `node_title_type` (`title`,`type`(4)),
  KEY `node_type` (`type`(4)),
  KEY `uid` (`uid`),
  KEY `tnid` (`tnid`),
  KEY `translate` (`translate`),
  KEY `language` (`language`)
) ENGINE=InnoDB AUTO_INCREMENT=359 DEFAULT CHARSET=utf8 COMMENT='The base table for nodes.';

--
-- Dumping data for table `node`
--

INSERT INTO `node` VALUES (115,115,'basic_page','und','About Keepsake',8,1,1403110880,1457724460,0,0,0,0,0),(116,116,'basic_page','und','Testimonials',8,1,1403111000,1490815834,0,0,0,0,0),(117,117,'basic_page','und','Home',8,1,1403111364,1457975466,0,0,0,0,0),(118,118,'webform','und','Contact',8,1,1403112064,1457724575,0,1,0,0,0),(119,119,'basic_page','und','Services & Rates ',8,1,1403113925,1490822626,0,0,0,0,0),(121,121,'gallery','und','Portfolio',0,1,1403289191,1425591439,0,0,0,0,0),(291,291,'basic_page','und','Special Occasions',0,1,1429289907,1480375087,0,0,0,0,0),(358,358,'simple_image_slider','und','Kmcs slider',1,1,1450385820,1455045388,0,1,0,0,0);

--
-- Table structure for table `node_access`
--

CREATE TABLE `node_access` (
  `nid` int(10) unsigned NOT NULL DEFAULT '0' COMMENT 'The node.nid this record affects.',
  `gid` int(10) unsigned NOT NULL DEFAULT '0' COMMENT 'The grant ID a user must possess in the specified realm to gain this row’s privileges on the node.',
  `realm` varchar(255) NOT NULL DEFAULT '' COMMENT 'The realm in which the user must possess the grant ID. Each node access node can define one or more realms.',
  `grant_view` tinyint(3) unsigned NOT NULL DEFAULT '0' COMMENT 'Boolean indicating whether a user with the realm/grant pair can view this node.',
  `grant_update` tinyint(3) unsigned NOT NULL DEFAULT '0' COMMENT 'Boolean indicating whether a user with the realm/grant pair can edit this node.',
  `grant_delete` tinyint(3) unsigned NOT NULL DEFAULT '0' COMMENT 'Boolean indicating whether a user with the realm/grant pair can delete this node.',
  PRIMARY KEY (`nid`,`gid`,`realm`)
) ENGINE=InnoDB DEFAULT CHARSET=utf8 COMMENT='Identifies which realm/grant pairs a user must possess in...';

--
-- Dumping data for table `node_access`
--

INSERT INTO `node_access` VALUES (0,0,'all',1,0,0);

--
-- Table structure for table `node_revision`
--

CREATE TABLE `node_revision` (
  `nid` int(10) unsigned NOT NULL DEFAULT '0' COMMENT 'The node this version belongs to.',
  `vid` int(10) unsigned NOT NULL AUTO_INCREMENT COMMENT 'The primary identifier for this version.',
  `uid` int(11) NOT NULL DEFAULT '0' COMMENT 'The users.uid that created this version.',
  `title` varchar(255) NOT NULL DEFAULT '' COMMENT 'The title of this version.',
  `log` longtext NOT NULL COMMENT 'The log entry explaining the changes in this version.',
  `timestamp` int(11) NOT NULL DEFAULT '0' COMMENT 'A Unix timestamp indicating when this version was created.',
  `status` int(11) NOT NULL DEFAULT '1' COMMENT 'Boolean indicating whether the node (at the time of this revision) is published (visible to non-administrators).',
  `comment` int(11) NOT NULL DEFAULT '0' COMMENT 'Whether comments are allowed on this node (at the time of this revision): 0 = no, 1 = closed (read only), 2 = open (read/write).',
  `promote` int(11) NOT NULL DEFAULT '0' COMMENT 'Boolean indicating whether the node (at the time of this revision) should be displayed on the front page.',
  `sticky` int(11) NOT NULL DEFAULT '0' COMMENT 'Boolean indicating whether the node (at the time of this revision) should be displayed at the top of lists in which it appears.',
  PRIMARY KEY (`vid`),
  KEY `nid` (`nid`),
  KEY `uid` (`uid`)
) ENGINE=InnoDB AUTO_INCREMENT=359 DEFAULT CHARSET=utf8 COMMENT='Stores information about each saved version of a node.';

--
-- Dumping data for table `node_revision`
--

INSERT INTO `node_revision` VALUES (115,115,8,'About Keepsake','',1457724460,1,0,0,0),(116,116,65,'Testimonials','',1490815834,1,0,0,0),(117,117,8,'Home','',1457975466,1,0,0,0),(118,118,8,'Contact','',1457724575,1,0,1,0),(119,119,65,'Services & Rates ','',1490822626,1,0,0,0),(121,121,8,'Portfolio','',1425591439,1,0,0,0),(291,291,8,'Special Occasions','',1480375087,1,0,0,0),(358,358,1,'Kmcs slider','',1455045388,1,0,1,0);

--
-- Table structure for table `node_type`
--

CREATE TABLE `node_type` (
  `type` varchar(32) NOT NULL COMMENT 'The machine-readable name of this type.',
  `name` varchar(255) NOT NULL DEFAULT '' COMMENT 'The human-readable name of this type.',
  `base` varchar(255) NOT NULL COMMENT 'The base string used to construct callbacks corresponding to this node type.',
  `module` varchar(255) NOT NULL COMMENT 'The module defining this node type.',
  `description` mediumtext NOT NULL COMMENT 'A brief description of this type.',
  `help` mediumtext NOT NULL COMMENT 'Help information shown to the user when creating a node of this type.',
  `has_title` tinyint(3) unsigned NOT NULL COMMENT 'Boolean indicating whether this type uses the node.title field.',
  `title_label` varchar(255) NOT NULL DEFAULT '' COMMENT 'The label displayed for the title field on the edit form.',
  `custom` tinyint(4) NOT NULL DEFAULT '0' COMMENT 'A boolean indicating whether this type is defined by a module (FALSE) or by a user via Add content type (TRUE).',
  `modified` tinyint(4) NOT NULL DEFAULT '0' COMMENT 'A boolean indicating whether this type has been modified by an administrator; currently not used in any way.',
  `locked` tinyint(4) NOT NULL DEFAULT '0' COMMENT 'A boolean indicating whether the administrator can change the machine name of this type.',
  `disabled` tinyint(4) NOT NULL DEFAULT '0' COMMENT 'A boolean indicating whether the node type is disabled.',
  `orig_type` varchar(255) NOT NULL DEFAULT '' COMMENT 'The original machine-readable name of this node type. This may be different from the current type name if the locked field is 0.',
  PRIMARY KEY (`type`)
) ENGINE=InnoDB DEFAULT CHARSET=utf8 COMMENT='Stores information about all defined node types.';

--
-- Dumping data for table `node_type`
--

INSERT INTO `node_type` VALUES ('articles','Articles','node_content','node','An article content type','',1,'Title',1,1,0,0,'articles'),('basic_page','Basic page','node_content','node','','',1,'Title',1,1,0,0,'basic_page'),('bootstrap_carousel','Carousel','node_content','bootstrap_carousel','Create a new Carousel using Bootstrap Javascript.','',1,'Carousel Title',0,1,1,0,'bootstrap_carousel'),('carousel','Carousel Content','node_content','node','A carousel for bootstrap themes','',1,'Title',1,1,0,0,'carousel'),('events','Events','node_content','node','A content type for events','',1,'Title',1,1,0,0,'events'),('gallery','Gallery','node_content','node','Basic Image Gallery','',1,'Title',1,1,0,0,'gallery'),('left_sidebar','Left Sidebar','node_content','node','Content for the left sidebar','',1,'Title',1,1,0,0,'left_sidebar'),('listing','Listing','node_content','node','','Business or entity name',1,'Name',1,1,0,0,'listing'),('panel','Panel','panels_node_hook','panels_node','A panel layout broken up into rows and columns.','',1,'Title',0,0,1,1,'panel'),('right_sidebar','Right Sidebar','node_content','node','For content you want to appear in the right sidebar.','',1,'Title',1,1,0,0,'right_sidebar'),('simple_image_slider','Simple image Slider','node_content','node','Content for a simple image slider','',1,'Title',1,1,0,0,'simple_image_slider'),('webform','Webform','node_content','node','Create a new form or questionnaire accessible to users. Submission results and statistics are recorded and accessible to privileged users.','',1,'Title',1,1,0,0,'webform');

--
-- Table structure for table `queue`
--

CREATE TABLE `queue` (
  `item_id` int(10) unsigned NOT NULL AUTO_INCREMENT COMMENT 'Primary Key: Unique item ID.',
  `name` varchar(255) NOT NULL DEFAULT '' COMMENT 'The queue name.',
  `data` longblob COMMENT 'The arbitrary data for the item.',
  `expire` int(11) NOT NULL DEFAULT '0' COMMENT 'Timestamp when the claim lease expires on the item.',
  `created` int(11) NOT NULL DEFAULT '0' COMMENT 'Timestamp when the item was created.',
  PRIMARY KEY (`item_id`),
  KEY `name_created` (`name`,`created`),
  KEY `expire` (`expire`)
) ENGINE=InnoDB DEFAULT CHARSET=utf8 COMMENT='Stores items in queues.';

--
-- Dumping data for table `queue`
--


--
-- Table structure for table `rdf_mapping`
--

CREATE TABLE `rdf_mapping` (
  `type` varchar(128) NOT NULL COMMENT 'The name of the entity type a mapping applies to (node, user, comment, etc.).',
  `bundle` varchar(128) NOT NULL COMMENT 'The name of the bundle a mapping applies to.',
  `mapping` longblob COMMENT 'The serialized mapping of the bundle type and fields to RDF terms.',
  PRIMARY KEY (`type`,`bundle`)
) ENGINE=InnoDB DEFAULT CHARSET=utf8 COMMENT='Stores custom RDF mappings for user defined content types...';

--
-- Dumping data for table `rdf_mapping`
--


--
-- Table structure for table `registry`
--

CREATE TABLE `registry` (
  `name` varchar(255) NOT NULL DEFAULT '' COMMENT 'The name of the function, class, or interface.',
  `type` varchar(9) NOT NULL DEFAULT '' COMMENT 'Either function or class or interface.',
  `filename` varchar(255) NOT NULL COMMENT 'Name of the file.',
  `module` varchar(255) NOT NULL DEFAULT '' COMMENT 'Name of the module the file belongs to.',
  `weight` int(11) NOT NULL DEFAULT '0' COMMENT 'The order in which this module’s hooks should be invoked relative to other modules. Equal-weighted modules are ordered by name.',
  PRIMARY KEY (`name`,`type`),
  KEY `hook` (`type`,`weight`,`module`)
) ENGINE=InnoDB DEFAULT CHARSET=utf8 COMMENT='Each record is a function, class, or interface name and...';

--
-- Dumping data for table `registry`
--

INSERT INTO `registry` VALUES ('AccessDeniedTestCase','class','modules/system/system.test','system',0),('AddFeedTestCase','class','modules/aggregator/aggregator.test','aggregator',0),('AdminMetaTagTestCase','class','modules/system/system.test','system',0),('AggregatorConfigurationTestCase','class','modules/aggregator/aggregator.test','aggregator',0),('AggregatorCronTestCase','class','modules/aggregator/aggregator.test','aggregator',0),('AggregatorRenderingTestCase','class','modules/aggregator/aggregator.test','aggregator',0),('AggregatorTestCase','class','modules/aggregator/aggregator.test','aggregator',0),('ArchiverInterface','interface','includes/archiver.inc','',0),('ArchiverTar','class','modules/system/system.archiver.inc','system',0),('ArchiverZip','class','modules/system/system.archiver.inc','system',0),('Archive_Tar','class','modules/system/system.tar.inc','system',0),('backup_migrate_destination','class','sites/all/modules/backup_migrate/includes/destinations.inc','backup_migrate',0),('backup_migrate_destination_remote','class','sites/all/modules/backup_migrate/includes/destinations.inc','backup_migrate',0),('backup_migrate_profile','class','sites/all/modules/backup_migrate/includes/profiles.inc','backup_migrate',0),('backup_migrate_schedule','class','sites/all/modules/backup_migrate/includes/schedules.inc','backup_migrate',0),('BatchMemoryQueue','class','includes/batch.queue.inc','',0),('BatchQueue','class','includes/batch.queue.inc','',0),('BlockAdminThemeTestCase','class','modules/block/block.test','block',-5),('BlockCacheTestCase','class','modules/block/block.test','block',-5),('BlockHashTestCase','class','modules/block/block.test','block',-5),('BlockHiddenRegionTestCase','class','modules/block/block.test','block',-5),('BlockHTMLIdTestCase','class','modules/block/block.test','block',-5),('BlockInvalidRegionTestCase','class','modules/block/block.test','block',-5),('BlockTemplateSuggestionsUnitTest','class','modules/block/block.test','block',-5),('BlockTestCase','class','modules/block/block.test','block',-5),('BlockViewModuleDeltaAlterWebTest','class','modules/block/block.test','block',-5),('calendar_plugin_row','class','sites/all/modules/calendar/includes/calendar_plugin_row.inc','calendar',0),('calendar_plugin_style','class','sites/all/modules/calendar/includes/calendar_plugin_style.inc','calendar',0),('CategorizeFeedItemTestCase','class','modules/aggregator/aggregator.test','aggregator',0),('CategorizeFeedTestCase','class','modules/aggregator/aggregator.test','aggregator',0),('ChecklistapiChecklist','class','sites/all/modules/checklistapi/lib/Drupal/checklistapi/ChecklistapiChecklist.php','checklistapi',0),('ChecklistapiUnitTestCase','class','sites/all/modules/checklistapi/tests/checklistapi.test','checklistapi',0),('ChecklistapiWebTestCase','class','sites/all/modules/checklistapi/tests/checklistapi.test','checklistapi',0),('colorbox_handler_field_colorbox','class','sites/all/modules/colorbox/views/colorbox_handler_field_colorbox.inc','colorbox',0),('ColorTestCase','class','modules/color/color.test','color',0),('ConfirmFormTest','class','modules/system/system.test','system',0),('ContextualDynamicContextTestCase','class','modules/contextual/contextual.test','contextual',0),('CowInstanceTest','class','sites/all/modules/location/tests/cow.test','location',0),('CronQueueTestCase','class','modules/system/system.test','system',0),('CronRunTestCase','class','modules/system/system.test','system',0),('CToolsCssCache','class','sites/all/modules/ctools/includes/css-cache.inc','ctools',0),('CtoolsObjectCache','class','sites/all/modules/ctools/tests/css_cache.test','ctools',0),('ctools_context','class','sites/all/modules/ctools/includes/context.inc','ctools',0),('ctools_context_optional','class','sites/all/modules/ctools/includes/context.inc','ctools',0),('ctools_context_required','class','sites/all/modules/ctools/includes/context.inc','ctools',0),('ctools_export_ui','class','sites/all/modules/ctools/plugins/export_ui/ctools_export_ui.class.php','ctools',0),('ctools_math_expr','class','sites/all/modules/ctools/includes/math-expr.inc','ctools',0),('ctools_math_expr_stack','class','sites/all/modules/ctools/includes/math-expr.inc','ctools',0),('ctools_stylizer_image_processor','class','sites/all/modules/ctools/includes/stylizer.inc','ctools',0),('Database','class','includes/database/database.inc','',0),('DatabaseCondition','class','includes/database/query.inc','',0),('DatabaseConnection','class','includes/database/database.inc','',0),('DatabaseConnectionNotDefinedException','class','includes/database/database.inc','',0),('DatabaseConnection_mysql','class','includes/database/mysql/database.inc','',0),('DatabaseConnection_pgsql','class','includes/database/pgsql/database.inc','',0),('DatabaseConnection_sqlite','class','includes/database/sqlite/database.inc','',0),('DatabaseDriverNotSpecifiedException','class','includes/database/database.inc','',0),('DatabaseLog','class','includes/database/log.inc','',0),('DatabaseSchema','class','includes/database/schema.inc','',0),('DatabaseSchemaObjectDoesNotExistException','class','includes/database/schema.inc','',0),('DatabaseSchemaObjectExistsException','class','includes/database/schema.inc','',0),('DatabaseSchema_mysql','class','includes/database/mysql/schema.inc','',0),('DatabaseSchema_pgsql','class','includes/database/pgsql/schema.inc','',0),('DatabaseSchema_sqlite','class','includes/database/sqlite/schema.inc','',0),('DatabaseStatementBase','class','includes/database/database.inc','',0),('DatabaseStatementEmpty','class','includes/database/database.inc','',0),('DatabaseStatementInterface','interface','includes/database/database.inc','',0),('DatabaseStatementPrefetch','class','includes/database/prefetch.inc','',0),('DatabaseStatement_sqlite','class','includes/database/sqlite/database.inc','',0),('DatabaseTaskException','class','includes/install.inc','',0),('DatabaseTasks','class','includes/install.inc','',0),('DatabaseTasks_mysql','class','includes/database/mysql/install.inc','',0),('DatabaseTasks_pgsql','class','includes/database/pgsql/install.inc','',0),('DatabaseTasks_sqlite','class','includes/database/sqlite/install.inc','',0),('DatabaseTransaction','class','includes/database/database.inc','',0),('DatabaseTransactionCommitFailedException','class','includes/database/database.inc','',0),('DatabaseTransactionExplicitCommitNotAllowedException','class','includes/database/database.inc','',0),('DatabaseTransactionNameNonUniqueException','class','includes/database/database.inc','',0),('DatabaseTransactionNoActiveException','class','includes/database/database.inc','',0),('DatabaseTransactionOutOfOrderException','class','includes/database/database.inc','',0),('DateAPITestCase','class','sites/all/modules/date/tests/date_api.test','date',0),('DateFieldBasic','class','sites/all/modules/date/tests/date_field.test','date',0),('DateFieldTestCase','class','sites/all/modules/date/tests/date_field.test','date',0),('DateMigrateExampleUnitTest','class','sites/all/modules/date/tests/date_migrate.test','date',0),('DateMigrateFieldHandler','class','sites/all/modules/date/date.migrate.inc','date',0),('DateObject','class','sites/all/modules/date/date_api/date_api.module','date_api',0),('DateTimeFunctionalTest','class','modules/system/system.test','system',0),('DateTimezoneTestCase','class','sites/all/modules/date/tests/date_timezone.test','date',0),('DateUITestCase','class','sites/all/modules/date/tests/date.test','date',0),('DateValidationTestCase','class','sites/all/modules/date/tests/date_validation.test','date',0),('DateViewsPopupTestCase','class','sites/all/modules/date/tests/date_views_popup.test','date',0),('date_sql_handler','class','sites/all/modules/date/date_api/date_api_sql.inc','date_api',0),('date_views_argument_handler','class','sites/all/modules/date/date_views/includes/date_views_argument_handler.inc','date_views',0),('date_views_argument_handler_simple','class','sites/all/modules/date/date_views/includes/date_views_argument_handler_simple.inc','date_views',0),('date_views_filter_handler','class','sites/all/modules/date/date_views/includes/date_views_filter_handler.inc','date_views',0),('date_views_filter_handler_simple','class','sites/all/modules/date/date_views/includes/date_views_filter_handler_simple.inc','date_views',0),('date_views_plugin_pager','class','sites/all/modules/date/date_views/includes/date_views_plugin_pager.inc','date_views',0),('DefaultMailSystem','class','modules/system/system.mail.inc','system',0),('DeleteQuery','class','includes/database/query.inc','',0),('DeleteQuery_sqlite','class','includes/database/sqlite/query.inc','',0),('DrupalCacheArray','class','includes/bootstrap.inc','',0),('DrupalCacheInterface','interface','includes/cache.inc','',0),('DrupalDatabaseCache','class','includes/cache.inc','',0),('DrupalDateIntervalMetaTag','class','sites/all/modules/metatag/metatag.inc','metatag',0),('DrupalDefaultEntityController','class','includes/entity.inc','',0),('DrupalDefaultMetaTag','class','sites/all/modules/metatag/metatag.inc','metatag',0),('DrupalEntityControllerInterface','interface','includes/entity.inc','',0),('DrupalFakeCache','class','includes/cache-install.inc','',0),('DrupalLinkMetaTag','class','sites/all/modules/metatag/metatag.inc','metatag',0),('DrupalListMetaTag','class','sites/all/modules/metatag/metatag.inc','metatag',0),('DrupalLocalStreamWrapper','class','includes/stream_wrappers.inc','',0),('DrupalMetaTagInterface','interface','sites/all/modules/metatag/metatag.inc','metatag',0),('DrupalPrivateStreamWrapper','class','includes/stream_wrappers.inc','',0),('DrupalPublicStreamWrapper','class','includes/stream_wrappers.inc','',0),('DrupalQueue','class','modules/system/system.queue.inc','system',0),('DrupalQueueInterface','interface','modules/system/system.queue.inc','system',0),('DrupalReliableQueueInterface','interface','modules/system/system.queue.inc','system',0),('DrupalSetMessageTest','class','modules/system/system.test','system',0),('DrupalStreamWrapperInterface','interface','includes/stream_wrappers.inc','',0),('DrupalTemporaryStreamWrapper','class','includes/stream_wrappers.inc','',0),('DrupalTextMetaTag','class','sites/all/modules/metatag/metatag.inc','metatag',0),('DrupalTitleMetaTag','class','sites/all/modules/metatag/metatag.inc','metatag',0),('DrupalUpdateException','class','includes/update.inc','',0),('DrupalUpdaterInterface','interface','includes/updater.inc','',0),('dsBaseTest','class','sites/all/modules/ds/tests/ds.base.test','ds',0),('dsExportablesTests','class','sites/all/modules/ds/tests/ds.exportables.test','ds',0),('dsFieldPermissionTests','class','sites/all/modules/ds/tests/ds.base.test','ds',0),('dsFieldsTests','class','sites/all/modules/ds/tests/ds.base.test','ds',0),('dsFormTests','class','sites/all/modules/ds/tests/ds.forms.test','ds',0),('dsHooksTests','class','sites/all/modules/ds/tests/ds.base.test','ds',0),('dsLayoutsClassesTests','class','sites/all/modules/ds/tests/ds.base.test','ds',0),('dsNodeTests','class','sites/all/modules/ds/tests/ds.entities.test','ds',1),('dsSearchTests','class','sites/all/modules/ds/tests/ds.search.test','ds',0),('dsViewModesTests','class','sites/all/modules/ds/tests/ds.base.test','ds',0),('dsViewsTests','class','sites/all/modules/ds/tests/ds.views.test','ds',0),('EnableDisableTestCase','class','modules/system/system.test','system',0),('Entity','class','sites/all/modules/entity/includes/entity.inc','entity',0),('EntityAPICommentNodeAccessTestCase','class','sites/all/modules/entity/entity.test','entity',0),('EntityAPIController','class','sites/all/modules/entity/includes/entity.controller.inc','entity',0),('EntityAPIControllerExportable','class','sites/all/modules/entity/includes/entity.controller.inc','entity',0),('EntityAPIControllerInterface','interface','sites/all/modules/entity/includes/entity.controller.inc','entity',0),('EntityAPIControllerRevisionableInterface','interface','sites/all/modules/entity/includes/entity.controller.inc','entity',0),('EntityAPIi18nItegrationTestCase','class','sites/all/modules/entity/entity.test','entity',0),('EntityAPIRulesIntegrationTestCase','class','sites/all/modules/entity/entity.test','entity',0),('EntityAPITestCase','class','sites/all/modules/entity/entity.test','entity',0),('EntityBundleableUIController','class','sites/all/modules/entity/includes/entity.ui.inc','entity',0),('EntityContentUIController','class','sites/all/modules/entity/includes/entity.ui.inc','entity',0),('EntityDB','class','sites/all/modules/entity/includes/entity.inc','entity',0),('EntityDBExtendable','class','sites/all/modules/entity/includes/entity.inc','entity',0),('EntityDefaultExtraFieldsController','class','sites/all/modules/entity/entity.info.inc','entity',0),('EntityDefaultFeaturesController','class','sites/all/modules/entity/entity.features.inc','entity',0),('EntityDefaultI18nStringController','class','sites/all/modules/entity/entity.i18n.inc','entity',0),('EntityDefaultMetadataController','class','sites/all/modules/entity/entity.info.inc','entity',0),('EntityDefaultRulesController','class','sites/all/modules/entity/entity.rules.inc','entity',0),('EntityDefaultUIController','class','sites/all/modules/entity/includes/entity.ui.inc','entity',0),('EntityDefaultViewsController','class','sites/all/modules/entity/views/entity.views.inc','entity',0),('EntityDrupalWrapper','class','sites/all/modules/entity/includes/entity.wrapper.inc','entity',0),('EntityExtendable','class','sites/all/modules/entity/includes/entity.inc','entity',0),('EntityExtraFieldsControllerInterface','interface','sites/all/modules/entity/entity.info.inc','entity',0),('EntityFieldHandlerHelper','class','sites/all/modules/entity/views/handlers/entity_views_field_handler_helper.inc','entity',0),('EntityFieldQuery','class','includes/entity.inc','',0),('EntityFieldQueryException','class','includes/entity.inc','',0),('EntityInterface','interface','sites/all/modules/entity/includes/entity.inc','entity',0),('EntityListWrapper','class','sites/all/modules/entity/includes/entity.wrapper.inc','entity',0),('EntityMalformedException','class','includes/entity.inc','',0),('EntityMetadataArrayObject','class','sites/all/modules/entity/includes/entity.wrapper.inc','entity',0),('EntityMetadataIntegrationTestCase','class','sites/all/modules/entity/entity.test','entity',0),('EntityMetadataNodeAccessTestCase','class','sites/all/modules/entity/entity.test','entity',0),('EntityMetadataNodeCreateAccessTestCase','class','sites/all/modules/entity/entity.test','entity',0),('EntityMetadataNodeRevisionAccessTestCase','class','sites/all/modules/entity/entity.test','entity',0),('EntityMetadataTestCase','class','sites/all/modules/entity/entity.test','entity',0),('EntityMetadataWrapper','class','sites/all/modules/entity/includes/entity.wrapper.inc','entity',0),('EntityMetadataWrapperException','class','sites/all/modules/entity/includes/entity.wrapper.inc','entity',0),('EntityMetadataWrapperIterator','class','sites/all/modules/entity/includes/entity.wrapper.inc','entity',0),('EntityPropertiesTestCase','class','modules/field/tests/field.test','field',0),('EntityStructureWrapper','class','sites/all/modules/entity/includes/entity.wrapper.inc','entity',0),('EntityTokenTestCase','class','sites/all/modules/entity/entity.test','entity',0),('EntityValueWrapper','class','sites/all/modules/entity/includes/entity.wrapper.inc','entity',0),('EntityWebTestCase','class','sites/all/modules/entity/entity.test','entity',0),('entity_views_handler_area_entity','class','sites/all/modules/entity/views/handlers/entity_views_handler_area_entity.inc','entity',0),('entity_views_handler_field_boolean','class','sites/all/modules/entity/views/handlers/entity_views_handler_field_boolean.inc','entity',0),('entity_views_handler_field_date','class','sites/all/modules/entity/views/handlers/entity_views_handler_field_date.inc','entity',0),('entity_views_handler_field_duration','class','sites/all/modules/entity/views/handlers/entity_views_handler_field_duration.inc','entity',0),('entity_views_handler_field_entity','class','sites/all/modules/entity/views/handlers/entity_views_handler_field_entity.inc','entity',0),('entity_views_handler_field_field','class','sites/all/modules/entity/views/handlers/entity_views_handler_field_field.inc','entity',0),('entity_views_handler_field_numeric','class','sites/all/modules/entity/views/handlers/entity_views_handler_field_numeric.inc','entity',0),('entity_views_handler_field_options','class','sites/all/modules/entity/views/handlers/entity_views_handler_field_options.inc','entity',0),('entity_views_handler_field_text','class','sites/all/modules/entity/views/handlers/entity_views_handler_field_text.inc','entity',0),('entity_views_handler_field_uri','class','sites/all/modules/entity/views/handlers/entity_views_handler_field_uri.inc','entity',0),('entity_views_handler_relationship','class','sites/all/modules/entity/views/handlers/entity_views_handler_relationship.inc','entity',0),('entity_views_handler_relationship_by_bundle','class','sites/all/modules/entity/views/handlers/entity_views_handler_relationship_by_bundle.inc','entity',0),('entity_views_plugin_row_entity_view','class','sites/all/modules/entity/views/plugins/entity_views_plugin_row_entity_view.inc','entity',0),('FeedParserTestCase','class','modules/aggregator/aggregator.test','aggregator',0),('FieldAttachOtherTestCase','class','modules/field/tests/field.test','field',0),('FieldAttachStorageTestCase','class','modules/field/tests/field.test','field',0),('FieldAttachTestCase','class','modules/field/tests/field.test','field',0),('FieldBulkDeleteTestCase','class','modules/field/tests/field.test','field',0),('FieldCrudTestCase','class','modules/field/tests/field.test','field',0),('FieldDisplayAPITestCase','class','modules/field/tests/field.test','field',0),('FieldException','class','modules/field/field.module','field',0),('FieldFormTestCase','class','modules/field/tests/field.test','field',0),('FieldInfo','class','modules/field/field.info.class.inc','field',0),('FieldInfoTestCase','class','modules/field/tests/field.test','field',0),('FieldInstanceCrudTestCase','class','modules/field/tests/field.test','field',0),('FieldsOverlapException','class','includes/database/database.inc','',0),('FieldSqlStorageTestCase','class','modules/field/modules/field_sql_storage/field_sql_storage.test','field_sql_storage',0),('FieldTestCase','class','modules/field/tests/field.test','field',0),('FieldTranslationsTestCase','class','modules/field/tests/field.test','field',0),('FieldUIAlterTestCase','class','modules/field_ui/field_ui.test','field_ui',0),('FieldUIManageDisplayTestCase','class','modules/field_ui/field_ui.test','field_ui',0),('FieldUIManageFieldsTestCase','class','modules/field_ui/field_ui.test','field_ui',0),('FieldUITestCase','class','modules/field_ui/field_ui.test','field_ui',0),('FieldUpdateForbiddenException','class','modules/field/field.module','field',0),('FieldValidationException','class','modules/field/field.attach.inc','field',0),('FileFieldDisplayTestCase','class','modules/file/tests/file.test','file',0),('FileFieldPathTestCase','class','modules/file/tests/file.test','file',0),('FileFieldRevisionTestCase','class','modules/file/tests/file.test','file',0),('FileFieldTestCase','class','modules/file/tests/file.test','file',0),('FileFieldValidateTestCase','class','modules/file/tests/file.test','file',0),('FileFieldWidgetTestCase','class','modules/file/tests/file.test','file',0),('FileManagedFileElementTestCase','class','modules/file/tests/file.test','file',0),('FilePrivateTestCase','class','modules/file/tests/file.test','file',0),('FileTaxonomyTermTestCase','class','modules/file/tests/file.test','file',0),('FileTokenReplaceTestCase','class','modules/file/tests/file.test','file',0),('FileTransfer','class','includes/filetransfer/filetransfer.inc','',0),('FileTransferChmodInterface','interface','includes/filetransfer/filetransfer.inc','',0),('FileTransferException','class','includes/filetransfer/filetransfer.inc','',0),('FileTransferFTP','class','includes/filetransfer/ftp.inc','',0),('FileTransferFTPExtension','class','includes/filetransfer/ftp.inc','',0),('FileTransferLocal','class','includes/filetransfer/local.inc','',0),('FileTransferSSH','class','includes/filetransfer/ssh.inc','',0),('FilterAdminTestCase','class','modules/filter/filter.test','filter',0),('FilterCRUDTestCase','class','modules/filter/filter.test','filter',0),('FilterDefaultFormatTestCase','class','modules/filter/filter.test','filter',0),('FilterDOMSerializeTestCase','class','modules/filter/filter.test','filter',0),('FilterFormatAccessTestCase','class','modules/filter/filter.test','filter',0),('FilterHooksTestCase','class','modules/filter/filter.test','filter',0),('FilterNoFormatTestCase','class','modules/filter/filter.test','filter',0),('FilterSecurityTestCase','class','modules/filter/filter.test','filter',0),('FilterSettingsTestCase','class','modules/filter/filter.test','filter',0),('FilterUnitTestCase','class','modules/filter/filter.test','filter',0),('FloodFunctionalTest','class','modules/system/system.test','system',0),('FrontPageTestCase','class','modules/system/system.test','system',0),('GmapDefaults','class','sites/all/modules/gmap/lib/Drupal/gmap/GmapDefaults.php','gmap',0),('GmapDefaultsTestCase','class','sites/all/modules/gmap/tests/oopmigration.test','gmap',0),('GMapMacroTest','class','sites/all/modules/gmap/tests/gmap.test','gmap',0),('GmapMacroToolbox','class','sites/all/modules/gmap/lib/Drupal/gmap/GmapMacroToolbox.php','gmap',0),('GmapMacroToolboxTestCase','class','sites/all/modules/gmap/tests/oopmigration.test','gmap',0),('GmapPolylineToolbox','class','sites/all/modules/gmap/lib/Drupal/gmap/GmapPolylineToolbox.php','gmap',0),('GmapPolylineToolboxTestCase','class','sites/all/modules/gmap/tests/oopmigration.test','gmap',0),('GMapSimpleAPITest','class','sites/all/modules/gmap/tests/gmap.test','gmap',0),('gmap_plugin_style_gmap','class','sites/all/modules/gmap/gmap_plugin_style_gmap.inc','gmap',0),('gmap_plugin_style_gmapextended','class','sites/all/modules/gmap/gmap_plugin_style_gmapextended.inc','gmap',0),('GoogleAnalyticsBasicTest','class','sites/all/modules/google_analytics/googleanalytics.test','googleanalytics',0),('GoogleAnalyticsCustomDimensionsAndMetricsTest','class','sites/all/modules/google_analytics/googleanalytics.test','googleanalytics',0),('GoogleAnalyticsPhpFilterTest','class','sites/all/modules/google_analytics/googleanalytics.test','googleanalytics',0),('GoogleAnalyticsRolesTest','class','sites/all/modules/google_analytics/googleanalytics.test','googleanalytics',0),('GoogleAnalyticsSearchTest','class','sites/all/modules/google_analytics/googleanalytics.test','googleanalytics',0),('GoogleAnalyticsStatusMessagesTest','class','sites/all/modules/google_analytics/googleanalytics.test','googleanalytics',0),('HookRequirementsTestCase','class','modules/system/system.test','system',0),('ImageAdminStylesUnitTest','class','modules/image/image.test','image',0),('ImageAdminUiTestCase','class','modules/image/image.test','image',0),('ImageDimensionsScaleTestCase','class','modules/image/image.test','image',0),('ImageDimensionsTestCase','class','modules/image/image.test','image',0),('ImageEffectsUnitTest','class','modules/image/image.test','image',0),('ImageFieldDefaultImagesTestCase','class','modules/image/image.test','image',0),('ImageFieldDisplayTestCase','class','modules/image/image.test','image',0),('ImageFieldTestCase','class','modules/image/image.test','image',0),('ImageFieldValidateTestCase','class','modules/image/image.test','image',0),('ImageStyleFlushTest','class','modules/image/image.test','image',0),('ImageStylesPathAndUrlTestCase','class','modules/image/image.test','image',0),('ImageThemeFunctionWebTestCase','class','modules/image/image.test','image',0),('ImportOPMLTestCase','class','modules/aggregator/aggregator.test','aggregator',0),('InfoFileParserTestCase','class','modules/system/system.test','system',0),('InsertQuery','class','includes/database/query.inc','',0),('InsertQuery_mysql','class','includes/database/mysql/query.inc','',0),('InsertQuery_pgsql','class','includes/database/pgsql/query.inc','',0),('InsertQuery_sqlite','class','includes/database/sqlite/query.inc','',0),('InvalidMergeQueryException','class','includes/database/database.inc','',0),('IPAddressBlockingTestCase','class','modules/system/system.test','system',0),('LGFATestCase','class','sites/all/modules/gmap/tests/gmap.test','gmap',0),('LibrariesTestCase','class','sites/all/modules/libraries/tests/libraries.test','libraries',0),('LibrariesUnitTestCase','class','sites/all/modules/libraries/tests/libraries.test','libraries',0),('ListDynamicValuesTestCase','class','modules/field/modules/list/tests/list.test','list',0),('ListDynamicValuesValidationTestCase','class','modules/field/modules/list/tests/list.test','list',0),('ListFieldTestCase','class','modules/field/modules/list/tests/list.test','list',0),('ListFieldUITestCase','class','modules/field/modules/list/tests/list.test','list',0),('LocationCCK2Test','class','sites/all/modules/location/tests/location_cck2.test','location',0),('LocationCCKTest','class','sites/all/modules/location/tests/location_cck.test','location',0),('LocationEarthTest','class','sites/all/modules/location/tests/earth.test','location',0),('LocationGoogleGeocoderTest','class','sites/all/modules/location/tests/google_geocoder.test','location',0),('LocationTestCase','class','sites/all/modules/location/tests/location_testcase.test','location',0),('location_handler_argument_location_country','class','sites/all/modules/location/handlers/location_handler_argument_location_country.inc','location',0),('location_handler_argument_location_province','class','sites/all/modules/location/handlers/location_handler_argument_location_province.inc','location',0),('location_handler_argument_location_proximity','class','sites/all/modules/location/handlers/location_handler_argument_location_proximity.inc','location',0),('location_handler_field_location_additional','class','sites/all/modules/location/handlers/location_handler_field_location_additional.inc','location',0),('location_handler_field_location_address','class','sites/all/modules/location/handlers/location_handler_field_location_address.inc','location',0),('location_handler_field_location_country','class','sites/all/modules/location/handlers/location_handler_field_location_country.inc','location',0),('location_handler_field_location_distance','class','sites/all/modules/location/handlers/location_handler_field_location_distance.inc','location',0),('location_handler_field_location_province','class','sites/all/modules/location/handlers/location_handler_field_location_province.inc','location',0),('location_handler_field_location_street','class','sites/all/modules/location/handlers/location_handler_field_location_street.inc','location',0),('location_handler_filter_location_country','class','sites/all/modules/location/handlers/location_handler_filter_location_country.inc','location',0),('location_handler_filter_location_province','class','sites/all/modules/location/handlers/location_handler_filter_location_province.inc','location',0),('location_handler_sort_location_country','class','sites/all/modules/location/handlers/location_handler_sort_location_country.inc','location',0),('location_handler_sort_location_distance','class','sites/all/modules/location/handlers/location_handler_sort_location_distance.inc','location',0),('location_views_handler_field_coordinates','class','sites/all/modules/location/handlers/location_views_handler_field_coordinates.inc','location',0),('location_views_handler_field_latitude','class','sites/all/modules/location/handlers/location_views_handler_field_latitude.inc','location',0),('location_views_handler_field_longitude','class','sites/all/modules/location/handlers/location_views_handler_field_longitude.inc','location',0),('location_views_handler_filter_proximity','class','sites/all/modules/location/handlers/location_views_handler_filter_proximity.inc','location',0),('MailSystemInterface','interface','includes/mail.inc','',0),('MemoryQueue','class','modules/system/system.queue.inc','system',0),('MenuNodeTestCase','class','modules/menu/menu.test','menu',0),('MenuTestCase','class','modules/menu/menu.test','menu',0),('MergeQuery','class','includes/database/query.inc','',0),('MetatagCoreImageTest','class','sites/all/modules/metatag/tests/metatag.image.test','metatag',0),('MetatagCoreLocaleTest','class','sites/all/modules/metatag/tests/metatag.locale.test','metatag',0),('MetatagCoreNodeTest','class','sites/all/modules/metatag/tests/metatag.node.test','metatag',0),('MetatagCoreStringHandlingTest','class','sites/all/modules/metatag/tests/metatag.string_handling.test','metatag',0),('MetatagCoreStringHandlingWithI18nTest','class','sites/all/modules/metatag/tests/metatag.string_handling_with_i18n.test','metatag',0),('MetatagCoreTagRemovalTest','class','sites/all/modules/metatag/tests/metatag.core_tag_removal.test','metatag',0),('MetatagCoreTermTest','class','sites/all/modules/metatag/tests/metatag.term.test','metatag',0),('MetatagCoreUnitTest','class','sites/all/modules/metatag/tests/metatag.unit.test','metatag',0),('MetatagCoreUserTest','class','sites/all/modules/metatag/tests/metatag.user.test','metatag',0),('MetatagCoreWithI18nConfigTest','class','sites/all/modules/metatag/tests/metatag.with_i18n_config.test','metatag',0),('MetatagCoreWithI18nDisabledTest','class','sites/all/modules/metatag/tests/metatag.with_i18n_disabled.test','metatag',0),('MetatagCoreWithI18nNodeTest','class','sites/all/modules/metatag/tests/metatag.with_i18n_node.test','metatag',0),('MetatagCoreWithI18nOutputTest','class','sites/all/modules/metatag/tests/metatag.with_i18n_output.test','metatag',0),('MetatagCoreWithPanelsTest','class','sites/all/modules/metatag/tests/metatag.with_panels.test','metatag',0),('MetatagCoreWithViewsTest','class','sites/all/modules/metatag/tests/metatag.with_views.test','metatag',0),('MetatagTestHelper','class','sites/all/modules/metatag/tests/metatag.helper.test','metatag',0),('MigrateLocationFieldHandler','class','sites/all/modules/location/location.migrate.inc','location',0),('MigrateMetatagHandler','class','sites/all/modules/metatag/metatag.migrate.inc','metatag',0),('ModuleDependencyTestCase','class','modules/system/system.test','system',0),('ModuleRequiredTestCase','class','modules/system/system.test','system',0),('ModuleTestCase','class','modules/system/system.test','system',0),('ModuleUpdater','class','modules/system/system.updater.inc','system',0),('ModuleVersionTestCase','class','modules/system/system.test','system',0),('MultiStepNodeFormBasicOptionsTest','class','modules/node/node.test','node',0),('NewDefaultThemeBlocks','class','modules/block/block.test','block',-5),('NodeAccessBaseTableTestCase','class','modules/node/node.test','node',0),('NodeAccessFieldTestCase','class','modules/node/node.test','node',0),('NodeAccessPagerTestCase','class','modules/node/node.test','node',0),('NodeAccessRebuildTestCase','class','modules/node/node.test','node',0),('NodeAccessRecordsTestCase','class','modules/node/node.test','node',0),('NodeAccessTestCase','class','modules/node/node.test','node',0),('NodeAdminTestCase','class','modules/node/node.test','node',0),('NodeBlockFunctionalTest','class','modules/node/node.test','node',0),('NodeBlockTestCase','class','modules/node/node.test','node',0),('NodeBuildContent','class','modules/node/node.test','node',0),('NodeController','class','modules/node/node.module','node',0),('NodeCreationTestCase','class','modules/node/node.test','node',0),('NodeEntityFieldQueryAlter','class','modules/node/node.test','node',0),('NodeEntityViewModeAlterTest','class','modules/node/node.test','node',0),('NodeFeedTestCase','class','modules/node/node.test','node',0),('NodeLoadHooksTestCase','class','modules/node/node.test','node',0),('NodeLoadMultipleTestCase','class','modules/node/node.test','node',0),('NodePageCacheTest','class','modules/node/node.test','node',0),('NodePostSettingsTestCase','class','modules/node/node.test','node',0),('NodeQueryAlter','class','modules/node/node.test','node',0),('NodeRevisionPermissionsTestCase','class','modules/node/node.test','node',0),('NodeRevisionsTestCase','class','modules/node/node.test','node',0),('NodeRSSContentTestCase','class','modules/node/node.test','node',0),('NodeSaveTestCase','class','modules/node/node.test','node',0),('NodeTitleTestCase','class','modules/node/node.test','node',0),('NodeTitleXSSTestCase','class','modules/node/node.test','node',0),('NodeTokenReplaceTestCase','class','modules/node/node.test','node',0),('NodeTypePersistenceTestCase','class','modules/node/node.test','node',0),('NodeTypeTestCase','class','modules/node/node.test','node',0),('NodeWebTestCase','class','modules/node/node.test','node',0),('NoFieldsException','class','includes/database/database.inc','',0),('NonDefaultBlockAdmin','class','modules/block/block.test','block',-5),('NumberFieldTestCase','class','modules/field/modules/number/number.test','number',0),('OptionsSelectDynamicValuesTestCase','class','modules/field/modules/options/options.test','options',0),('OptionsWidgetsTestCase','class','modules/field/modules/options/options.test','options',0),('PageEditTestCase','class','modules/node/node.test','node',0),('PageNotFoundTestCase','class','modules/system/system.test','system',0),('PagePreviewTestCase','class','modules/node/node.test','node',0),('PagerDefault','class','includes/pager.inc','',0),('PageTitleFiltering','class','modules/system/system.test','system',0),('PageViewTestCase','class','modules/node/node.test','node',0),('PathLanguageTestCase','class','modules/path/path.test','path',0),('PathLanguageUITestCase','class','modules/path/path.test','path',0),('PathMonolingualTestCase','class','modules/path/path.test','path',0),('PathTaxonomyTermTestCase','class','modules/path/path.test','path',0),('PathTestCase','class','modules/path/path.test','path',0),('Query','class','includes/database/query.inc','',0),('QueryAlterableInterface','interface','includes/database/query.inc','',0),('QueryConditionInterface','interface','includes/database/query.inc','',0),('QueryExtendableInterface','interface','includes/database/select.inc','',0),('QueryPlaceholderInterface','interface','includes/database/query.inc','',0),('QueueTestCase','class','modules/system/system.test','system',0),('RdfCommentAttributesTestCase','class','modules/rdf/rdf.test','rdf',0),('RdfCrudTestCase','class','modules/rdf/rdf.test','rdf',0),('RdfGetRdfNamespacesTestCase','class','modules/rdf/rdf.test','rdf',0),('RdfMappingDefinitionTestCase','class','modules/rdf/rdf.test','rdf',0),('RdfMappingHookTestCase','class','modules/rdf/rdf.test','rdf',0),('RdfRdfaMarkupTestCase','class','modules/rdf/rdf.test','rdf',0),('RdfTrackerAttributesTestCase','class','modules/rdf/rdf.test','rdf',0),('RemoveFeedItemTestCase','class','modules/aggregator/aggregator.test','aggregator',0),('RemoveFeedTestCase','class','modules/aggregator/aggregator.test','aggregator',0),('RetrieveFileTestCase','class','modules/system/system.test','system',0),('SchemaCache','class','includes/bootstrap.inc','',0),('SearchAdvancedSearchForm','class','modules/search/search.test','search',0),('SearchBlockTestCase','class','modules/search/search.test','search',0),('SearchCommentCountToggleTestCase','class','modules/search/search.test','search',0),('SearchCommentTestCase','class','modules/search/search.test','search',0),('SearchConfigSettingsForm','class','modules/search/search.test','search',0),('SearchEmbedForm','class','modules/search/search.test','search',0),('SearchExactTestCase','class','modules/search/search.test','search',0),('SearchExcerptTestCase','class','modules/search/search.test','search',0),('SearchExpressionInsertExtractTestCase','class','modules/search/search.test','search',0),('SearchKeywordsConditions','class','modules/search/search.test','search',0),('SearchLanguageTestCase','class','modules/search/search.test','search',0),('SearchMatchTestCase','class','modules/search/search.test','search',0),('SearchNodeAccessTest','class','modules/search/search.test','search',0),('SearchNodeTagTest','class','modules/search/search.test','search',0),('SearchNumberMatchingTestCase','class','modules/search/search.test','search',0),('SearchNumbersTestCase','class','modules/search/search.test','search',0),('SearchPageOverride','class','modules/search/search.test','search',0),('SearchPageText','class','modules/search/search.test','search',0),('SearchQuery','class','modules/search/search.extender.inc','search',0),('SearchRankingTestCase','class','modules/search/search.test','search',0),('SearchSetLocaleTest','class','modules/search/search.test','search',0),('SearchSimplifyTestCase','class','modules/search/search.test','search',0),('SearchTokenizerTestCase','class','modules/search/search.test','search',0),('SelectQuery','class','includes/database/select.inc','',0),('SelectQueryExtender','class','includes/database/select.inc','',0),('SelectQueryInterface','interface','includes/database/select.inc','',0),('SelectQuery_pgsql','class','includes/database/pgsql/select.inc','',0),('SelectQuery_sqlite','class','includes/database/sqlite/select.inc','',0),('ShortcutLinksTestCase','class','modules/shortcut/shortcut.test','shortcut',0),('ShortcutSetsTestCase','class','modules/shortcut/shortcut.test','shortcut',0),('ShortcutTestCase','class','modules/shortcut/shortcut.test','shortcut',0),('ShutdownFunctionsTest','class','modules/system/system.test','system',0),('SiteMaintenanceTestCase','class','modules/system/system.test','system',0),('SkipDotsRecursiveDirectoryIterator','class','includes/filetransfer/filetransfer.inc','',0),('StreamWrapperInterface','interface','includes/stream_wrappers.inc','',0),('SummaryLengthTestCase','class','modules/node/node.test','node',0),('SystemAdminTestCase','class','modules/system/system.test','system',0),('SystemAuthorizeCase','class','modules/system/system.test','system',0),('SystemBlockTestCase','class','modules/system/system.test','system',0),('SystemIndexPhpTest','class','modules/system/system.test','system',0),('SystemInfoAlterTestCase','class','modules/system/system.test','system',0),('SystemMainContentFallback','class','modules/system/system.test','system',0),('SystemQueue','class','modules/system/system.queue.inc','system',0),('SystemThemeFunctionalTest','class','modules/system/system.test','system',0),('SystemValidTokenTest','class','modules/system/system.test','system',0),('TableSort','class','includes/tablesort.inc','',0),('TaxonomyEFQTestCase','class','modules/taxonomy/taxonomy.test','taxonomy',0),('TaxonomyHooksTestCase','class','modules/taxonomy/taxonomy.test','taxonomy',0),('TaxonomyLegacyTestCase','class','modules/taxonomy/taxonomy.test','taxonomy',0),('TaxonomyLoadMultipleTestCase','class','modules/taxonomy/taxonomy.test','taxonomy',0),('TaxonomyRSSTestCase','class','modules/taxonomy/taxonomy.test','taxonomy',0),('TaxonomyTermController','class','modules/taxonomy/taxonomy.module','taxonomy',0),('TaxonomyTermFieldMultipleVocabularyTestCase','class','modules/taxonomy/taxonomy.test','taxonomy',0),('TaxonomyTermFieldTestCase','class','modules/taxonomy/taxonomy.test','taxonomy',0),('TaxonomyTermFunctionTestCase','class','modules/taxonomy/taxonomy.test','taxonomy',0),('TaxonomyTermIndexTestCase','class','modules/taxonomy/taxonomy.test','taxonomy',0),('TaxonomyTermTestCase','class','modules/taxonomy/taxonomy.test','taxonomy',0),('TaxonomyThemeTestCase','class','modules/taxonomy/taxonomy.test','taxonomy',0),('TaxonomyTokenReplaceTestCase','class','modules/taxonomy/taxonomy.test','taxonomy',0),('TaxonomyVocabularyController','class','modules/taxonomy/taxonomy.module','taxonomy',0),('TaxonomyVocabularyFunctionalTest','class','modules/taxonomy/taxonomy.test','taxonomy',0),('TaxonomyVocabularyTestCase','class','modules/taxonomy/taxonomy.test','taxonomy',0),('TaxonomyWebTestCase','class','modules/taxonomy/taxonomy.test','taxonomy',0),('testGmapFormsTestCase','class','sites/all/modules/gmap/tests/gmap.test','gmap',0),('testGmapMacroFormsTestCase','class','sites/all/modules/gmap/tests/gmap.test','gmap',0),('testGmapTaxonomyFormsTestCase','class','sites/all/modules/gmap/tests/gmap.test','gmap',0),('TestingMailSystem','class','modules/system/system.mail.inc','system',0),('TextFieldTestCase','class','modules/field/modules/text/text.test','text',0),('TextSummaryTestCase','class','modules/field/modules/text/text.test','text',0),('TextTranslationTestCase','class','modules/field/modules/text/text.test','text',0),('ThemeRegistry','class','includes/theme.inc','',0),('ThemeUpdater','class','modules/system/system.updater.inc','system',0),('TokenArrayTestCase','class','sites/all/modules/token/token.test','token',0),('TokenBlockTestCase','class','sites/all/modules/token/token.test','token',0),('TokenCommentTestCase','class','sites/all/modules/token/token.test','token',0),('TokenCurrentPageTestCase','class','sites/all/modules/token/token.test','token',0),('TokenDateTestCase','class','sites/all/modules/token/token.test','token',0),('TokenEntityTestCase','class','sites/all/modules/token/token.test','token',0),('TokenFileTestCase','class','sites/all/modules/token/token.test','token',0),('TokenMenuTestCase','class','sites/all/modules/token/token.test','token',0),('TokenNodeTestCase','class','sites/all/modules/token/token.test','token',0),('TokenProfileTestCase','class','sites/all/modules/token/token.test','token',0),('TokenRandomTestCase','class','sites/all/modules/token/token.test','token',0),('TokenReplaceTestCase','class','modules/system/system.test','system',0),('TokenScanTest','class','modules/system/system.test','system',0),('TokenTaxonomyTestCase','class','sites/all/modules/token/token.test','token',0),('TokenTestHelper','class','sites/all/modules/token/token.test','token',0),('TokenUnitTestCase','class','sites/all/modules/token/token.test','token',0),('TokenURLTestCase','class','sites/all/modules/token/token.test','token',0),('TokenUserTestCase','class','sites/all/modules/token/token.test','token',0),('TruncateQuery','class','includes/database/query.inc','',0),('TruncateQuery_mysql','class','includes/database/mysql/query.inc','',0),('TruncateQuery_sqlite','class','includes/database/sqlite/query.inc','',0),('UpdateCoreTestCase','class','modules/update/update.test','update',0),('UpdateCoreUnitTestCase','class','modules/update/update.test','update',0),('UpdateFeedItemTestCase','class','modules/aggregator/aggregator.test','aggregator',0),('UpdateFeedTestCase','class','modules/aggregator/aggregator.test','aggregator',0),('UpdateQuery','class','includes/database/query.inc','',0),('UpdateQuery_pgsql','class','includes/database/pgsql/query.inc','',0),('UpdateQuery_sqlite','class','includes/database/sqlite/query.inc','',0),('Updater','class','includes/updater.inc','',0),('UpdaterException','class','includes/updater.inc','',0),('UpdaterFileTransferException','class','includes/updater.inc','',0),('UpdateScriptFunctionalTest','class','modules/system/system.test','system',0),('UpdateTestContribCase','class','modules/update/update.test','update',0),('UpdateTestHelper','class','modules/update/update.test','update',0),('UpdateTestUploadCase','class','modules/update/update.test','update',0),('UserAccountLinksUnitTests','class','modules/user/user.test','user',0),('UserAdminTestCase','class','modules/user/user.test','user',0),('UserAuthmapAssignmentTestCase','class','modules/user/user.test','user',0),('UserAutocompleteTestCase','class','modules/user/user.test','user',0),('UserBlocksUnitTests','class','modules/user/user.test','user',0),('UserCancelTestCase','class','modules/user/user.test','user',0),('UserController','class','modules/user/user.module','user',0),('UserCreateTestCase','class','modules/user/user.test','user',0),('UserEditedOwnAccountTestCase','class','modules/user/user.test','user',0),('UserEditTestCase','class','modules/user/user.test','user',0),('UserLoginTestCase','class','modules/user/user.test','user',0),('UserPasswordResetTestCase','class','modules/user/user.test','user',0),('UserPermissionsTestCase','class','modules/user/user.test','user',0),('UserPictureTestCase','class','modules/user/user.test','user',0),('UserRegistrationTestCase','class','modules/user/user.test','user',0),('UserRoleAdminTestCase','class','modules/user/user.test','user',0),('UserRolesAssignmentTestCase','class','modules/user/user.test','user',0),('UserSaveTestCase','class','modules/user/user.test','user',0),('UserSignatureTestCase','class','modules/user/user.test','user',0),('UserTimeZoneFunctionalTest','class','modules/user/user.test','user',0),('UserTokenReplaceTestCase','class','modules/user/user.test','user',0),('UserUserSearchTestCase','class','modules/user/user.test','user',0),('UserValidateCurrentPassCustomForm','class','modules/user/user.test','user',0),('UserValidationTestCase','class','modules/user/user.test','user',0),('view','class','sites/all/modules/views/includes/view.inc','views',10),('ViewsAccessTest','class','sites/all/modules/views/tests/views_access.test','views',0),('ViewsAnalyzeTest','class','sites/all/modules/views/tests/views_analyze.test','views',0),('ViewsArgumentDefaultTest','class','sites/all/modules/views/tests/views_argument_default.test','views',0),('ViewsArgumentValidatorTest','class','sites/all/modules/views/tests/views_argument_validator.test','views',0),('ViewsBasicTest','class','sites/all/modules/views/tests/views_basic.test','views',0),('ViewsBootstrapAccordionPluginStyle','class','sites/all/modules/views_bootstrap/plugins/accordion/views_bootstrap_accordion_plugin_style.inc','views_bootstrap',0),('ViewsBootstrapCarouselPluginRows','class','sites/all/modules/views_bootstrap/plugins/carousel/views_bootstrap_carousel_plugin_rows.inc','views_bootstrap',0),('ViewsBootstrapCarouselPluginStyle','class','sites/all/modules/views_bootstrap/plugins/carousel/views_bootstrap_carousel_plugin_style.inc','views_bootstrap',0),('ViewsBootstrapGridPluginStyle','class','sites/all/modules/views_bootstrap/plugins/grid/views_bootstrap_grid_plugin_style.inc','views_bootstrap',0),('ViewsBootstrapMediaPluginStyle','class','sites/all/modules/views_bootstrap/plugins/media/views_bootstrap_media_plugin_style.inc','views_bootstrap',0),('ViewsBootstrapTablePluginStyle','class','sites/all/modules/views_bootstrap/plugins/table/views_bootstrap_table_plugin_style.inc','views_bootstrap',0),('ViewsBootstrapTabPluginStyle','class','sites/all/modules/views_bootstrap/plugins/tab/views_bootstrap_tab_plugin_style.inc','views_bootstrap',0),('ViewsBootstrapThumbnailPluginRows','class','sites/all/modules/views_bootstrap/plugins/thumbnail/views_bootstrap_thumbnail_plugin_rows.inc','views_bootstrap',0),('ViewsBootstrapThumbnailPluginStyle','class','sites/all/modules/views_bootstrap/plugins/thumbnail/views_bootstrap_thumbnail_plugin_style.inc','views_bootstrap',0),('ViewsCacheTest','class','sites/all/modules/views/tests/views_cache.test','views',10),('ViewsExposedFormTest','class','sites/all/modules/views/tests/views_exposed_form.test','views',0),('viewsFieldApiDataTest','class','sites/all/modules/views/tests/field/views_fieldapi.test','views',0),('ViewsFieldApiTestHelper','class','sites/all/modules/views/tests/field/views_fieldapi.test','views',0),('ViewsGlossaryTestCase','class','sites/all/modules/views/tests/views_glossary.test','views',0),('ViewsHandlerAreaTextTest','class','sites/all/modules/views/tests/handlers/views_handler_area_text.test','views',0),('viewsHandlerArgumentCommentUserUidTest','class','sites/all/modules/views/tests/comment/views_handler_argument_comment_user_uid.test','views',0),('ViewsHandlerArgumentNullTest','class','sites/all/modules/views/tests/handlers/views_handler_argument_null.test','views',0),('ViewsHandlerArgumentStringTest','class','sites/all/modules/views/tests/handlers/views_handler_argument_string.test','views',0),('ViewsHandlerFieldBooleanTest','class','sites/all/modules/views/tests/handlers/views_handler_field_boolean.test','views',0),('ViewsHandlerFieldCustomTest','class','sites/all/modules/views/tests/handlers/views_handler_field_custom.test','views',0),('ViewsHandlerFieldDateTest','class','sites/all/modules/views/tests/handlers/views_handler_field_date.test','views',10),('viewsHandlerFieldFieldTest','class','sites/all/modules/views/tests/field/views_fieldapi.test','views',0),('ViewsHandlerFieldMath','class','sites/all/modules/views/tests/handlers/views_handler_field_math.test','views',0),('ViewsHandlerFieldTest','class','sites/all/modules/views/tests/handlers/views_handler_field.test','views',0),('ViewsHandlerFieldUrlTest','class','sites/all/modules/views/tests/handlers/views_handler_field_url.test','views',0),('viewsHandlerFieldUserNameTest','class','sites/all/modules/views/tests/user/views_handler_field_user_name.test','views',0),('ViewsHandlerFileExtensionTest','class','sites/all/modules/views/tests/handlers/views_handler_field_file_extension.test','views',10),('ViewsHandlerFilterCombineTest','class','sites/all/modules/views/tests/handlers/views_handler_filter_combine.test','views',0),('viewsHandlerFilterCommentUserUidTest','class','sites/all/modules/views/tests/comment/views_handler_filter_comment_user_uid.test','views',0),('ViewsHandlerFilterCounterTest','class','sites/all/modules/views/tests/handlers/views_handler_field_counter.test','views',0),('ViewsHandlerFilterDateTest','class','sites/all/modules/views/tests/handlers/views_handler_filter_date.test','views',10),('ViewsHandlerFilterEqualityTest','class','sites/all/modules/views/tests/handlers/views_handler_filter_equality.test','views',0),('ViewsHandlerFilterInOperator','class','sites/all/modules/views/tests/handlers/views_handler_filter_in_operator.test','views',0),('ViewsHandlerFilterNumericTest','class','sites/all/modules/views/tests/handlers/views_handler_filter_numeric.test','views',0),('ViewsHandlerFilterStringTest','class','sites/all/modules/views/tests/handlers/views_handler_filter_string.test','views',0),('ViewsHandlerRelationshipNodeTermDataTest','class','sites/all/modules/views/tests/taxonomy/views_handler_relationship_node_term_data.test','views',0),('ViewsHandlerSortDateTest','class','sites/all/modules/views/tests/handlers/views_handler_sort_date.test','views',0),('ViewsHandlerSortRandomTest','class','sites/all/modules/views/tests/handlers/views_handler_sort_random.test','views',0),('ViewsHandlerSortTest','class','sites/all/modules/views/tests/handlers/views_handler_sort.test','views',0),('ViewsHandlersTest','class','sites/all/modules/views/tests/views_handlers.test','views',0),('ViewsHandlerTest','class','sites/all/modules/views/tests/handlers/views_handlers.test','views',10),('ViewsHandlerTestFileSize','class','sites/all/modules/views/tests/handlers/views_handler_field_file_size.test','views',0),('ViewsHandlerTestXss','class','sites/all/modules/views/tests/handlers/views_handler_field_xss.test','views',0),('ViewsModuleTest','class','sites/all/modules/views/tests/views_module.test','views',10),('ViewsNodeRevisionRelationsTestCase','class','sites/all/modules/views/tests/node/views_node_revision_relations.test','views',0),('ViewsPagerTest','class','sites/all/modules/views/tests/views_pager.test','views',0),('ViewsPagerTestCase','class','sites/all/modules/date/tests/date_views_pager.test','date',0),('ViewsPluginDisplayTestCase','class','sites/all/modules/views/tests/plugins/views_plugin_display.test','views',0),('viewsPluginStyleJumpMenuTest','class','sites/all/modules/views/tests/styles/views_plugin_style_jump_menu.test','views',0),('ViewsPluginStyleMappingTest','class','sites/all/modules/views/tests/styles/views_plugin_style_mapping.test','views',0),('ViewsPluginStyleTestBase','class','sites/all/modules/views/tests/styles/views_plugin_style_base.test','views',0),('ViewsPluginStyleTestCase','class','sites/all/modules/views/tests/styles/views_plugin_style.test','views',0),('ViewsPluginStyleUnformattedTestCase','class','sites/all/modules/views/tests/styles/views_plugin_style_unformatted.test','views',0),('ViewsQueryGroupByTest','class','sites/all/modules/views/tests/views_groupby.test','views',10),('viewsSearchQuery','class','sites/all/modules/views/modules/search/views_handler_filter_search.inc','views',0),('ViewsSqlTest','class','sites/all/modules/views/tests/views_query.test','views',0),('ViewsTestCase','class','sites/all/modules/views/tests/views_query.test','views',0),('ViewsTranslatableTest','class','sites/all/modules/views/tests/views_translatable.test','views',0),('ViewsUiBaseViewsWizard','class','sites/all/modules/views/plugins/views_wizard/views_ui_base_views_wizard.class.php','views_ui',0),('ViewsUiFileManagedViewsWizard','class','sites/all/modules/views/plugins/views_wizard/views_ui_file_managed_views_wizard.class.php','views_ui',0),('viewsUiGroupbyTestCase','class','sites/all/modules/views/tests/views_groupby.test','views',10),('ViewsUiNodeRevisionViewsWizard','class','sites/all/modules/views/plugins/views_wizard/views_ui_node_revision_views_wizard.class.php','views_ui',0),('ViewsUiNodeViewsWizard','class','sites/all/modules/views/plugins/views_wizard/views_ui_node_views_wizard.class.php','views_ui',0),('ViewsUiTaxonomyTermViewsWizard','class','sites/all/modules/views/plugins/views_wizard/views_ui_taxonomy_term_views_wizard.class.php','views_ui',0),('ViewsUiUsersViewsWizard','class','sites/all/modules/views/plugins/views_wizard/views_ui_users_views_wizard.class.php','views_ui',0),('ViewsUIWizardBasicTestCase','class','sites/all/modules/views/tests/views_ui.test','views',0),('ViewsUIWizardDefaultViewsTestCase','class','sites/all/modules/views/tests/views_ui.test','views',0),('ViewsUIWizardHelper','class','sites/all/modules/views/tests/views_ui.test','views',0),('ViewsUIWizardItemsPerPageTestCase','class','sites/all/modules/views/tests/views_ui.test','views',0),('ViewsUIWizardJumpMenuTestCase','class','sites/all/modules/views/tests/views_ui.test','views',0),('ViewsUIWizardMenuTestCase','class','sites/all/modules/views/tests/views_ui.test','views',0),('ViewsUIWizardOverrideDisplaysTestCase','class','sites/all/modules/views/tests/views_ui.test','views',0),('ViewsUIWizardSortingTestCase','class','sites/all/modules/views/tests/views_ui.test','views',0),('ViewsUIWizardTaggedWithTestCase','class','sites/all/modules/views/tests/views_ui.test','views',0),('ViewsUpgradeTestCase','class','sites/all/modules/views/tests/views_upgrade.test','views',0),('ViewsUserArgumentDefault','class','sites/all/modules/views/tests/user/views_user_argument_default.test','views',0),('ViewsUserArgumentValidate','class','sites/all/modules/views/tests/user/views_user_argument_validate.test','views',0),('ViewsUserTestCase','class','sites/all/modules/views/tests/user/views_user.test','views',0),('ViewsViewTest','class','sites/all/modules/views/tests/views_view.test','views',0),('ViewsWizardException','class','sites/all/modules/views/plugins/views_wizard/views_ui_base_views_wizard.class.php','views_ui',0),('ViewsWizardInterface','interface','sites/all/modules/views/plugins/views_wizard/views_ui_base_views_wizard.class.php','views_ui',0),('views_db_object','class','sites/all/modules/views/includes/view.inc','views',10),('views_display','class','sites/all/modules/views/includes/view.inc','views',10),('views_handler','class','sites/all/modules/views/includes/handlers.inc','views',10),('views_handler_area','class','sites/all/modules/views/handlers/views_handler_area.inc','views',0),('views_handler_area_broken','class','sites/all/modules/views/handlers/views_handler_area.inc','views',0),('views_handler_area_messages','class','sites/all/modules/views/handlers/views_handler_area_messages.inc','views',10),('views_handler_area_result','class','sites/all/modules/views/handlers/views_handler_area_result.inc','views',0),('views_handler_area_text','class','sites/all/modules/views/handlers/views_handler_area_text.inc','views',0),('views_handler_area_text_custom','class','sites/all/modules/views/handlers/views_handler_area_text_custom.inc','views',0),('views_handler_area_view','class','sites/all/modules/views/handlers/views_handler_area_view.inc','views',10),('views_handler_argument','class','sites/all/modules/views/handlers/views_handler_argument.inc','views',10),('views_handler_argument_aggregator_category_cid','class','sites/all/modules/views/modules/aggregator/views_handler_argument_aggregator_category_cid.inc','views',0),('views_handler_argument_aggregator_fid','class','sites/all/modules/views/modules/aggregator/views_handler_argument_aggregator_fid.inc','views',0),('views_handler_argument_aggregator_iid','class','sites/all/modules/views/modules/aggregator/views_handler_argument_aggregator_iid.inc','views',0),('views_handler_argument_broken','class','sites/all/modules/views/handlers/views_handler_argument.inc','views',10),('views_handler_argument_comment_user_uid','class','sites/all/modules/views/modules/comment/views_handler_argument_comment_user_uid.inc','views',0),('views_handler_argument_date','class','sites/all/modules/views/handlers/views_handler_argument_date.inc','views',0),('views_handler_argument_field_list','class','sites/all/modules/views/modules/field/views_handler_argument_field_list.inc','views',0),('views_handler_argument_field_list_string','class','sites/all/modules/views/modules/field/views_handler_argument_field_list_string.inc','views',0),('views_handler_argument_file_fid','class','sites/all/modules/views/modules/system/views_handler_argument_file_fid.inc','views',0),('views_handler_argument_formula','class','sites/all/modules/views/handlers/views_handler_argument_formula.inc','views',0),('views_handler_argument_group_by_numeric','class','sites/all/modules/views/handlers/views_handler_argument_group_by_numeric.inc','views',0),('views_handler_argument_locale_group','class','sites/all/modules/views/modules/locale/views_handler_argument_locale_group.inc','views',0),('views_handler_argument_locale_language','class','sites/all/modules/views/modules/locale/views_handler_argument_locale_language.inc','views',0),('views_handler_argument_many_to_one','class','sites/all/modules/views/handlers/views_handler_argument_many_to_one.inc','views',0),('views_handler_argument_node_created_day','class','sites/all/modules/views/modules/node/views_handler_argument_dates_various.inc','views',0),('views_handler_argument_node_created_fulldate','class','sites/all/modules/views/modules/node/views_handler_argument_dates_various.inc','views',0),('views_handler_argument_node_created_month','class','sites/all/modules/views/modules/node/views_handler_argument_dates_various.inc','views',0),('views_handler_argument_node_created_week','class','sites/all/modules/views/modules/node/views_handler_argument_dates_various.inc','views',0),('views_handler_argument_node_created_year','class','sites/all/modules/views/modules/node/views_handler_argument_dates_various.inc','views',0),('views_handler_argument_node_created_year_month','class','sites/all/modules/views/modules/node/views_handler_argument_dates_various.inc','views',0),('views_handler_argument_node_language','class','sites/all/modules/views/modules/node/views_handler_argument_node_language.inc','views',0),('views_handler_argument_node_nid','class','sites/all/modules/views/modules/node/views_handler_argument_node_nid.inc','views',0),('views_handler_argument_node_tnid','class','sites/all/modules/views/modules/translation/views_handler_argument_node_tnid.inc','views',0),('views_handler_argument_node_type','class','sites/all/modules/views/modules/node/views_handler_argument_node_type.inc','views',0),('views_handler_argument_node_uid_revision','class','sites/all/modules/views/modules/node/views_handler_argument_node_uid_revision.inc','views',0),('views_handler_argument_node_vid','class','sites/all/modules/views/modules/node/views_handler_argument_node_vid.inc','views',0),('views_handler_argument_null','class','sites/all/modules/views/handlers/views_handler_argument_null.inc','views',0),('views_handler_argument_numeric','class','sites/all/modules/views/handlers/views_handler_argument_numeric.inc','views',0),('views_handler_argument_search','class','sites/all/modules/views/modules/search/views_handler_argument_search.inc','views',0),('views_handler_argument_string','class','sites/all/modules/views/handlers/views_handler_argument_string.inc','views',0),('views_handler_argument_taxonomy','class','sites/all/modules/views/modules/taxonomy/views_handler_argument_taxonomy.inc','views',0),('views_handler_argument_term_node_tid','class','sites/all/modules/views/modules/taxonomy/views_handler_argument_term_node_tid.inc','views',0),('views_handler_argument_term_node_tid_depth','class','sites/all/modules/views/modules/taxonomy/views_handler_argument_term_node_tid_depth.inc','views',0),('views_handler_argument_term_node_tid_depth_modifier','class','sites/all/modules/views/modules/taxonomy/views_handler_argument_term_node_tid_depth_modifier.inc','views',0),('views_handler_argument_tracker_comment_user_uid','class','sites/all/modules/views/modules/tracker/views_handler_argument_tracker_comment_user_uid.inc','views',0),('views_handler_argument_users_roles_rid','class','sites/all/modules/views/modules/user/views_handler_argument_users_roles_rid.inc','views',0),('views_handler_argument_user_uid','class','sites/all/modules/views/modules/user/views_handler_argument_user_uid.inc','views',0),('views_handler_argument_vocabulary_machine_name','class','sites/all/modules/views/modules/taxonomy/views_handler_argument_vocabulary_machine_name.inc','views',0),('views_handler_argument_vocabulary_vid','class','sites/all/modules/views/modules/taxonomy/views_handler_argument_vocabulary_vid.inc','views',0),('views_handler_field','class','sites/all/modules/views/handlers/views_handler_field.inc','views',0),('views_handler_field_accesslog_path','class','sites/all/modules/views/modules/statistics/views_handler_field_accesslog_path.inc','views',0),('views_handler_field_aggregator_category','class','sites/all/modules/views/modules/aggregator/views_handler_field_aggregator_category.inc','views',0),('views_handler_field_aggregator_title_link','class','sites/all/modules/views/modules/aggregator/views_handler_field_aggregator_title_link.inc','views',0),('views_handler_field_aggregator_xss','class','sites/all/modules/views/modules/aggregator/views_handler_field_aggregator_xss.inc','views',0),('views_handler_field_boolean','class','sites/all/modules/views/handlers/views_handler_field_boolean.inc','views',0),('views_handler_field_broken','class','sites/all/modules/views/handlers/views_handler_field.inc','views',0),('views_handler_field_comment','class','sites/all/modules/views/modules/comment/views_handler_field_comment.inc','views',0),('views_handler_field_comment_depth','class','sites/all/modules/views/modules/comment/views_handler_field_comment_depth.inc','views',0),('views_handler_field_comment_link','class','sites/all/modules/views/modules/comment/views_handler_field_comment_link.inc','views',0),('views_handler_field_comment_link_approve','class','sites/all/modules/views/modules/comment/views_handler_field_comment_link_approve.inc','views',0),('views_handler_field_comment_link_delete','class','sites/all/modules/views/modules/comment/views_handler_field_comment_link_delete.inc','views',0),('views_handler_field_comment_link_edit','class','sites/all/modules/views/modules/comment/views_handler_field_comment_link_edit.inc','views',0),('views_handler_field_comment_link_reply','class','sites/all/modules/views/modules/comment/views_handler_field_comment_link_reply.inc','views',0),('views_handler_field_comment_node_link','class','sites/all/modules/views/modules/comment/views_handler_field_comment_node_link.inc','views',0),('views_handler_field_comment_username','class','sites/all/modules/views/modules/comment/views_handler_field_comment_username.inc','views',0),('views_handler_field_contact_link','class','sites/all/modules/views/modules/contact/views_handler_field_contact_link.inc','views',0),('views_handler_field_contextual_links','class','sites/all/modules/views/handlers/views_handler_field_contextual_links.inc','views',0),('views_handler_field_counter','class','sites/all/modules/views/handlers/views_handler_field_counter.inc','views',10),('views_handler_field_custom','class','sites/all/modules/views/handlers/views_handler_field_custom.inc','views',0),('views_handler_field_date','class','sites/all/modules/views/handlers/views_handler_field_date.inc','views',10),('views_handler_field_entity','class','sites/all/modules/views/handlers/views_handler_field_entity.inc','views',0),('views_handler_field_field','class','sites/all/modules/views/modules/field/views_handler_field_field.inc','views',10),('views_handler_field_file','class','sites/all/modules/views/modules/system/views_handler_field_file.inc','views',0),('views_handler_field_file_extension','class','sites/all/modules/views/modules/system/views_handler_field_file_extension.inc','views',10),('views_handler_field_file_filemime','class','sites/all/modules/views/modules/system/views_handler_field_file_filemime.inc','views',0),('views_handler_field_file_size','class','sites/all/modules/views/handlers/views_handler_field.inc','views',0),('views_handler_field_file_status','class','sites/all/modules/views/modules/system/views_handler_field_file_status.inc','views',0),('views_handler_field_file_uri','class','sites/all/modules/views/modules/system/views_handler_field_file_uri.inc','views',0),('views_handler_field_filter_format_name','class','sites/all/modules/views/modules/filter/views_handler_field_filter_format_name.inc','views',0),('views_handler_field_history_user_timestamp','class','sites/all/modules/views/modules/node/views_handler_field_history_user_timestamp.inc','views',0),('views_handler_field_last_comment_timestamp','class','sites/all/modules/views/modules/comment/views_handler_field_last_comment_timestamp.inc','views',0),('views_handler_field_locale_group','class','sites/all/modules/views/modules/locale/views_handler_field_locale_group.inc','views',0),('views_handler_field_locale_language','class','sites/all/modules/views/modules/locale/views_handler_field_locale_language.inc','views',0),('views_handler_field_locale_link_edit','class','sites/all/modules/views/modules/locale/views_handler_field_locale_link_edit.inc','views',10),('views_handler_field_machine_name','class','sites/all/modules/views/handlers/views_handler_field_machine_name.inc','views',0),('views_handler_field_markup','class','sites/all/modules/views/handlers/views_handler_field_markup.inc','views',0),('views_handler_field_math','class','sites/all/modules/views/handlers/views_handler_field_math.inc','views',10),('views_handler_field_ncs_last_comment_name','class','sites/all/modules/views/modules/comment/views_handler_field_ncs_last_comment_name.inc','views',0),('views_handler_field_ncs_last_updated','class','sites/all/modules/views/modules/comment/views_handler_field_ncs_last_updated.inc','views',0),('views_handler_field_node','class','sites/all/modules/views/modules/node/views_handler_field_node.inc','views',0),('views_handler_field_node_comment','class','sites/all/modules/views/modules/comment/views_handler_field_node_comment.inc','views',0),('views_handler_field_node_language','class','sites/all/modules/views/modules/locale/views_handler_field_node_language.inc','views',0),('views_handler_field_node_link','class','sites/all/modules/views/modules/node/views_handler_field_node_link.inc','views',0),('views_handler_field_node_link_delete','class','sites/all/modules/views/modules/node/views_handler_field_node_link_delete.inc','views',0),('views_handler_field_node_link_edit','class','sites/all/modules/views/modules/node/views_handler_field_node_link_edit.inc','views',0),('views_handler_field_node_link_translate','class','sites/all/modules/views/modules/translation/views_handler_field_node_link_translate.inc','views',0),('views_handler_field_node_new_comments','class','sites/all/modules/views/modules/comment/views_handler_field_node_new_comments.inc','views',0),('views_handler_field_node_path','class','sites/all/modules/views/modules/node/views_handler_field_node_path.inc','views',0),('views_handler_field_node_revision','class','sites/all/modules/views/modules/node/views_handler_field_node_revision.inc','views',0),('views_handler_field_node_revision_link','class','sites/all/modules/views/modules/node/views_handler_field_node_revision_link.inc','views',0),('views_handler_field_node_revision_link_delete','class','sites/all/modules/views/modules/node/views_handler_field_node_revision_link_delete.inc','views',0),('views_handler_field_node_revision_link_revert','class','sites/all/modules/views/modules/node/views_handler_field_node_revision_link_revert.inc','views',0),('views_handler_field_node_translation_link','class','sites/all/modules/views/modules/translation/views_handler_field_node_translation_link.inc','views',0),('views_handler_field_node_type','class','sites/all/modules/views/modules/node/views_handler_field_node_type.inc','views',0),('views_handler_field_numeric','class','sites/all/modules/views/handlers/views_handler_field_numeric.inc','views',0),('views_handler_field_prerender_list','class','sites/all/modules/views/handlers/views_handler_field_prerender_list.inc','views',0),('views_handler_field_profile_date','class','sites/all/modules/views/modules/profile/views_handler_field_profile_date.inc','views',10),('views_handler_field_profile_list','class','sites/all/modules/views/modules/profile/views_handler_field_profile_list.inc','views',0),('views_handler_field_search_score','class','sites/all/modules/views/modules/search/views_handler_field_search_score.inc','views',0),('views_handler_field_serialized','class','sites/all/modules/views/handlers/views_handler_field_serialized.inc','views',0),('views_handler_field_taxonomy','class','sites/all/modules/views/modules/taxonomy/views_handler_field_taxonomy.inc','views',0),('views_handler_field_term_link_edit','class','sites/all/modules/views/modules/taxonomy/views_handler_field_term_link_edit.inc','views',0),('views_handler_field_term_node_tid','class','sites/all/modules/views/modules/taxonomy/views_handler_field_term_node_tid.inc','views',0),('views_handler_field_time_interval','class','sites/all/modules/views/handlers/views_handler_field_time_interval.inc','views',0),('views_handler_field_url','class','sites/all/modules/views/handlers/views_handler_field_url.inc','views',0),('views_handler_field_user','class','sites/all/modules/views/modules/user/views_handler_field_user.inc','views',0),('views_handler_field_user_language','class','sites/all/modules/views/modules/user/views_handler_field_user_language.inc','views',0),('views_handler_field_user_link','class','sites/all/modules/views/modules/user/views_handler_field_user_link.inc','views',0),('views_handler_field_user_link_cancel','class','sites/all/modules/views/modules/user/views_handler_field_user_link_cancel.inc','views',10),('views_handler_field_user_link_edit','class','sites/all/modules/views/modules/user/views_handler_field_user_link_edit.inc','views',0),('views_handler_field_user_mail','class','sites/all/modules/views/modules/user/views_handler_field_user_mail.inc','views',0),('views_handler_field_user_name','class','sites/all/modules/views/modules/user/views_handler_field_user_name.inc','views',0),('views_handler_field_user_permissions','class','sites/all/modules/views/modules/user/views_handler_field_user_permissions.inc','views',0),('views_handler_field_user_picture','class','sites/all/modules/views/modules/user/views_handler_field_user_picture.inc','views',0),('views_handler_field_user_roles','class','sites/all/modules/views/modules/user/views_handler_field_user_roles.inc','views',0),('views_handler_field_xss','class','sites/all/modules/views/handlers/views_handler_field.inc','views',0),('views_handler_filter','class','sites/all/modules/views/handlers/views_handler_filter.inc','views',10),('views_handler_filter_aggregator_category_cid','class','sites/all/modules/views/modules/aggregator/views_handler_filter_aggregator_category_cid.inc','views',0),('views_handler_filter_boolean_operator','class','sites/all/modules/views/handlers/views_handler_filter_boolean_operator.inc','views',0),('views_handler_filter_boolean_operator_string','class','sites/all/modules/views/handlers/views_handler_filter_boolean_operator_string.inc','views',10),('views_handler_filter_broken','class','sites/all/modules/views/handlers/views_handler_filter.inc','views',10),('views_handler_filter_combine','class','sites/all/modules/views/handlers/views_handler_filter_combine.inc','views',10),('views_handler_filter_comment_user_uid','class','sites/all/modules/views/modules/comment/views_handler_filter_comment_user_uid.inc','views',0),('views_handler_filter_date','class','sites/all/modules/views/handlers/views_handler_filter_date.inc','views',10),('views_handler_filter_entity_bundle','class','sites/all/modules/views/handlers/views_handler_filter_entity_bundle.inc','views',0),('views_handler_filter_equality','class','sites/all/modules/views/handlers/views_handler_filter_equality.inc','views',0),('views_handler_filter_fields_compare','class','sites/all/modules/views/handlers/views_handler_filter_fields_compare.inc','views',10),('views_handler_filter_field_list','class','sites/all/modules/views/modules/field/views_handler_filter_field_list.inc','views',0),('views_handler_filter_field_list_boolean','class','sites/all/modules/views/modules/field/views_handler_filter_field_list_boolean.inc','views',10),('views_handler_filter_file_status','class','sites/all/modules/views/modules/system/views_handler_filter_file_status.inc','views',0),('views_handler_filter_group_by_numeric','class','sites/all/modules/views/handlers/views_handler_filter_group_by_numeric.inc','views',0),('views_handler_filter_history_user_timestamp','class','sites/all/modules/views/modules/node/views_handler_filter_history_user_timestamp.inc','views',0),('views_handler_filter_in_operator','class','sites/all/modules/views/handlers/views_handler_filter_in_operator.inc','views',0),('views_handler_filter_locale_group','class','sites/all/modules/views/modules/locale/views_handler_filter_locale_group.inc','views',0),('views_handler_filter_locale_language','class','sites/all/modules/views/modules/locale/views_handler_filter_locale_language.inc','views',0),('views_handler_filter_locale_version','class','sites/all/modules/views/modules/locale/views_handler_filter_locale_version.inc','views',0),('views_handler_filter_many_to_one','class','sites/all/modules/views/handlers/views_handler_filter_many_to_one.inc','views',0),('views_handler_filter_ncs_last_updated','class','sites/all/modules/views/modules/comment/views_handler_filter_ncs_last_updated.inc','views',0),('views_handler_filter_node_access','class','sites/all/modules/views/modules/node/views_handler_filter_node_access.inc','views',0),('views_handler_filter_node_comment','class','sites/all/modules/views/modules/comment/views_handler_filter_node_comment.inc','views',0),('views_handler_filter_node_language','class','sites/all/modules/views/modules/locale/views_handler_filter_node_language.inc','views',0),('views_handler_filter_node_status','class','sites/all/modules/views/modules/node/views_handler_filter_node_status.inc','views',0),('views_handler_filter_node_tnid','class','sites/all/modules/views/modules/translation/views_handler_filter_node_tnid.inc','views',0),('views_handler_filter_node_tnid_child','class','sites/all/modules/views/modules/translation/views_handler_filter_node_tnid_child.inc','views',0),('views_handler_filter_node_type','class','sites/all/modules/views/modules/node/views_handler_filter_node_type.inc','views',0),('views_handler_filter_node_uid_revision','class','sites/all/modules/views/modules/node/views_handler_filter_node_uid_revision.inc','views',0),('views_handler_filter_numeric','class','sites/all/modules/views/handlers/views_handler_filter_numeric.inc','views',0),('views_handler_filter_profile_selection','class','sites/all/modules/views/modules/profile/views_handler_filter_profile_selection.inc','views',0),('views_handler_filter_search','class','sites/all/modules/views/modules/search/views_handler_filter_search.inc','views',0),('views_handler_filter_string','class','sites/all/modules/views/handlers/views_handler_filter_string.inc','views',0),('views_handler_filter_system_type','class','sites/all/modules/views/modules/system/views_handler_filter_system_type.inc','views',0),('views_handler_filter_term_node_tid','class','sites/all/modules/views/modules/taxonomy/views_handler_filter_term_node_tid.inc','views',10),('views_handler_filter_term_node_tid_depth','class','sites/all/modules/views/modules/taxonomy/views_handler_filter_term_node_tid_depth.inc','views',0),('views_handler_filter_tracker_boolean_operator','class','sites/all/modules/views/modules/tracker/views_handler_filter_tracker_boolean_operator.inc','views',0),('views_handler_filter_tracker_comment_user_uid','class','sites/all/modules/views/modules/tracker/views_handler_filter_tracker_comment_user_uid.inc','views',0),('views_handler_filter_user_current','class','sites/all/modules/views/modules/user/views_handler_filter_user_current.inc','views',0),('views_handler_filter_user_name','class','sites/all/modules/views/modules/user/views_handler_filter_user_name.inc','views',0),('views_handler_filter_user_permissions','class','sites/all/modules/views/modules/user/views_handler_filter_user_permissions.inc','views',0),('views_handler_filter_user_roles','class','sites/all/modules/views/modules/user/views_handler_filter_user_roles.inc','views',0),('views_handler_filter_vocabulary_machine_name','class','sites/all/modules/views/modules/taxonomy/views_handler_filter_vocabulary_machine_name.inc','views',0),('views_handler_filter_vocabulary_vid','class','sites/all/modules/views/modules/taxonomy/views_handler_filter_vocabulary_vid.inc','views',0),('views_handler_relationship','class','sites/all/modules/views/handlers/views_handler_relationship.inc','views',0),('views_handler_relationship_broken','class','sites/all/modules/views/handlers/views_handler_relationship.inc','views',0),('views_handler_relationship_entity_reverse','class','sites/all/modules/views/modules/field/views_handler_relationship_entity_reverse.inc','views',0),('views_handler_relationship_groupwise_max','class','sites/all/modules/views/handlers/views_handler_relationship_groupwise_max.inc','views',0),('views_handler_relationship_node_term_data','class','sites/all/modules/views/modules/taxonomy/views_handler_relationship_node_term_data.inc','views',10),('views_handler_relationship_translation','class','sites/all/modules/views/modules/translation/views_handler_relationship_translation.inc','views',0),('views_handler_sort','class','sites/all/modules/views/handlers/views_handler_sort.inc','views',0),('views_handler_sort_broken','class','sites/all/modules/views/handlers/views_handler_sort.inc','views',0),('views_handler_sort_comment_thread','class','sites/all/modules/views/modules/comment/views_handler_sort_comment_thread.inc','views',0),('views_handler_sort_date','class','sites/all/modules/views/handlers/views_handler_sort_date.inc','views',0),('views_handler_sort_group_by_numeric','class','sites/all/modules/views/handlers/views_handler_sort_group_by_numeric.inc','views',0),('views_handler_sort_menu_hierarchy','class','sites/all/modules/views/handlers/views_handler_sort_menu_hierarchy.inc','views',0),('views_handler_sort_ncs_last_comment_name','class','sites/all/modules/views/modules/comment/views_handler_sort_ncs_last_comment_name.inc','views',0),('views_handler_sort_ncs_last_updated','class','sites/all/modules/views/modules/comment/views_handler_sort_ncs_last_updated.inc','views',0),('views_handler_sort_random','class','sites/all/modules/views/handlers/views_handler_sort_random.inc','views',0),('views_handler_sort_search_score','class','sites/all/modules/views/modules/search/views_handler_sort_search_score.inc','views',0),('views_join','class','sites/all/modules/views/includes/handlers.inc','views',10),('views_join_subquery','class','sites/all/modules/views/includes/handlers.inc','views',10),('views_many_to_one_helper','class','sites/all/modules/views/includes/handlers.inc','views',10),('views_object','class','sites/all/modules/views/includes/base.inc','views',10),('views_plugin','class','sites/all/modules/views/includes/plugins.inc','views',10),('views_plugin_access','class','sites/all/modules/views/plugins/views_plugin_access.inc','views',0),('views_plugin_access_none','class','sites/all/modules/views/plugins/views_plugin_access_none.inc','views',0),('views_plugin_access_perm','class','sites/all/modules/views/plugins/views_plugin_access_perm.inc','views',0),('views_plugin_access_role','class','sites/all/modules/views/plugins/views_plugin_access_role.inc','views',0),('views_plugin_argument_default','class','sites/all/modules/views/plugins/views_plugin_argument_default.inc','views',0),('views_plugin_argument_default_book_root','class','sites/all/modules/views/modules/book/views_plugin_argument_default_book_root.inc','views',0),('views_plugin_argument_default_current_user','class','sites/all/modules/views/modules/user/views_plugin_argument_default_current_user.inc','views',0),('views_plugin_argument_default_fixed','class','sites/all/modules/views/plugins/views_plugin_argument_default_fixed.inc','views',0),('views_plugin_argument_default_node','class','sites/all/modules/views/modules/node/views_plugin_argument_default_node.inc','views',0),('views_plugin_argument_default_php','class','sites/all/modules/views/plugins/views_plugin_argument_default_php.inc','views',0),('views_plugin_argument_default_raw','class','sites/all/modules/views/plugins/views_plugin_argument_default_raw.inc','views',0),('views_plugin_argument_default_taxonomy_tid','class','sites/all/modules/views/modules/taxonomy/views_plugin_argument_default_taxonomy_tid.inc','views',0),('views_plugin_argument_default_user','class','sites/all/modules/views/modules/user/views_plugin_argument_default_user.inc','views',0),('views_plugin_argument_validate','class','sites/all/modules/views/plugins/views_plugin_argument_validate.inc','views',10),('views_plugin_argument_validate_node','class','sites/all/modules/views/modules/node/views_plugin_argument_validate_node.inc','views',0),('views_plugin_argument_validate_numeric','class','sites/all/modules/views/plugins/views_plugin_argument_validate_numeric.inc','views',0),('views_plugin_argument_validate_php','class','sites/all/modules/views/plugins/views_plugin_argument_validate_php.inc','views',0),('views_plugin_argument_validate_taxonomy_term','class','sites/all/modules/views/modules/taxonomy/views_plugin_argument_validate_taxonomy_term.inc','views',0),('views_plugin_argument_validate_user','class','sites/all/modules/views/modules/user/views_plugin_argument_validate_user.inc','views',0),('views_plugin_cache','class','sites/all/modules/views/plugins/views_plugin_cache.inc','views',10),('views_plugin_cache_none','class','sites/all/modules/views/plugins/views_plugin_cache_none.inc','views',0),('views_plugin_cache_time','class','sites/all/modules/views/plugins/views_plugin_cache_time.inc','views',0),('views_plugin_display','class','sites/all/modules/views/plugins/views_plugin_display.inc','views',10),('views_plugin_display_attachment','class','sites/all/modules/views/plugins/views_plugin_display_attachment.inc','views',10),('views_plugin_display_block','class','sites/all/modules/views/plugins/views_plugin_display_block.inc','views',10),('views_plugin_display_default','class','sites/all/modules/views/plugins/views_plugin_display_default.inc','views',0),('views_plugin_display_embed','class','sites/all/modules/views/plugins/views_plugin_display_embed.inc','views',0),('views_plugin_display_extender','class','sites/all/modules/views/plugins/views_plugin_display_extender.inc','views',0),('views_plugin_display_feed','class','sites/all/modules/views/plugins/views_plugin_display_feed.inc','views',10),('views_plugin_display_page','class','sites/all/modules/views/plugins/views_plugin_display_page.inc','views',10),('views_plugin_ds_entity_view','class','sites/all/modules/ds/views/views_plugin_ds_entity_view.inc','ds',0),('views_plugin_ds_fields_view','class','sites/all/modules/ds/views/views_plugin_ds_fields_view.inc','ds',1),('views_plugin_exposed_form','class','sites/all/modules/views/plugins/views_plugin_exposed_form.inc','views',10),('views_plugin_exposed_form_basic','class','sites/all/modules/views/plugins/views_plugin_exposed_form_basic.inc','views',0),('views_plugin_exposed_form_input_required','class','sites/all/modules/views/plugins/views_plugin_exposed_form_input_required.inc','views',10),('views_plugin_localization','class','sites/all/modules/views/plugins/views_plugin_localization.inc','views',0),('views_plugin_localization_core','class','sites/all/modules/views/plugins/views_plugin_localization_core.inc','views',0),('views_plugin_localization_none','class','sites/all/modules/views/plugins/views_plugin_localization_none.inc','views',0),('views_plugin_localization_test','class','sites/all/modules/views/tests/views_plugin_localization_test.inc','views',0),('views_plugin_pager','class','sites/all/modules/views/plugins/views_plugin_pager.inc','views',10),('views_plugin_pager_full','class','sites/all/modules/views/plugins/views_plugin_pager_full.inc','views',10),('views_plugin_pager_mini','class','sites/all/modules/views/plugins/views_plugin_pager_mini.inc','views',10),('views_plugin_pager_none','class','sites/all/modules/views/plugins/views_plugin_pager_none.inc','views',0),('views_plugin_pager_some','class','sites/all/modules/views/plugins/views_plugin_pager_some.inc','views',0),('views_plugin_query','class','sites/all/modules/views/plugins/views_plugin_query.inc','views',0),('views_plugin_query_default','class','sites/all/modules/views/plugins/views_plugin_query_default.inc','views',10),('views_plugin_row','class','sites/all/modules/views/plugins/views_plugin_row.inc','views',0),('views_plugin_row_aggregator_rss','class','sites/all/modules/views/modules/aggregator/views_plugin_row_aggregator_rss.inc','views',0),('views_plugin_row_comment_rss','class','sites/all/modules/views/modules/comment/views_plugin_row_comment_rss.inc','views',10),('views_plugin_row_comment_view','class','sites/all/modules/views/modules/comment/views_plugin_row_comment_view.inc','views',0),('views_plugin_row_fields','class','sites/all/modules/views/plugins/views_plugin_row_fields.inc','views',0),('views_plugin_row_node_rss','class','sites/all/modules/views/modules/node/views_plugin_row_node_rss.inc','views',10),('views_plugin_row_node_view','class','sites/all/modules/views/modules/node/views_plugin_row_node_view.inc','views',0),('views_plugin_row_rss_fields','class','sites/all/modules/views/plugins/views_plugin_row_rss_fields.inc','views',0),('views_plugin_row_search_view','class','sites/all/modules/views/modules/search/views_plugin_row_search_view.inc','views',0),('views_plugin_row_user_view','class','sites/all/modules/views/modules/user/views_plugin_row_user_view.inc','views',0),('views_plugin_style','class','sites/all/modules/views/plugins/views_plugin_style.inc','views',10),('views_plugin_style_default','class','sites/all/modules/views/plugins/views_plugin_style_default.inc','views',0),('views_plugin_style_grid','class','sites/all/modules/views/plugins/views_plugin_style_grid.inc','views',0),('views_plugin_style_jump_menu','class','sites/all/modules/views/plugins/views_plugin_style_jump_menu.inc','views',10),('views_plugin_style_list','class','sites/all/modules/views/plugins/views_plugin_style_list.inc','views',0),('views_plugin_style_mapping','class','sites/all/modules/views/plugins/views_plugin_style_mapping.inc','views',0),('views_plugin_style_rss','class','sites/all/modules/views/plugins/views_plugin_style_rss.inc','views',10),('views_plugin_style_summary','class','sites/all/modules/views/plugins/views_plugin_style_summary.inc','views',0),('views_plugin_style_summary_jump_menu','class','sites/all/modules/views/plugins/views_plugin_style_summary_jump_menu.inc','views',0),('views_plugin_style_summary_unformatted','class','sites/all/modules/views/plugins/views_plugin_style_summary_unformatted.inc','views',0),('views_plugin_style_table','class','sites/all/modules/views/plugins/views_plugin_style_table.inc','views',0),('views_slideshow_plugin_style_slideshow','class','sites/all/modules/views_slideshow/views_slideshow_plugin_style_slideshow.inc','views_slideshow',0),('views_test_area_access','class','sites/all/modules/views/tests/test_handlers/views_test_area_access.inc','views',10),('views_test_plugin_access_test_dynamic','class','sites/all/modules/views/tests/test_plugins/views_test_plugin_access_test_dynamic.inc','views',0),('views_test_plugin_access_test_static','class','sites/all/modules/views/tests/test_plugins/views_test_plugin_access_test_static.inc','views',0),('views_test_plugin_style_test_mapping','class','sites/all/modules/views/tests/test_plugins/views_test_plugin_style_test_mapping.inc','views',0),('views_ui','class','sites/all/modules/views/plugins/export_ui/views_ui.class.php','views_ui',0),('WebformComponentsTestCase','class','sites/all/modules/webform/tests/components.test','webform',0),('WebformGeneralTestCase','class','sites/all/modules/webform/tests/webform.test','webform',0),('WebformPermissionsTestCase','class','sites/all/modules/webform/tests/permissions.test','webform',0),('WebformSubmissionTestCase','class','sites/all/modules/webform/tests/submission.test','webform',0),('WebformTestCase','class','sites/all/modules/webform/tests/webform.test','webform',0),('webform_exporter','class','sites/all/modules/webform/includes/webform.export.inc','webform',0),('webform_exporter_delimited','class','sites/all/modules/webform/includes/webform.export.inc','webform',0),('webform_exporter_excel','class','sites/all/modules/webform/includes/webform.export.inc','webform',0),('webform_handler_field_form_body','class','sites/all/modules/webform/views/webform_handler_field_form_body.inc','webform',-1),('webform_handler_field_is_draft','class','sites/all/modules/webform/views/webform_handler_field_is_draft.inc','webform',0),('webform_handler_field_node_link_edit','class','sites/all/modules/webform/views/webform_handler_field_node_link_edit.inc','webform',0),('webform_handler_field_node_link_results','class','sites/all/modules/webform/views/webform_handler_field_node_link_results.inc','webform',0),('webform_handler_field_submission_count','class','sites/all/modules/webform/views/webform_handler_field_submission_count.inc','webform',0),('webform_handler_field_submission_link','class','sites/all/modules/webform/views/webform_handler_field_submission_link.inc','webform',0),('webform_handler_field_webform_status','class','sites/all/modules/webform/views/webform_handler_field_webform_status.inc','webform',0),('webform_handler_filter_is_draft','class','sites/all/modules/webform/views/webform_handler_filter_is_draft.inc','webform',0),('webform_handler_filter_webform_status','class','sites/all/modules/webform/views/webform_handler_filter_webform_status.inc','webform',0),('WysiwygProfileController','class','sites/all/modules/wysiwyg/wysiwyg.module','wysiwyg',0);

--
-- Table structure for table `registry_file`
--

CREATE TABLE `registry_file` (
  `filename` varchar(255) NOT NULL COMMENT 'Path to the file.',
  `hash` varchar(64) NOT NULL COMMENT 'sha-256 hash of the file’s contents when last parsed.',
  PRIMARY KEY (`filename`)
) ENGINE=InnoDB DEFAULT CHARSET=utf8 COMMENT='Files parsed to build the registry.';

--
-- Dumping data for table `registry_file`
--

INSERT INTO `registry_file` VALUES ('includes/actions.inc','f36b066681463c7dfe189e0430cb1a89bf66f7e228cbb53cdfcd93987193f759'),('includes/ajax.inc','a22c8f7345c1f714ea40bbaa1385fa0e3763b389c82656cf6ff3e4d051532ee4'),('includes/archiver.inc','bdbb21b712a62f6b913590b609fd17cd9f3c3b77c0d21f68e71a78427ed2e3e9'),('includes/authorize.inc','6d64d8c21aa01eb12fc29918732e4df6b871ed06e5d41373cb95c197ed661d13'),('includes/batch.inc','1fe00f9a25481cd43e19fbd6bd37b7ff9dca79f8405ec3e55ffb011be12ec2c3'),('includes/batch.queue.inc','554b2e92e1dad0f7fd5a19cb8dff7e109f10fbe2441a5692d076338ec908de0f'),('includes/bootstrap.inc','46d3e700b5faaa94161f5667e85323c5aed13bb7ed84cb122acce27cb49c0009'),('includes/cache-install.inc','e7ed123c5805703c84ad2cce9c1ca46b3ce8caeeea0d8ef39a3024a4ab95fa0e'),('includes/cache.inc','ee0bf13c7e067695dffcb9ade3b79fea82a3a8db9e9a422ebfcc91c383aa4b4c'),('includes/common.inc','7e07d4740b6b59dc2b0bf5ed44183c8bba676537359376d747df80edbd8a4c6e'),('includes/database/database.inc','27f874fb21e1a85c86e0317669e2e26c1c6611a5e913c5bbce4c7aa62734edfe'),('includes/database/log.inc','9feb5a17ae2fabcf26a96d2a634ba73da501f7bcfc3599a693d916a6971d00d1'),('includes/database/mysql/database.inc','b92eedf14735579e11a9d14810650d95b6eb1809c4b6648f47d36dd7f957ac75'),('includes/database/mysql/install.inc','6ae316941f771732fbbabed7e1d6b4cbb41b1f429dd097d04b3345aa15e461a0'),('includes/database/mysql/query.inc','0212a871646c223bf77aa26b945c77a8974855373967b5fb9fdc09f8a1de88a6'),('includes/database/mysql/schema.inc','6f43ac87508f868fe38ee09994fc18d69915bada0237f8ac3b717cafe8f22c6b'),('includes/database/pgsql/database.inc','d737f95947d78eb801e8ec8ca8b01e72d2e305924efce8abca0a98c1b5264cff'),('includes/database/pgsql/install.inc','585b80c5bbd6f134bff60d06397f15154657a577d4da8d1b181858905f09dea5'),('includes/database/pgsql/query.inc','0df57377686c921e722a10b49d5e433b131176c8059a4ace4680964206fc14b4'),('includes/database/pgsql/schema.inc','1588daadfa53506aa1f5d94572162a45a46dc3ceabdd0e2f224532ded6508403'),('includes/database/pgsql/select.inc','fd4bba7887c1dc6abc8f080fc3a76c01d92ea085434e355dc1ecb50d8743c22d'),('includes/database/prefetch.inc','b5b207a66a69ecb52ee4f4459af16a7b5eabedc87254245f37cc33bebb61c0fb'),('includes/database/query.inc','4016a397f10f071cac338fd0a9b004296106e42ab2b9db8c7ff0db341658e88f'),('includes/database/schema.inc','9fecfd13fc1d4056a62d385840dccd052ea0e184dc47101f4bd8f57f10b68174'),('includes/database/select.inc','5e9cdc383564ba86cb9dcad0046990ce15415a3000e4f617d6e0f30a205b852c'),('includes/database/sqlite/database.inc','4281c6e80932560ecbeb07d1757efd133e8699a6fccf58c27a55df0f71794622'),('includes/database/sqlite/install.inc','6620f354aa175a116ba3a0562c980d86cc3b8b481042fc3cc5ed6a4d1a7a6d74'),('includes/database/sqlite/query.inc','f33ab1b6350736a231a4f3f93012d3aac4431ac4e5510fb3a015a5aa6cab8303'),('includes/database/sqlite/schema.inc','cd829700205a8574f8b9d88cd1eaf909519c64754c6f84d6c62b5d21f5886f8d'),('includes/database/sqlite/select.inc','8d1c426dbd337733c206cce9f59a172546c6ed856d8ef3f1c7bef05a16f7bf68'),('includes/date.inc','18c047be64f201e16d189f1cc47ed9dcf0a145151b1ee187e90511b24e5d2b36'),('includes/entity.inc','e4fc9ff21b165a804d7ac4f036b3b5bd1d3c73da7029bf3f761d4bdee9ae3c96'),('includes/errors.inc','72cc29840b24830df98a5628286b4d82738f2abbb78e69b4980310ff12062668'),('includes/file.inc','9de0398940bf2db560902736f1832d8b72b3e8b49dbbaba5f94c9331425ee04a'),('includes/file.mimetypes.inc','33266e837f4ce076378e7e8cef6c5af46446226ca4259f83e13f605856a7f147'),('includes/filetransfer/filetransfer.inc','fdea8ae48345ec91885ac48a9bc53daf87616271472bb7c29b7e3ce219b22034'),('includes/filetransfer/ftp.inc','51eb119b8e1221d598ffa6cc46c8a322aa77b49a3d8879f7fb38b7221cf7e06d'),('includes/filetransfer/local.inc','7cbfdb46abbdf539640db27e66fb30e5265128f31002bd0dfc3af16ae01a9492'),('includes/filetransfer/ssh.inc','92f1232158cb32ab04cbc93ae38ad3af04796e18f66910a9bc5ca8e437f06891'),('includes/form.inc','e8740cc136c284b132cc2f970a2bfc618e011f85b96140aaf7f7c49c891eca31'),('includes/graph.inc','8e0e313a8bb33488f371df11fc1b58d7cf80099b886cd1003871e2c896d1b536'),('includes/image.inc','bcdc7e1599c02227502b9d0fe36eeb2b529b130a392bc709eb737647bd361826'),('includes/install.core.inc','733ec6fac8e51747d1c83f266a42e4a0cb6bf31ac50f17f06e37c9e0865f4a38'),('includes/install.inc','fbb23627b06abb070b4531da786c1e06bf1dbd6f923bb2b404f4808c2340b0f9'),('includes/iso.inc','0ce4c225edcfa9f037703bc7dd09d4e268a69bcc90e55da0a3f04c502bd2f349'),('includes/json-encode.inc','02a822a652d00151f79db9aa9e171c310b69b93a12f549bc2ce00533a8efa14e'),('includes/language.inc','4e08f30843a7ccaeea5c041083e9f77d33d57ff002f1ab4f66168e2c683ce128'),('includes/locale.inc','f8a3ba7868698e9b43c2ceaebe2cbdcb92d6c68427e817a6e10a76b937b5a127'),('includes/lock.inc','a181c8bd4f88d292a0a73b9f1fbd727e3314f66ec3631f288e6b9a54ba2b70fa'),('includes/mail.inc','41d0e657119a05f8d7e85ebf32e74b12a1c3107d717a348158414b113e208b9c'),('includes/menu.inc','2ecc6f990dc2d987425c680e27a4ddeec2e8376a2be408b00a144131f41a59ea'),('includes/module.inc','50cf3d3a93d72d1f261c6eceeaa23688ab7272315c5b806f702e518b8d000bfd'),('includes/pager.inc','6f9494b85c07a2cc3be4e54aff2d2757485238c476a7da084d25bde1d88be6d8'),('includes/password.inc','fd9a1c94fe5a0fa7c7049a2435c7280b1d666b2074595010e3c492dd15712775'),('includes/path.inc','2dca08d14a46e5ac6a665b7a5dde78045d8de2b35aaa78c6fb811e1125ce4953'),('includes/registry.inc','f47b20859f0fc80bf4bb2849a1282d6c54006957b69da0e5f4691de585ca4cdf'),('includes/session.inc','7548621ae4c273179a76eba41aa58b740100613bc015ad388a5c30132b61e34b'),('includes/stream_wrappers.inc','4f1feb774a8dbc04ca382fa052f59e58039c7261625f3df29987d6b31f08d92d'),('includes/tablesort.inc','2d88768a544829595dd6cda2a5eb008bedb730f36bba6dfe005d9ddd999d5c0f'),('includes/theme.inc','193e6453b5e1534ba48c40bfa13528c6ba21b819e8ebe618309b302a2ba90f4c'),('includes/theme.maintenance.inc','39f068b3eee4d10a90d6aa3c86db587b6d25844c2919d418d34d133cfe330f5a'),('includes/token.inc','5e7898cd78689e2c291ed3cd8f41c032075656896f1db57e49217aac19ae0428'),('includes/unicode.entities.inc','2b858138596d961fbaa4c6e3986e409921df7f76b6ee1b109c4af5970f1e0f54'),('includes/unicode.inc','e18772dafe0f80eb139fcfc582fef1704ba9f730647057d4f4841d6a6e4066ca'),('includes/update.inc','77403195059de797422d9d9202f18548a38558995120c7f9ffb9bd044730a3bc'),('includes/updater.inc','d2da0e74ed86e93c209f16069f3d32e1a134ceb6c06a0044f78e841a1b54e380'),('includes/utility.inc','3458fd2b55ab004dd0cc529b8e58af12916e8bd36653b072bdd820b26b907ed5'),('includes/xmlrpc.inc','ea24176ec445c440ba0c825fc7b04a31b440288df8ef02081560dc418e34e659'),('includes/xmlrpcs.inc','925c4d5bf429ad9650f059a8862a100bd394dce887933f5b3e7e32309a51fd8e'),('modules/aggregator/aggregator.test','1288945ead1e0b250cb0f2d8bc5486ab1c67295b78b5f1ba0f77ade7bf1243b4'),('modules/block/block.test','40d9de00589211770a85c47d38c8ad61c598ec65d9332128a882eb8750e65a16'),('modules/color/color.test','013806279bd47ceb2f82ca854b57f880ba21058f7a2592c422afae881a7f5d15'),('modules/contextual/contextual.test','023dafa199bd325ecc55a17b2a3db46ac0a31e23059f701f789f3bc42427ba0b'),('modules/field/field.attach.inc','2df4687b5ec078c4893dc1fea514f67524fd5293de717b9e05caf977e5ae2327'),('modules/field/field.info.class.inc','cf18178e119d43897d3abd882ba3acc0cf59d1ad747663437c57b1ec4d0a4322'),('modules/field/field.module','e9359f8cac64b2d81ac067d7da22972116dc10b9b346752a8ef8292943a958c9'),('modules/field/modules/field_sql_storage/field_sql_storage.test','315eedaf2022afc884c35efd3b7c400eddab6ea30bec91924bc82ab5cd3e79f2'),('modules/field/modules/list/tests/list.test','97e55bd49f6f4b0562d04aa3773b5ab9b35063aee05c8c7231780cdcf9c97714'),('modules/field/modules/number/number.test','9ccf835bbf80ff31b121286f6fbcf59cc42b622a51ab56b22362b2f55c656e18'),('modules/field/modules/options/options.test','5a9d86ddda33bef96468072c53bd0f7b28966e5d23d58a965724a672c9dae62a'),('modules/field/modules/text/text.test','a1e5cb0fa8c0651c68d560d9bb7781463a84200f701b00b6e797a9ca792a7e42'),('modules/field/tests/field.test','5eaad7a933ef8ea05b958056492ce17858cd542111f0fe81dd1a5949ad8f966e'),('modules/field_ui/field_ui.test','ded58a83a37cf111834f68fde9c34cddc7f4d36b91f31281e41ed5220c65dac4'),('modules/file/tests/file.test','e255648f4178ad702f1f0017d19679a30b2a1ac95c0ef0f9174579cdfdc04b38'),('modules/filter/filter.test','268488be9d8e6a4bfa906bbb5bbf1f0df5881c04a421cbefcd7aa4f05fb63ba0'),('modules/image/image.test','3f07aff7b581be787d8ee4bea178c1b416d24906be99a3afb894154f1da801d8'),('modules/menu/menu.test','51817d6c591c28cf268145c2d39b41f66e453edf42c86472e61b7081da1d86bb'),('modules/node/node.module','70f969229d03819dba439546ae7aef30283b93e410af1b45f5a25b90d3cb8edd'),('modules/node/node.test','b08b445f7580848468bf2b2822ae378074e05246b006e0bf56f4fb0e7c9feb70'),('modules/path/path.test','2004183b2c7c86028bf78c519c6a7afc4397a8267874462b0c2b49b0f8c20322'),('modules/rdf/rdf.test','9849d2b717119aa6b5f1496929e7ac7c9c0a6e98486b66f3876bda0a8c165525'),('modules/search/search.extender.inc','013a6a841cc48a6dc991153fb692b8d1546e56b78d9c95e97e0d7e92296d3481'),('modules/search/search.test','84e3939f935d661ecc856549719dae35c6eb8825f4540454cf78774a87d5d85b'),('modules/shortcut/shortcut.test','0d78280d4d0a05aa772218e45911552e39611ca9c258b9dd436307914ac3f254'),('modules/system/system.archiver.inc','faa849f3e646a910ab82fd6c8bbf0a4e6b8c60725d7ba81ec0556bd716616cd1'),('modules/system/system.mail.inc','d31e1769f5defbe5f27dc68f641ab80fb8d3de92f6e895f4c654ec05fc7e5f0f'),('modules/system/system.queue.inc','a60cff401fc410cd81dc1d105ed66f79396ed7b15fdc3a5c5b80593ad5d4352a'),('modules/system/system.tar.inc','d0d2f191d79b3227852e7436908386bdd7a25f78c73f3c8bf9ef5903892ae993'),('modules/system/system.test','a8b6d3a8f11944af3e947ac53b8ad4cd37f1af11256e12768c7c24b9b4052711'),('modules/system/system.updater.inc','338cf14cb691ba16ee551b3b9e0fa4f579a2f25c964130658236726d17563b6a'),('modules/taxonomy/taxonomy.module','9ab4bfec327be23de5833fcedf12b935fd8739851a53acf931422c293994998b'),('modules/taxonomy/taxonomy.test','8525035816906e327ad48bd48bb071597f4c58368a692bcec401299a86699e6e'),('modules/update/update.test','1ea3e22bd4d47afb8b2799057cdbdfbb57ce09013d9d5f2de7e61ef9c2ebc72d'),('modules/user/user.module','13943197697f7a8ebee75246e4fcd6f8a5bf92e1f2ad9fb2066f3ff27d769c82'),('modules/user/user.test','5bb03ec7ffec6eac7df049115b6c3c64558e9d6fbb4a084ba86999db02177f46'),('sites/all/modules/backup_migrate/backup_migrate.install','78d5c1ca8e5fd18584484146b7c85aefc739e68a708575bd6bc8225c56d150d2'),('sites/all/modules/backup_migrate/backup_migrate.module','2e5ace5c425711b31956cc2e5e3b3ea83ac9a5ed4ddccbe1dfb1877f4671d226'),('sites/all/modules/backup_migrate/includes/destinations.inc','e72a8f9289418f32561aa96dbfff50c531818daf7c702314f9fec6405a41b826'),('sites/all/modules/backup_migrate/includes/profiles.inc','75012e8cf5a02383f408850248b94c5684e6778d1426a73bd88533118dff2687'),('sites/all/modules/backup_migrate/includes/schedules.inc','4a51ffe38c400bcae056a7dbcd0945ba933ff18c7b86dac62ef07098daab7d60'),('sites/all/modules/calendar/calendar.install','85517f33935a333f0414974417f8be0c42ff18a384c1cf890162c5e73160216b'),('sites/all/modules/calendar/calendar.module','0387183e6dae4f92e4208ccf69d6ef17163f22d506ee4a86e210c70d708b3459'),('sites/all/modules/calendar/includes/calendar.views.inc','89f3265426ed077d0ea32c7462160ed60eeebb562f5e99abc4703fbd22761127'),('sites/all/modules/calendar/includes/calendar.views_template.inc','502a562d7d3ce8f4d935e6ea63350fa422f3f29b0b1907f8a27811aa5cbaa2ff'),('sites/all/modules/calendar/includes/calendar_plugin_row.inc','3eb1f3738276b798e773613e528a8fc36dba46cf98593ec30e46edd2130a85f7'),('sites/all/modules/calendar/includes/calendar_plugin_style.inc','1c4394b0e6ab59c18bed21af2e976d02e7545e8748893846ed9672a00bb000ff'),('sites/all/modules/calendar/theme/calendar-style.tpl.php','9746be8e78f6165db12e1800298bf8e5f771182f049d7c1aa2edbd83a1f48fe4'),('sites/all/modules/calendar/theme/theme.inc','54f635b589c2525f0ed4750b73cea6d5244c3335995866fcd399167c1cb3da25'),('sites/all/modules/checklistapi/lib/Drupal/checklistapi/ChecklistapiChecklist.php','8411454129ca8eea879d44d1b54c64660eacb04e3d045ae4748090992185552f'),('sites/all/modules/checklistapi/tests/checklistapi.test','efca2b77e8acba8cd26b4b5a66295be0fed7584d97ab11dc81b4649ca3075547'),('sites/all/modules/colorbox/views/colorbox_handler_field_colorbox.inc','e80e7393d5bd9720afce419efcadd4c20cb33072aca6820a7b1c2be4edba3884'),('sites/all/modules/ctools/includes/context.inc','4cec11a71872eb916c4315c9f727a184d46758aa64bb950d86877a60b9007157'),('sites/all/modules/ctools/includes/css-cache.inc','db90ff67669d9fa445e91074ac67fb97cdb191a19e68d42744f0fd4158649cfa'),('sites/all/modules/ctools/includes/math-expr.inc','601db581743dd22d67f7aaf228bd8d26298d72033fc675d02385a1fd6d31888f'),('sites/all/modules/ctools/includes/stylizer.inc','3f91f5ed42fb6ee1b65ddef7ac22577b07a5d75ca1eb2df60041243ced5c7079'),('sites/all/modules/ctools/plugins/export_ui/ctools_export_ui.class.php','2fd87a7d80689e4d44673b31c07b762144eb8ac57324fd0b9cd9ede5f4ea34b5'),('sites/all/modules/ctools/tests/css_cache.test','0dbc038efedb1fa06d2617b7c72b3a45d6ee5b5b791dcb1134876f174a2a7733'),('sites/all/modules/date/date.migrate.inc','47ffb48daf97c13ef154cf2ffff577018f02a7091b85dfb39e9c2c89e1da6a5d'),('sites/all/modules/date/date_api/date_api.module','af2124c5727d839871309b31fe288fe3945d6ef67eb469ddcc02839be98860dc'),('sites/all/modules/date/date_api/date_api_sql.inc','5a484b487c13fd6094348e2011c19e72d6c6c9ceb0b0a4143ef5542cd1c495fa'),('sites/all/modules/date/date_views/includes/date_views.views.inc','7ddcf452b6da1c6e8d6e983674f1108b1d13a93d63948a5c7c9831e4e1c6ccee'),('sites/all/modules/date/date_views/includes/date_views_argument_handler.inc','8f4debf9b3db7698f2633c39b75aa252e40db5aba07a082468614773e2958e9a'),('sites/all/modules/date/date_views/includes/date_views_argument_handler_simple.inc','082dc7463949c86d32e637c2eb0d0568670ae7100c39ee8b4b52e96246487d28'),('sites/all/modules/date/date_views/includes/date_views_filter_handler.inc','936bbe570617d6b1d2878fe869c722c5826e6d913c48c1b1a842a5500c2ef5fd'),('sites/all/modules/date/date_views/includes/date_views_filter_handler_simple.inc','93f85798f6b2b962c90c5d2520beedc45fa443453cd206bba0db3d7e0a33d0bd'),('sites/all/modules/date/date_views/includes/date_views_plugin_pager.inc','43d496c6c834cd26d4b74ddd6291d5da959d402e60b360b37aa90126808a0a4d'),('sites/all/modules/date/tests/date.test','6cb38e9ed60bfdfa268051b47fcad699f1c8104accc7286abafbeddbbc9d143c'),('sites/all/modules/date/tests/date_api.test','280148ca742592a1e22f663fe4d810532b95d09975db0182347a0bbd6917f996'),('sites/all/modules/date/tests/date_field.test','bae59aee63ed204e27909709e59eeae1a6192e5f7456de2ce2cce06c49732dc4'),('sites/all/modules/date/tests/date_migrate.test','a43f448732d474c5136d89ff560b7e14c1ff5622f9c35a1998aa0570cd0c536c'),('sites/all/modules/date/tests/date_timezone.test','598ac52aa82f79fe90faa401c2c6dc7114295c0321800ea9a9b4058717d00409'),('sites/all/modules/date/tests/date_validation.test','2e4d27c29192c9d55eb27b985d7e9838702c4324d36ed6e3a85999e9f25ada99'),('sites/all/modules/date/tests/date_views_pager.test','aceff66e11dd3ea418e9905b28384432f4fe7cf9746e711cf56add73e64336dd'),('sites/all/modules/date/tests/date_views_popup.test','0684ad4977093fd7338eb045f85ceda195e82f50bd33fecbf0dca00e42b0385e'),('sites/all/modules/ds/tests/ds.base.test','c6a1c762bd26fe3a9d9854315c21621a0dd7be2e7c3afd3b65f5a88c437909fd'),('sites/all/modules/ds/tests/ds.entities.test','73ef31c49692e58f4983fce67bc6813008ccda02e604001366576ef1caf00a53'),('sites/all/modules/ds/tests/ds.exportables.test','e5f6fff14210003f5b6c13b9a2bbe29526f19dad7fbe6ed1b9741ac21d1226e0'),('sites/all/modules/ds/tests/ds.forms.test','dff5e208db6db6a854795b6b9a79c69ae9ed745692907f9f4f7c7ce4b1005485'),('sites/all/modules/ds/tests/ds.search.test','bd82fe154eebfd8f03b09d2c58a0e1cba224857416a097a25d8674074ab29a25'),('sites/all/modules/ds/tests/ds.views.test','74abaddaf9f98f78ee82c98c0526f83ba3937a074be31c966a2e5170695d4dc7'),('sites/all/modules/ds/views/views_plugin_ds_entity_view.inc','5b59c1be2b5ac68bf16a5a277aba44e8b32f2c2c4c63f68db17f31ba3a95fffc'),('sites/all/modules/ds/views/views_plugin_ds_fields_view.inc','a8f936d84100bf98de2603ed0bd0ca2d736abe89f435d1563c3e94a067c82048'),('sites/all/modules/entity/entity.features.inc','0117b5792e94ef56acac7ee7f292b4dd103397d0af0486e42dc0293af71169ff'),('sites/all/modules/entity/entity.i18n.inc','41e0e62af7e2774f62b162d597bb3244551c280296b692b29d039a2c243d7059'),('sites/all/modules/entity/entity.info.inc','8799080b9393c9560e64feae1276fb7d26fef4d92bb0edacc863ee3e7b67bf04'),('sites/all/modules/entity/entity.rules.inc','774199059d1b3ebe6d3fe7a49dbb1550df489055a3d066b5de54edda8dd7ba84'),('sites/all/modules/entity/entity.test','df253128e41f152b45ef30b5674009c51cf4112450e5dad8e815f39ced280db5'),('sites/all/modules/entity/includes/entity.controller.inc','342db185e6170b63c59a9b360a196eb322edb9a5b8c7819f66b0eae48ed13ebd'),('sites/all/modules/entity/includes/entity.inc','02c3c8b1d4b7230f875c4fae8e6ba3bd57431e01f312b32f3ed305a7be734774'),('sites/all/modules/entity/includes/entity.ui.inc','e0d5af6794dc6369dfb7fa57ae20d585a4592f368fabc9bed8142830853968c1'),('sites/all/modules/entity/includes/entity.wrapper.inc','0db08cbb6b730035e3e9a483e6e5c06a744a73f19e4ca83936446b44f0c3d158'),('sites/all/modules/entity/views/entity.views.inc','de657f42389ed6832df787e4b618d8d7117b60d145d34ce5dcf3a5b65db29df9'),('sites/all/modules/entity/views/handlers/entity_views_field_handler_helper.inc','4ec395881109a71327ab8d7c5b5702bef30288ca66557e44e8539cc15a2135bb'),('sites/all/modules/entity/views/handlers/entity_views_handler_area_entity.inc','7b7bb88e53861739b7279f705f0492fc83ce95f5b20d89339480f546422ebf25'),('sites/all/modules/entity/views/handlers/entity_views_handler_field_boolean.inc','b28b8eee8761ba7a6af35d97ab7aaee28406e6c227271f9769818560626c5791'),('sites/all/modules/entity/views/handlers/entity_views_handler_field_date.inc','b0f5be5b399de94934b24e84c8cf6053a043f6b00c60dcffa752daeafdd38778'),('sites/all/modules/entity/views/handlers/entity_views_handler_field_duration.inc','ed7bb64cb63b94a20c8cde98cfb053b5ea252804396cf61ac562faf1d850266b'),('sites/all/modules/entity/views/handlers/entity_views_handler_field_entity.inc','4f255918a22fefebe9c7734f200751457a7ca4d3648e32a98511bb51968d7521'),('sites/all/modules/entity/views/handlers/entity_views_handler_field_field.inc','893121efbce2a7181e31147bade260c9cc657cbd33b0d254cb28b2650e57566d'),('sites/all/modules/entity/views/handlers/entity_views_handler_field_numeric.inc','f14e2b063930e8820af381b4f5e83c7278440e7804ab88cfde865b6c94e7c0f6'),('sites/all/modules/entity/views/handlers/entity_views_handler_field_options.inc','27ef31b8ee7b9999930380d6a5fdb477772329c4ddbd5c70cc34bcdc7543ce56'),('sites/all/modules/entity/views/handlers/entity_views_handler_field_text.inc','5fb0a85d35d29944c699ceaf6efed5eda2df757009e44caba8ff2be397568b60'),('sites/all/modules/entity/views/handlers/entity_views_handler_field_uri.inc','79ecaa3eb17dfdd0ca077351b75a2c0adf411ebc04720e7cc0e2397674225f24'),('sites/all/modules/entity/views/handlers/entity_views_handler_relationship.inc','b69bc538d1e1e0f91f8485ca54c3b6e2be025caa47619734c467377cf89041b9'),('sites/all/modules/entity/views/handlers/entity_views_handler_relationship_by_bundle.inc','65300c793c4591d60ad908dc02cf3148fe4e899fa6ad218e875fd92d411374dc'),('sites/all/modules/entity/views/plugins/entity_views_plugin_row_entity_view.inc','e489ca209c66b76228383864b8267067e7cf3a1e375d9a195339f89932fed71f'),('sites/all/modules/gmap/gmap_plugin_style_gmap.inc','87163ff9ed0faea1bfbfa008e69ec4f443ca5c3a263f76e7d9896d0a56ffe799'),('sites/all/modules/gmap/gmap_plugin_style_gmapextended.inc','b9b3b6b84dbaab3d8dd433d7cf17d38facb0baaffbdae8cb13f327fb0d43b542'),('sites/all/modules/gmap/lib/Drupal/gmap/GmapDefaults.php','3a1f0bd6ebecbca05ca2f61509e843a031e6e8d70389137e26f649620ab37ae0'),('sites/all/modules/gmap/lib/Drupal/gmap/GmapMacroToolbox.php','b59621e19e6bff4470edd27784cd57a594e4a80dc56537eec64efc601183c45d'),('sites/all/modules/gmap/lib/Drupal/gmap/GmapPolylineToolbox.php','bfb5de6122cdd1ffafdfb6c9f14c6ce884e56d2b5a94d9e986e5b3bc1bd86c45'),('sites/all/modules/gmap/tests/gmap.test','3e7de4d0d1db5a5fe0c126860eecf2d96b60fc75a121b17d97643389c9564560'),('sites/all/modules/gmap/tests/inc/gmap_defaults.inc','68ace77723622c8256518778d17016ff39e88b686ef41fbb6bd51304a48cb9ac'),('sites/all/modules/gmap/tests/inc/gmap_polyutil.inc','b05ea6252d0b43b47f38a81ce0988b58a21169ebdd0f9fe8b3264d7153236ddc'),('sites/all/modules/gmap/tests/oopmigration.test','0d3ecf0d9674db3ea94653fcc9b0caf8f25dfcbb81e8ac2f218554353c47c68c'),('sites/all/modules/google_analytics/googleanalytics.test','19dade6731993f947a28697fd6dba4ebe516c2d8463de5804b72b76c35311bc9'),('sites/all/modules/jquery_update/jquery_update.install','d377a4e1df5c9606b4d603fbf14296f6d4df921bb3e188341a0c602651498388'),('sites/all/modules/jquery_update/jquery_update.module','5550809cea16a9f09ebcd6e70fc36a19a2aa3fd6180039d2e2382b86d659a8c3'),('sites/all/modules/libraries/tests/libraries.test','b566140ed33211b04cda3d8773b5bc25f8986065463864a0703fa89979daa817'),('sites/all/modules/location/handlers/location_handler_argument_location_country.inc','f578011609004d9f95ec9f15811bcee117725e5b0660585aeb44ba42c0dba48e'),('sites/all/modules/location/handlers/location_handler_argument_location_province.inc','45a63c726e4c54ce64f167a01039109ea81804902066c0650ccbede3273b3826'),('sites/all/modules/location/handlers/location_handler_argument_location_proximity.inc','58c786828b263adde3e83d2857205a885a29c34df1386fb9535f5df141938d1b'),('sites/all/modules/location/handlers/location_handler_field_location_additional.inc','3131316a4a596b92f94ce02636fe2ab4d52a48df5ae921d822b8aee8a41a2085'),('sites/all/modules/location/handlers/location_handler_field_location_address.inc','ec3233c49e5799cd3f5b025c6423d1ddae747a17538ce1dcf6b5b06d54b23fc0'),('sites/all/modules/location/handlers/location_handler_field_location_country.inc','8b41adf8c407a28f7c3c577d23b2b686af7e81dcdc941b3f382a2ce83b0a3acc'),('sites/all/modules/location/handlers/location_handler_field_location_distance.inc','41ef322d938d1526a5cf2950581f160fd6e9485c4a3628114b3c7bfab8c72797'),('sites/all/modules/location/handlers/location_handler_field_location_province.inc','734a1bb5a8945956006c21386966885196929d8da8fc301297c02f2b18fe3756'),('sites/all/modules/location/handlers/location_handler_field_location_street.inc','04058e2222a25a8316f9bab92bc9279da4452c5263acf05b7f5eb313827a7b0b'),('sites/all/modules/location/handlers/location_handler_filter_location_country.inc','ce8c9c67173518f1633f486d2386723ea5e2340216235b468ad1348da20934bc'),('sites/all/modules/location/handlers/location_handler_filter_location_province.inc','1df7bfe95d3f211108f6737cf2dffc261ea66e24f691d2d263266a3ca7654a19'),('sites/all/modules/location/handlers/location_handler_sort_location_country.inc','dd39e691dc1c202fe94e48d1b4dbf18adab1aa12db710f36be4e98108ed60e02'),('sites/all/modules/location/handlers/location_handler_sort_location_distance.inc','39d9b50c734598171ed2d8cdcf48404d27518ac00b4d3e5e4011cf0540bbcc49'),('sites/all/modules/location/handlers/location_views_handler_field_coordinates.inc','1fda7261c7eac7387dd12ee8ec52888ce44482fd61f17c287834347e9bde853b'),('sites/all/modules/location/handlers/location_views_handler_field_latitude.inc','8d1b31f56a2610cdb1e901f300b0c139ed2fac82a64878a32febff087a8a5cc9'),('sites/all/modules/location/handlers/location_views_handler_field_longitude.inc','6ef6c1871efe59095312b8d8f61179496a144ce3aa740d91997abcc53383374f'),('sites/all/modules/location/handlers/location_views_handler_filter_proximity.inc','df6f4077eff42115a57822c2ce22cd91e9553f23a64c51ed09d2f5c947c530f3'),('sites/all/modules/location/location.admin.inc','c87faa4499160abe1a2548cbc5f6a67dc262770b81aafcfab471b91d9722e73c'),('sites/all/modules/location/location.georss.inc','8d7a9646f7aca2839d1de3dd06e27c291ae49fff0dd092c456d9c8799d824929'),('sites/all/modules/location/location.inc','e0c2d5f584eddb75e1cd58029d8be13a614e87f5d01c4eb2fc153f7e3e0701b6'),('sites/all/modules/location/location.migrate.inc','040fc2086f799e0ef3a4afc6936d9663130686f5309049c29efd57dd47d91bef'),('sites/all/modules/location/location.token.inc','c1a89953256052d641479e6366f859fddb9046135ae57c3df6c0453fa071676b'),('sites/all/modules/location/location.views.inc','2c7fdcd6c61b17aadf65643350c5ca6023635805d765feecb7d7bf19e4a611bd'),('sites/all/modules/location/location.views_default.inc','10f1e9c8e2eba4e0608c1673f872e2221b62fe569e0f802e5281fba0986980b4'),('sites/all/modules/location/plugins/contexts/location.inc','ce30c40ba99c94a0d5a019de892e559647d10314ca3c9a69b1ea550f22718634'),('sites/all/modules/location/plugins/relationships/location_from_node.inc','fa05154e7db5c7126c5a5b07f17a7b79cff089e844d2f7c0070763c076be92b9'),('sites/all/modules/location/tests/cow.test','db2be927639827a370331d7da1958322ccf2a8c87c6ab8fefc5e46a49cc497a2'),('sites/all/modules/location/tests/earth.test','61e09a9e00024e7c94892a929945ce0d87fcc131bd8ece4f61f62d92b41345fd'),('sites/all/modules/location/tests/google_geocoder.test','895a9d7e3e21116f1c4cffff992fd4388085b19c0dabb24885cf0c26c569c792'),('sites/all/modules/location/tests/location_cck.test','f0dbfa6743f98ffc1e112f544f770168f01f43542b7823d7c4b0ebba5d63e55c'),('sites/all/modules/location/tests/location_cck2.test','fe99d5ebffa270e883237ef36b58ee56cbdcaaf124efa978cbb2c3aa208e723b'),('sites/all/modules/location/tests/location_testcase.test','fdd67f59df97b6bc875f8f3a288b5ab2632e6417bf0b30603f0783f1d547f0fd'),('sites/all/modules/metatag/metatag.inc','8c8aa002ac1d716c5f8416771d50f0b273b998e89eab67193afdac27826fe61a'),('sites/all/modules/metatag/metatag.migrate.inc','6908826a4e8b4779af7611c7c2c7b65b19f00b9f37d0a671b7b1e935a944400d'),('sites/all/modules/metatag/tests/metatag.core_tag_removal.test','3448dab54155324e7c05be224d8561eb1e50126e2746febbe4350b0e3fb59457'),('sites/all/modules/metatag/tests/metatag.helper.test','cfeaa94a61529834928aba32051afe33b5470a149fc391ff71c6b7ca577da7f7'),('sites/all/modules/metatag/tests/metatag.image.test','d973a1d60b3db9bfe652964e792259db189279a602341c172e2fc6ed14ad02df'),('sites/all/modules/metatag/tests/metatag.locale.test','54dabcb5814b752f8566d872daf21c47bfbfbc8e1fc31b0179579121aee928c3'),('sites/all/modules/metatag/tests/metatag.node.test','e5e25fbd998c5c810a6af17f1ff91785943eb8ae65e1004c9c4f83e9fcf9d3d3'),('sites/all/modules/metatag/tests/metatag.string_handling.test','bd61563d7853c6b142ffb83b5b827aad990f37667e011ab66d4e6157da402bf4'),('sites/all/modules/metatag/tests/metatag.string_handling_with_i18n.test','c9179090cdf7386c835ce3d4ca2d77e0db3a090cba448abf4a13dca983e27b99'),('sites/all/modules/metatag/tests/metatag.term.test','66a616176ed8dc5bcf9f7b68ee43f2d8cb5ece1281bacef0014a3819c2121449'),('sites/all/modules/metatag/tests/metatag.unit.test','a030ed04b1e98096b75d30a686a9ad5335a4bb9173935fa439808ce5a1801f79'),('sites/all/modules/metatag/tests/metatag.user.test','e65aada51043abb59674aeea1fa81d39d9f4b6083392ff84b6aadd5e2198c165'),('sites/all/modules/metatag/tests/metatag.with_i18n_config.test','5325794154abf448a94ad5801f1a3cccd45d4c521c26de46d787bcf8bb0bebe4'),('sites/all/modules/metatag/tests/metatag.with_i18n_disabled.test','15d999e13f890f67a4f8eeb4cb9066b68c87e8286802bc7ff3f8832b73e01f47'),('sites/all/modules/metatag/tests/metatag.with_i18n_node.test','3d973bd083957fcd1510cbdd345146328c884dd1c858d8cc636623d3ca6e5be2'),('sites/all/modules/metatag/tests/metatag.with_i18n_output.test','3111674e846f8f66c477945fcb73ebfabad94567f12c9d0e5214b47475431fe3'),('sites/all/modules/metatag/tests/metatag.with_panels.test','a0bb04ea42b27a18facd38180171612e700d9ad9fd0ca701da0701124058f87b'),('sites/all/modules/metatag/tests/metatag.with_views.test','c596027f38b0655f9ca043a70d514bc7a60bc967742fe7910f47dc668ac38233'),('sites/all/modules/seo_checker/basic_seo_rules/basic_seo_rules.module','83bbb7fe5c5126b084f6a58ffec7a21e4c38547d084a86a1f416880c892ac62a'),('sites/all/modules/seo_checker/inc/seo_checker.admin.inc','74b88b7e87c8baebd57bc6b2673c750147f6470de4caf3698f4327f36b41c07d'),('sites/all/modules/seo_checker/inc/seo_checker.theme.inc','f8d5376df52228fefb0acf52784433abc8fc9453e0308486b4e3211352f0b428'),('sites/all/modules/seo_checker/keyword_rules/keyword_rules.module','f5efc6297c37409abb12df3b7cf49df4a87b86a0f753424de5db1e5db12f6e63'),('sites/all/modules/seo_checker/seo_checker.install','ece80a1fd98a3c5a3ab57214dbf4a68a069e96c371fc80fb742f3d1654088389'),('sites/all/modules/seo_checker/seo_checker.module','2f7333c36d173f0bf936adc96462d5ad105e26aba5bb753ffccd1befef9d3776'),('sites/all/modules/seo_checker/theme/slider-atleast.tpl.php','fceb7a2838425c84041d695d518f3232d3f02b271b809cbcf05fbb4e1984aa59'),('sites/all/modules/seo_checker/theme/slider-range.tpl.php','70c7bddfaddc099c9e8303ff6f81c7bd99231d1c05b5bd6645046554e0646a2b'),('sites/all/modules/token/token.test','79c44cc6bb46caa41eaf371df9c77d7ef98bbee7d96c04ca1039375dc6674961'),('sites/all/modules/views/handlers/views_handler_area.inc','95d4374c805c057c9855304ded14ce316cdee8aca0744120a74400e2a8173fae'),('sites/all/modules/views/handlers/views_handler_area_messages.inc','de94f83a65b47d55bbb4949fcf93dd4ad628a4a105cea2b47cdc22593f3e5925'),('sites/all/modules/views/handlers/views_handler_area_result.inc','836747c024cc153ec4516737da0c42a864eb708e0b77d2f8ba606411c57356a2'),('sites/all/modules/views/handlers/views_handler_area_text.inc','531d0ac3b64206970593762df0abac60524f607253c3af876dd66ba747786dce'),('sites/all/modules/views/handlers/views_handler_area_text_custom.inc','35b702060c192b0adf6601ed437d0a02effd3accb71c07d6156013c8be9d5a15'),('sites/all/modules/views/handlers/views_handler_area_view.inc','e604b5716d9ea202ab0b8e51d2bd0a4a8eeab461db0a74bf37745d6cbba25c41'),('sites/all/modules/views/handlers/views_handler_argument.inc','0a4337083dfc97670003967bf535803c99c1e9f049a5764b9c776c7b6fde57d2'),('sites/all/modules/views/handlers/views_handler_argument_date.inc','1b423d5a437bbd8ed97d0bfb69c635d36f15114699a7bc0056568cc87937477d'),('sites/all/modules/views/handlers/views_handler_argument_formula.inc','5a29748494a7e1c37606224de0c3cac45566efe057e4748b6676a898ac224a61'),('sites/all/modules/views/handlers/views_handler_argument_group_by_numeric.inc','b8d29f27592448b63f15138510128203d726590daef56cf153a09407c90ec481'),('sites/all/modules/views/handlers/views_handler_argument_many_to_one.inc','b2de259c2d00fe7ed04eb5d45eb5107ce60535dd0275823883cc29b04d1a3974'),('sites/all/modules/views/handlers/views_handler_argument_null.inc','26699660fd0915ec078d7eb35a93ef39fd53e3a2a4841c0ac5dbf0bb02207bee'),('sites/all/modules/views/handlers/views_handler_argument_numeric.inc','ae23d847fa0f1e92baec32665a8894e26660999e338bebffb49ee42daac5a063'),('sites/all/modules/views/handlers/views_handler_argument_string.inc','f8fe4daf0a636cc93d520a0d5ff212840d8bdaa704ddc3c59a24667f341ed3a1'),('sites/all/modules/views/handlers/views_handler_field.inc','3d059d737e738436a15651f9ac8374f460a71eb569619ba0a8a14a55a3efc87e'),('sites/all/modules/views/handlers/views_handler_field_boolean.inc','dc00b916a223935e05f51d94a2dffbaf430b162517072f7c2122332af41e8fc2'),('sites/all/modules/views/handlers/views_handler_field_contextual_links.inc','9752231bd248bcbc5c7282361098350f080706e3886d20753c5b2059adb10c00'),('sites/all/modules/views/handlers/views_handler_field_counter.inc','865a5ad7df830dae9e167709446e66cebf3e32e91ec05b5c2b887c96d0d6b0d8'),('sites/all/modules/views/handlers/views_handler_field_custom.inc','a3d25fc20401ae0a1af4b7d6e83376a5b7dc18ab0aed17a3c6d81e2314cf19f8'),('sites/all/modules/views/handlers/views_handler_field_date.inc','79cb6583981104d70d20393fe62281c749680f375cb67355635ef00688258934'),('sites/all/modules/views/handlers/views_handler_field_entity.inc','909ab36aff896ad8fa4306d95a052172ec27e471ab385a035fcadef8d019e0f9'),('sites/all/modules/views/handlers/views_handler_field_machine_name.inc','df2fe47cf9c6d2e7de8627c08da809fb60883c38697340966f303c223e22aee4'),('sites/all/modules/views/handlers/views_handler_field_markup.inc','a0c652fdf47f7efe35bbf2371f00e230409fe90ea0038eb101bf0c93ae0718e9'),('sites/all/modules/views/handlers/views_handler_field_math.inc','08c9fb88b20ca346ee3dc29773b2341ea294ba85b659dbd8c1cc92a9ddf900e8'),('sites/all/modules/views/handlers/views_handler_field_numeric.inc','51311e98172a3f2b9f8d406e4c64f2bc9d1243ab8003e1d421bf6ffa5f0100df'),('sites/all/modules/views/handlers/views_handler_field_prerender_list.inc','0fe605bf457886fbca5f041a422fc51c6a1927654dcd06cbfc619496fe57de0e'),('sites/all/modules/views/handlers/views_handler_field_serialized.inc','ad3d82a9f37ae4c71a875526c353839da2ff529351efc7861f8b7c9d4b5a47db'),('sites/all/modules/views/handlers/views_handler_field_time_interval.inc','280d569784312d19dabfb7aeb94639442ae37e16cba02659a8251de08a4f1de2'),('sites/all/modules/views/handlers/views_handler_field_url.inc','7ca57a8dcc42a3d1e7e7ec5defa64a689cb678073e15153ff6a7cafe54c90249'),('sites/all/modules/views/handlers/views_handler_filter.inc','b21fbc12bf620db26d391ac0f9e12f5076bbd188c8086c593187365d70bb2861'),('sites/all/modules/views/handlers/views_handler_filter_boolean_operator.inc','f4ca59e4e1f91f219a1b33690a4ad412269946804fe7cacf24f2574b2c6d8599'),('sites/all/modules/views/handlers/views_handler_filter_boolean_operator_string.inc','0ddd32cda535112c187de1c062797849ff90d9b312a8659056e76d2d209f694a'),('sites/all/modules/views/handlers/views_handler_filter_combine.inc','802f033bba6a9965896b02e3c3e0ea4493e4be282f2c5444ebbeec7e8a478072'),('sites/all/modules/views/handlers/views_handler_filter_date.inc','fb63877ecfa64f2be8557a21dcf34e28b59c4a9c5f561f55738162d2301c4aa1'),('sites/all/modules/views/handlers/views_handler_filter_entity_bundle.inc','02db977a67a09f70bdc8e2bbc46a05fff8a6d8bd6423308c95418476e84714a3'),('sites/all/modules/views/handlers/views_handler_filter_equality.inc','2100cdd7f5232348adae494c5122ba41ff051eee0a8cc14aeaf6a66202cb7ed1'),('sites/all/modules/views/handlers/views_handler_filter_fields_compare.inc','e116c3796f1bd409b150f5ab896b9bab956d6e71a82e5770ed6fde44605751b2'),('sites/all/modules/views/handlers/views_handler_filter_group_by_numeric.inc','9401c4c0fe0d678898e5288ef8152784a12e0743df21dec15457353eb2cdb01d'),('sites/all/modules/views/handlers/views_handler_filter_in_operator.inc','8fd7f075468bddde5c4208b1c3a6105f8fea0ac0c214452a37c00fc2f3453a7d'),('sites/all/modules/views/handlers/views_handler_filter_many_to_one.inc','b4a415c2824195d3d7d0e37ada9d69ebec0b9cd833ebcac2439efc20aac15595'),('sites/all/modules/views/handlers/views_handler_filter_numeric.inc','8a999227d17674a70381ab8b45fbdc91269a83a45e5f7514607ed8b4a5bf6a9f'),('sites/all/modules/views/handlers/views_handler_filter_string.inc','140006335ac5b19b6253b431afde624db70385b9d22390b8c275296ae469cc7b'),('sites/all/modules/views/handlers/views_handler_relationship.inc','4fefdb6c9c48b72dcfe86484123b97eb5f5b90b6a440d8026d71f74dccbd1cd6'),('sites/all/modules/views/handlers/views_handler_relationship_groupwise_max.inc','47dcfe351159b10153697c17b3a92607edb34a258ba3b44087c947b9cc88e86f'),('sites/all/modules/views/handlers/views_handler_sort.inc','06aab8d75f3dce81eb032128b8f755bfff752dcefc2e5d494b137bca161fdefa'),('sites/all/modules/views/handlers/views_handler_sort_date.inc','d7e771abf74585bd09cc8e666747a093f40848b451de8ba67c8158317946f1b2'),('sites/all/modules/views/handlers/views_handler_sort_group_by_numeric.inc','4ba1c38c9af32789a951b8f9377e13631ae26bf1dac3371b31a37ead25b32eb8'),('sites/all/modules/views/handlers/views_handler_sort_menu_hierarchy.inc','ccd65ea3b3270366b7175e2cd7cc9167a09c27e1486949e4a05495ff5c7be5c1'),('sites/all/modules/views/handlers/views_handler_sort_random.inc','05a00c3bf76c3278ae0ce39a206a6224089faf5ac4a00dd5b8a558f06fab8e46'),('sites/all/modules/views/includes/base.inc','5ad8155dbc31cc4460b65747d99b70a64a83f6fefa00231c8d965293a7a183ee'),('sites/all/modules/views/includes/handlers.inc','05e075cf4bf50640acdebf9b3ac72652eb6c83e30b7541653b5e69d6e3342ce9'),('sites/all/modules/views/includes/plugins.inc','11c03b1c69be7e9969ec0665b07ddfe170c9505f8d4e862cb27f1232a2a4240e'),('sites/all/modules/views/includes/view.inc','d7556815a747655e3cce98c18c4529f6fbeff46e33df351bc0b713551c8fe208'),('sites/all/modules/views/modules/aggregator/views_handler_argument_aggregator_category_cid.inc','97acf41d6694fd4451909c18b118f482db9f39aa4b8c5cfa75d044d410c46012'),('sites/all/modules/views/modules/aggregator/views_handler_argument_aggregator_fid.inc','c37def91d635b01db36809141d147d263cc910895e11c05e73d703e86b39fd43'),('sites/all/modules/views/modules/aggregator/views_handler_argument_aggregator_iid.inc','344f2806344d9c6356f2e19d297522f53bab7a4cebdf23c76d04c85c9e0a0d8e'),('sites/all/modules/views/modules/aggregator/views_handler_field_aggregator_category.inc','252b30b832d8c0097d6878f5d56beecfc8cc1fc7cc8b5a4670d8d95a80b4f17d'),('sites/all/modules/views/modules/aggregator/views_handler_field_aggregator_title_link.inc','1bb18967b11f2f4de62075d27e483f175b5e3431622c2e5e8292afcd000beadf'),('sites/all/modules/views/modules/aggregator/views_handler_field_aggregator_xss.inc','2db2e1f0500e0a252c7367e6a92906870b3247f9d424f999c381368ee2c76597'),('sites/all/modules/views/modules/aggregator/views_handler_filter_aggregator_category_cid.inc','7c7c0690c836ac1b75bca3433aca587b79aec3e7d072ce97dc9b33a35780ad4f'),('sites/all/modules/views/modules/aggregator/views_plugin_row_aggregator_rss.inc','591e5bb7272e389fe5fc2b563f8887dbc3674811ffbb41333d36a7a9a1859e56'),('sites/all/modules/views/modules/book/views_plugin_argument_default_book_root.inc','bd3bd9496bf519b1688cf39396f3afa495a29c8190a3e173c0740f4d20606a53'),('sites/all/modules/views/modules/comment/views_handler_argument_comment_user_uid.inc','5e29f7523010a074bda7c619b24c5d31e0c060cdbe47136b8b16b2f198ed4b4a'),('sites/all/modules/views/modules/comment/views_handler_field_comment.inc','a126d690cc5bf8491cb4bee4cc8237b90e86768bebbbecb8a9409a3c1e00fa9e'),('sites/all/modules/views/modules/comment/views_handler_field_comment_depth.inc','1dc353a31d3c71c67d0b3e6854d9e767e421010fbbf6a8b04a14035e5f7c097f'),('sites/all/modules/views/modules/comment/views_handler_field_comment_link.inc','1f7382f7cb05c65a7cba44e4cd58022bbc6ce5597b96228d1891d7720510bf0e'),('sites/all/modules/views/modules/comment/views_handler_field_comment_link_approve.inc','f6db8a0b4dd9fffba9d8ecb7b7363ba99d3b2dc7176436a0a6dd7a93195a5789'),('sites/all/modules/views/modules/comment/views_handler_field_comment_link_delete.inc','905a4cb1f91a4b40ee1ca1d1ded9958ae18e82286589fec100adb676769b1fe9'),('sites/all/modules/views/modules/comment/views_handler_field_comment_link_edit.inc','8139c932cde20f366a3019111c054b1ed00dbc0c40634b91239b400243b7723a'),('sites/all/modules/views/modules/comment/views_handler_field_comment_link_reply.inc','8807884efb840407696c909b9d5d07f60bde9d7f385a59eca214178ce5369558'),('sites/all/modules/views/modules/comment/views_handler_field_comment_node_link.inc','64746ff2b80a5f8e83b996a325c3d5c8393934c331510b93d5815ea11c1db162'),('sites/all/modules/views/modules/comment/views_handler_field_comment_username.inc','1ce3fa61b3933a3e15466760e4c5d4a85407ba4c8753422b766fc04395fa4d02'),('sites/all/modules/views/modules/comment/views_handler_field_last_comment_timestamp.inc','30c55ec6d55bf4928b757f2a236aab56d34a8e6955944a1471e9d7b7aed057c0'),('sites/all/modules/views/modules/comment/views_handler_field_ncs_last_comment_name.inc','82025f3ad22b63abc57172d358b3f975006109802f4a5ecac93ce3785c505cae'),('sites/all/modules/views/modules/comment/views_handler_field_ncs_last_updated.inc','facfbc5defd843f4dfb60e645f09a784234d87876628c8de98d2dfa6bb98a895'),('sites/all/modules/views/modules/comment/views_handler_field_node_comment.inc','0cf9e8fb416dca35c3b9df3125eb3a8585f798c6a8f8d0e1034b1fccb5cec38b'),('sites/all/modules/views/modules/comment/views_handler_field_node_new_comments.inc','e0830d1f70dea473e46ab2b86e380ef741b2907f033777889f812f46989f2ff7'),('sites/all/modules/views/modules/comment/views_handler_filter_comment_user_uid.inc','f526c2c4153b28d7b144054828261ba7b26566169350477cd4fb3f5b5f280719'),('sites/all/modules/views/modules/comment/views_handler_filter_ncs_last_updated.inc','9369675dfee24891fe19bddf85a847c275b8127949c55112ae5cb4d422977d24'),('sites/all/modules/views/modules/comment/views_handler_filter_node_comment.inc','70706c47bad9180c2426005da6c178ed8d27b75b28cb797ca2a1925a96dcef09'),('sites/all/modules/views/modules/comment/views_handler_sort_comment_thread.inc','a64bc780cba372bd408f08a5ea9289cdf3d40562bdf2f7320657be9a9f6c7882'),('sites/all/modules/views/modules/comment/views_handler_sort_ncs_last_comment_name.inc','9f039e8b8a046c058fda620804e3503be7b3e7e3e4119f0b015ccbae0922635b'),('sites/all/modules/views/modules/comment/views_handler_sort_ncs_last_updated.inc','fa8b9c3614ad5838aa40194940d9dc6935175a16e141ac919f40e74a7428c4e3'),('sites/all/modules/views/modules/comment/views_plugin_row_comment_rss.inc','96f651234e30a3aff805ae9a524c99813a286bf75b5a9fd8da2d7d4fbec50810'),('sites/all/modules/views/modules/comment/views_plugin_row_comment_view.inc','82d7296fa3109ca170f66f6f3b5e1209af98a9519bb5e4a2c42d9fc0e95d7078'),('sites/all/modules/views/modules/contact/views_handler_field_contact_link.inc','ec783b215a06c89c0933107a580c144051118305dd0129ac28a7fea5f95a8fd5'),('sites/all/modules/views/modules/field/views_handler_argument_field_list.inc','eff5152a2c120425a2a75fe7dbcb49ed86e5d48392b0f45b49c2e7abee9fa72b'),('sites/all/modules/views/modules/field/views_handler_argument_field_list_string.inc','534af91d92da7a622580ab8b262f9ef76241671a5185f30ba81898806c7b7f15'),('sites/all/modules/views/modules/field/views_handler_field_field.inc','e222d12b315cfd12d8c5d4d9bd4ac053ebb34d41698808db2006b774fec017c0'),('sites/all/modules/views/modules/field/views_handler_filter_field_list.inc','3b55cd0a14453c95ebd534507ab842a8505496d0b7e4c7fcd61c186034c7322d'),('sites/all/modules/views/modules/field/views_handler_filter_field_list_boolean.inc','d33035e141ca686b3f18da1e97adaa1ff8e5d1db266340d3030e873a744685e2'),('sites/all/modules/views/modules/field/views_handler_relationship_entity_reverse.inc','060035c5430c81671e4541bcf7de833c8a1eb3fa3f3a9db94dd3cebfa4299ef1'),('sites/all/modules/views/modules/filter/views_handler_field_filter_format_name.inc','fc3f074ffb39822182783a8d5cf2b89ffcc097ccbb2ed15818a72a99e3a18468'),('sites/all/modules/views/modules/locale/views_handler_argument_locale_group.inc','c8545411096da40f48eef8ec59391f4729c884079482e3e5b3cdd5578a1f9ad7'),('sites/all/modules/views/modules/locale/views_handler_argument_locale_language.inc','a1b6505bb26e4b3abce543b9097cd0a7b8cddf00bf1e49fbba86febebb0f4486'),('sites/all/modules/views/modules/locale/views_handler_field_locale_group.inc','5b62afe18f92ee4a5fb49eb0995e65b4744bbe3b9c24ffe8f6c21f3191c04afc'),('sites/all/modules/views/modules/locale/views_handler_field_locale_language.inc','0cc08bd2d42e07f26e7acc92642b36f0ac62bf23ee9ba3fd21e6cab9a80e9f72'),('sites/all/modules/views/modules/locale/views_handler_field_locale_link_edit.inc','3883d3f37030d6d8e397e79ccb99ec3cb715ba7a789510f4b79b7515e314e7ae'),('sites/all/modules/views/modules/locale/views_handler_field_node_language.inc','a6ccdb6c1c4df3b4fd31b714f5aa4ac99771ffce63439d6c5de6c0ae2f09a2c1'),('sites/all/modules/views/modules/locale/views_handler_filter_locale_group.inc','40fbc041bab64f336f59d1e0593f184b879b2a0c9e2a6050709bdc54cceb2716'),('sites/all/modules/views/modules/locale/views_handler_filter_locale_language.inc','3433893d988aad36b918dd6214f5258b701506bc9c0c6a72fd854a036b635e20'),('sites/all/modules/views/modules/locale/views_handler_filter_locale_version.inc','9337ea5216784ffc67a0aa45c946e65ad11fc40849189cc70911a81366b78620'),('sites/all/modules/views/modules/locale/views_handler_filter_node_language.inc','d7edea3f35891cc76aa3bb185b9c1404378623ea7fd214c2a1f0d824df12779a'),('sites/all/modules/views/modules/node/views_handler_argument_dates_various.inc','d2c17e6ec3d221bdd0d1c060da4b0c85274c8ac5a0b624b1469b162694a8d0f5'),('sites/all/modules/views/modules/node/views_handler_argument_node_language.inc','7ee3ba02bddaa6aeef9961cdf6af7bb386fc2b12529f095b28520bb98af51775'),('sites/all/modules/views/modules/node/views_handler_argument_node_nid.inc','11c5b62413ffd1b2c66d4b60a2fe21cf6eb839ae40d4ef81c7a938c5be3e30de'),('sites/all/modules/views/modules/node/views_handler_argument_node_type.inc','9e21b4cc4ae861f58c804ea7e2c17fbc5dd2a7938b9abfeb54437b531fc95e6e'),('sites/all/modules/views/modules/node/views_handler_argument_node_uid_revision.inc','675c99f8da9748ac507e202f546914bee3ed4065f6ce83a23a2aaafdaefd084e'),('sites/all/modules/views/modules/node/views_handler_argument_node_vid.inc','7e5da5594a336c1d0f4cf080ab3fcd690e0de1ee6b5e1830b5fb76a46bced19c'),('sites/all/modules/views/modules/node/views_handler_field_history_user_timestamp.inc','7d6d9c8273d317ab908d4873a32086dbd5f78a2b2d07b7ed79975841a2cadea6'),('sites/all/modules/views/modules/node/views_handler_field_node.inc','99a0ef52b68e8913eb3563d5c47097c09e46c6493fcb006f383c6f6798edb7fc'),('sites/all/modules/views/modules/node/views_handler_field_node_link.inc','26d8309a3a9140682d7d90e4d16ff664a3d7ce662af6ccbf75dc4c493515d7d9'),('sites/all/modules/views/modules/node/views_handler_field_node_link_delete.inc','3eeed8c9ffc088ee28b8ffaa5e2b084db24284acc4d1b2e69f90c96cc889016d'),('sites/all/modules/views/modules/node/views_handler_field_node_link_edit.inc','28f8c3b7d3d60c31fec3cdf81c84cfbb20f492220457694a0e150c3ddee030c0'),('sites/all/modules/views/modules/node/views_handler_field_node_path.inc','f392fde21e434fd40fc672546ef684780179d91827350ba9c348bb1cc5924727'),('sites/all/modules/views/modules/node/views_handler_field_node_revision.inc','3f510d58acaa8f844292b86c388cb1e78eac8c732bb5e7c9e92439c425710240'),('sites/all/modules/views/modules/node/views_handler_field_node_revision_link.inc','ace72f296cf4a4da4b7dd7b303532aebf93b6b1c18a5d30b51b65738475e3889'),('sites/all/modules/views/modules/node/views_handler_field_node_revision_link_delete.inc','0a36602f080c4ef2bb5cb7dbddc5533deab7743c2fbf3bd88b9e478432cac7fb'),('sites/all/modules/views/modules/node/views_handler_field_node_revision_link_revert.inc','80ddc7f0c001fde9af491bb22d6044b85324fe90bea611fc3822408fd60008fa'),('sites/all/modules/views/modules/node/views_handler_field_node_type.inc','f8f39c6f238f837270d1b2e42e67bf9ab400a37fe24246c8b86dfcfacc1c4fd9'),('sites/all/modules/views/modules/node/views_handler_filter_history_user_timestamp.inc','2970f270e071cad079880e9598d9f7b71d4dd2a2a42a31cd4489029a3cafe158'),('sites/all/modules/views/modules/node/views_handler_filter_node_access.inc','ca625167c8928f1c5b354c27c120ed9b19c1df665dc3b02ed6d96b58194d6243'),('sites/all/modules/views/modules/node/views_handler_filter_node_status.inc','f7099a59d3f237f2870ecb6b0b5e49dd9d785b1085e94baf55687251e7f3231b'),('sites/all/modules/views/modules/node/views_handler_filter_node_type.inc','6842082e7b6e131d6e002e627e6b4490b93ca6ffe7fc0b158d31843217c8c929'),('sites/all/modules/views/modules/node/views_handler_filter_node_uid_revision.inc','b221785bc9a736ef67e4f03e6b26235333115b5b9ce571095de5c5286dd8d744'),('sites/all/modules/views/modules/node/views_plugin_argument_default_node.inc','7fb79c8f4adb9bcef7c7da4bf4046fe3490e16c244f6ab96fdca97a8567315ff'),('sites/all/modules/views/modules/node/views_plugin_argument_validate_node.inc','f10d3f4081eed5ca32c41b67e9a0e6f35b2f8ba2cd7897230cb5a680b410a6de'),('sites/all/modules/views/modules/node/views_plugin_row_node_rss.inc','1e55454684102fad08c947695c370a890a22ea22c3c9aca3207f2299aa3daf7e'),('sites/all/modules/views/modules/node/views_plugin_row_node_view.inc','713e1c83702ac2d0d7fe76374110cdfd657598a8f3b086ec2352f2de38101504'),('sites/all/modules/views/modules/profile/views_handler_field_profile_date.inc','e206509ef8b592e602e005f6e3fa5ba8ef7222bdb5bacd0aaeea898c4001e9b0'),('sites/all/modules/views/modules/profile/views_handler_field_profile_list.inc','da5fa527ab4bb6a1ff44cc2f9cec91cf3b094670f9e6e3884e1fedce714afe6f'),('sites/all/modules/views/modules/profile/views_handler_filter_profile_selection.inc','758dea53760a1b655986c33d21345ac396ad41d10ddf39dd16bc7d8c68e72da7'),('sites/all/modules/views/modules/search/views_handler_argument_search.inc','3c20f1234af341ea2229419980d8405b7eca5005c1e0ee387c8d5cd7a58c5c60'),('sites/all/modules/views/modules/search/views_handler_field_search_score.inc','711af637c864b775672d9f6203fc2da0902ed17404181d1117b400012aac366f'),('sites/all/modules/views/modules/search/views_handler_filter_search.inc','15d63289e4821f329f44eb40dc121375e024e61fc2f1158f71b3d6c77fe6c4f1'),('sites/all/modules/views/modules/search/views_handler_sort_search_score.inc','9d23dd6c464d486266749106caec1d10cec2da1cc3ae5f907f39056c46badbdf'),('sites/all/modules/views/modules/search/views_plugin_row_search_view.inc','bc25864154d4df0a58bc1ac1148581c76df36267a1d18f8caee2e3e1233c8286'),('sites/all/modules/views/modules/statistics/views_handler_field_accesslog_path.inc','7843e5f4b35f4322d673b5646e840c274f7d747f2c60c4d4e9c47e282e6db37d'),('sites/all/modules/views/modules/system/views_handler_argument_file_fid.inc','e9bf1fdf12f210f0a77774381b670c77ee88e7789971ce732b254f6be5a0e451'),('sites/all/modules/views/modules/system/views_handler_field_file.inc','0fff4adb471c0c164a78f507b035a68d41f404ab10535f06f6c11206f39a7681'),('sites/all/modules/views/modules/system/views_handler_field_file_extension.inc','768aa56198c7e82327391084f5dd27d7efdb8179ff6b8c941f892fe30469a0da'),('sites/all/modules/views/modules/system/views_handler_field_file_filemime.inc','bdd7f1255f3000f7f2900341d4c4ca378244b96390ef52a30db2962d017b61a4'),('sites/all/modules/views/modules/system/views_handler_field_file_status.inc','bfb0b9d796a4dbf95c4bb7a3deef7724bcda9e0d9067939b74ec787da934f2b0'),('sites/all/modules/views/modules/system/views_handler_field_file_uri.inc','350d7dde27ee97cb4279360374eb8633ce7fee115a109346bea85c2c4e3a68c2'),('sites/all/modules/views/modules/system/views_handler_filter_file_status.inc','9210a34795f9db36974525e718c91c03c28554da1199932791925d7c4a2f3b11'),('sites/all/modules/views/modules/system/views_handler_filter_system_type.inc','d27513703a75c4d8af79b489266cf4102a36e350c3d90404dab24403ab637205'),('sites/all/modules/views/modules/taxonomy/views_handler_argument_taxonomy.inc','8962fa76f1e03316932468b0fd805817af94726beb82bf9f4786e0c709264662'),('sites/all/modules/views/modules/taxonomy/views_handler_argument_term_node_tid.inc','79a80284231b3bc5aab36833e8200853686784f880dc6b104552d61fc602f27c'),('sites/all/modules/views/modules/taxonomy/views_handler_argument_term_node_tid_depth.inc','5b2806fbad4a6cc104e733a3a0faf6eb1c19975930c67c4149fb3267976e0b7d'),('sites/all/modules/views/modules/taxonomy/views_handler_argument_term_node_tid_depth_modifier.inc','d85ebe68290239b25fc240451655b825325854e9707cf742fbd75de81e0f1aa7'),('sites/all/modules/views/modules/taxonomy/views_handler_argument_vocabulary_machine_name.inc','888647527bec3444b2d0a571a77900396d7c5e884bca04a2a3667a61f6377b5e'),('sites/all/modules/views/modules/taxonomy/views_handler_argument_vocabulary_vid.inc','bf4be783ef6899f004f4dbd06c1bf2cd6dbc322678c825eec36bee81d667e81f'),('sites/all/modules/views/modules/taxonomy/views_handler_field_taxonomy.inc','b0dd5cfa87c44b95aefd819444e4985c1773350bcf9fe073a2ef5c82b680b833'),('sites/all/modules/views/modules/taxonomy/views_handler_field_term_link_edit.inc','3da63f6feb1fa3312853b54585d761d037dac8841b4c06e01e35463c9098064a'),('sites/all/modules/views/modules/taxonomy/views_handler_field_term_node_tid.inc','29c5132ac98a2959405e44f9a83096b0dcfa30ed7fb4688453ca7e1fc779684b'),('sites/all/modules/views/modules/taxonomy/views_handler_filter_term_node_tid.inc','39ce0407a63392819566cb708027f7a39e48c215448f5b3aa1816474ec47e5c8'),('sites/all/modules/views/modules/taxonomy/views_handler_filter_term_node_tid_depth.inc','0b05ec052dcc03081e20338808dda17beb0bdf869b0cfc1375ca96cfb758c22a'),('sites/all/modules/views/modules/taxonomy/views_handler_filter_vocabulary_machine_name.inc','f1787b436b914cfe5ca6f2575d4c0595f4f496795711d6e8a116a39986728b0a'),('sites/all/modules/views/modules/taxonomy/views_handler_filter_vocabulary_vid.inc','2a4d7dfbb6b795d217e2617595238f552bbea04b80217c933f1ee9978ceb7a0e'),('sites/all/modules/views/modules/taxonomy/views_handler_relationship_node_term_data.inc','2ef7502b02b7ea435ac166274c0e7b8576ef76353fc196a26ab79e9057b6da56'),('sites/all/modules/views/modules/taxonomy/views_plugin_argument_default_taxonomy_tid.inc','fc4c3ace525162fc922de581af0710c7d92dc355e9630040a29a5c3a6ab7f9af'),('sites/all/modules/views/modules/taxonomy/views_plugin_argument_validate_taxonomy_term.inc','d1a7aa7ebd9c698afcdcf75b2f0affa981124064ff787ebc716bfac3ee0f60af'),('sites/all/modules/views/modules/tracker/views_handler_argument_tracker_comment_user_uid.inc','91f5b7e9537942eee7a1798906f772cb9806eebfdc201c54fcdecf027cd71d0f'),('sites/all/modules/views/modules/tracker/views_handler_filter_tracker_boolean_operator.inc','5efea908902052d68141017b6f29f17381e7bb8ebb6d88245471926f0a552207'),('sites/all/modules/views/modules/tracker/views_handler_filter_tracker_comment_user_uid.inc','05e07f74d1e3978afd4c80a9b4bd72444872b84a44949a512f1d3040ce28421c'),('sites/all/modules/views/modules/translation/views_handler_argument_node_tnid.inc','b0e3c87d3790cfa2e265f3d9700f2b3c2857932aa4b6e003e5d0114fc1b4d499'),('sites/all/modules/views/modules/translation/views_handler_field_node_link_translate.inc','27a1ac81b50d4807d9a1eff4c5dc8929e4472f9d363f70f5391a794db73424a2'),('sites/all/modules/views/modules/translation/views_handler_field_node_translation_link.inc','641ff25cd317bb803de2ace4bd23e8c5f5af5ba4ac38aab7be2fdc58fbb9e86a'),('sites/all/modules/views/modules/translation/views_handler_filter_node_tnid.inc','0942fd793740e3aec032a1abb7132f53788a9cdeaeb3d931cac908ac30b73950'),('sites/all/modules/views/modules/translation/views_handler_filter_node_tnid_child.inc','2a7a96d6caa4a99996549be0457bf40fa619731543a636d4573e55c190c64c7a'),('sites/all/modules/views/modules/translation/views_handler_relationship_translation.inc','9137c85f5ca309d4ee0d3243c470563a5853f5926b8cbd3e843438d4308c9516'),('sites/all/modules/views/modules/user/views_handler_argument_users_roles_rid.inc','72da80e7f3c6980da024d86f37ba3721021cc1ead2cfcc1ab9b27897b7b5077a'),('sites/all/modules/views/modules/user/views_handler_argument_user_uid.inc','a4af1bdc1ec5e40587c22c14e839980050baaa346c9d5934ef3f01794932cdc5'),('sites/all/modules/views/modules/user/views_handler_field_user.inc','1a2141524e43d86b52c7828fe6df61dd603ad433743c1139cfc5cc28ccb5ce74'),('sites/all/modules/views/modules/user/views_handler_field_user_language.inc','5a3da9e08ebeebbcb5abc6a9b16e0d380c5bb5c57b608afb540a3ca6dc1b2959'),('sites/all/modules/views/modules/user/views_handler_field_user_link.inc','5a0f35d5305a29816658385ecbd804bf43c92d4b3629fbe4bd9b8d0e9574b6ff'),('sites/all/modules/views/modules/user/views_handler_field_user_link_cancel.inc','b865881b15ce86b5a00f2892d3fc62f40131417527211275ff9a3d09d485750b'),('sites/all/modules/views/modules/user/views_handler_field_user_link_edit.inc','5d7c1155d9eccbd6b07c7446fe2b6a8848d6a500f508ac3779f16df56816f92b'),('sites/all/modules/views/modules/user/views_handler_field_user_mail.inc','b7355b704f19322afb4876cea27744367e20098d4ed973e480bf2baf1ddd111c'),('sites/all/modules/views/modules/user/views_handler_field_user_name.inc','5fd9a4d7843fee83cf529384a52d7ae69e40a9c8846e7f285e94f4bbbf8c7e29'),('sites/all/modules/views/modules/user/views_handler_field_user_permissions.inc','ec37373524bf23ae107adda6b825570c550e6654c0f0956409fc58df2c860903'),('sites/all/modules/views/modules/user/views_handler_field_user_picture.inc','0103d136a91fb219fd981801301b7df00adf90617900ded08efbf6d7df04959b'),('sites/all/modules/views/modules/user/views_handler_field_user_roles.inc','ab5068c4f01a05c6511f7d4b973a77650d5b5c481d4a73f63b7a9b1ef9c0d138'),('sites/all/modules/views/modules/user/views_handler_filter_user_current.inc','7f70b7e3b3c10e75d95f54afc9c2fe2f1af9b7a9eab2308d2961b2588dc05845'),('sites/all/modules/views/modules/user/views_handler_filter_user_name.inc','5225e5d89051313e0e49ea833709bb4dc44369afeee970b0cfaf1818ababa22c'),('sites/all/modules/views/modules/user/views_handler_filter_user_permissions.inc','a72e8d02c1075cebfee33e5b046460eef9193b2a7c1d47ff130457e4485b6fe5'),('sites/all/modules/views/modules/user/views_handler_filter_user_roles.inc','3bb69fbc4e352ce8e4840ec78bdd0f1f29e8709097ce6b29cc2fedd2c74c023e'),('sites/all/modules/views/modules/user/views_plugin_argument_default_current_user.inc','11e729115350deffe46ebfe3a55281fa169a90e38a76c3a9d98f26c87900a22b'),('sites/all/modules/views/modules/user/views_plugin_argument_default_user.inc','fe567f009a8e20f402f104b157fd44c04d6bd886a39b2f3355104f644f905419'),('sites/all/modules/views/modules/user/views_plugin_argument_validate_user.inc','40d623b0a678fa7c292da92582f06449d0396341ab161069f0fe8d1086ab95da'),('sites/all/modules/views/modules/user/views_plugin_row_user_view.inc','52548cca3f18d25b06cfce15ee00acea530b85bd22a10944d984b5a798c5969f'),('sites/all/modules/views/plugins/export_ui/views_ui.class.php','8548322a602b99e4343948255a8c89b034e005a29d71e499cea7c60a4d8a6d87'),('sites/all/modules/views/plugins/views_plugin_access.inc','cc16bf7dc4c10eab382e948cfd91902ac1055514b627e3c50932376d3e3f1b91'),('sites/all/modules/views/plugins/views_plugin_access_none.inc','8e0a6b706c60abf63ab84d8624567ca12a5b80ad293e4334790065fbe6fa14d4'),('sites/all/modules/views/plugins/views_plugin_access_perm.inc','1807a9c91485a5abd3fb2f6590ed4bc185fdabe308db37b169be8abdfc30cab2'),('sites/all/modules/views/plugins/views_plugin_access_role.inc','8784836ea87ec6b0974125ed95ed6bbf6fdf91624f496f22c28e9229c695068d'),('sites/all/modules/views/plugins/views_plugin_argument_default.inc','43e593760f0e8f031f2e7b861385caa5e39f37de400fe4595925288c78f52f23'),('sites/all/modules/views/plugins/views_plugin_argument_default_fixed.inc','daaa3b59b54cbb11e411e010303f67a51348bb97a4e06997b475f4c41e91c4e0'),('sites/all/modules/views/plugins/views_plugin_argument_default_php.inc','7a133b603294bfe498bfdeb50fade0b6e3cf8862270376067d86f69e7dc50eb8'),('sites/all/modules/views/plugins/views_plugin_argument_default_raw.inc','4318e0dfa56f167183453cf8cd913f3b7ee539b77a096507905e36db12ded97e'),('sites/all/modules/views/plugins/views_plugin_argument_validate.inc','2ada4fdc59b366f33209c0cfc515b06e765b487091760cfa22e94ca1c028c9cb'),('sites/all/modules/views/plugins/views_plugin_argument_validate_numeric.inc','c050d3b5723dbfdca9ad312c7fa198e509c626057b95eed326820ce733dd9730'),('sites/all/modules/views/plugins/views_plugin_argument_validate_php.inc','56a09922081a5e368d5796907727e35cbf43b0d634e53f947990c8a42d5b5f3e'),('sites/all/modules/views/plugins/views_plugin_cache.inc','b684e3ce1aeed33dd5e30f53527399a7a733d4cf1aae8acac9c6a2ca8b51b24b'),('sites/all/modules/views/plugins/views_plugin_cache_none.inc','a0d0ba252e1e2b65350c7ce648b97364726fa8ded5a366bfcce30c62daee4450'),('sites/all/modules/views/plugins/views_plugin_cache_time.inc','10db3dd52b06478b7be9b858f3a053ae2c2f6377abe488ad912f8ca786200a1d'),('sites/all/modules/views/plugins/views_plugin_display.inc','e2919ee8fd8146c293203711d84758a0d8601310ff8a7f49e146994ff9349e0d'),('sites/all/modules/views/plugins/views_plugin_display_attachment.inc','6124e2ec51eadd7500fb878c25d9c5044b4ae9b6323dbbaa40b4806b69dd4cc0'),('sites/all/modules/views/plugins/views_plugin_display_block.inc','0246e9010ff70d04c8bdf859eb4f8e7e8143c411d7b72f676cf00031dc8727a1'),('sites/all/modules/views/plugins/views_plugin_display_default.inc','91c6554d8f41f848bf30093d44d076051c54e998f6b50bdc2a922bfeeef9c54d'),('sites/all/modules/views/plugins/views_plugin_display_embed.inc','5424f2ea9e031faade7a562b8013aea193db5b0bc1be92b97bd7967de0d7bfff'),('sites/all/modules/views/plugins/views_plugin_display_extender.inc','75fb9f80e7f153715b911690c7140f251df588e6a541fab5881fbfafc0bbf778'),('sites/all/modules/views/plugins/views_plugin_display_feed.inc','f2fb6152e12da300b9bb8e1b45621dfe921c3ce0e769970ee1532e32a3657c53'),('sites/all/modules/views/plugins/views_plugin_display_page.inc','f7138a876ee88c50266d9fcb65f632d8d46d43d8152f760630cb11ae5e69afde'),('sites/all/modules/views/plugins/views_plugin_exposed_form.inc','0632ce61b4e39f8c0f39866987e4908657020298520fcf7c2712c0135e77d95b'),('sites/all/modules/views/plugins/views_plugin_exposed_form_basic.inc','c736e1862b393e15ecc80deb58663405a1d68c2db07eb620d8e640406876cd17'),('sites/all/modules/views/plugins/views_plugin_exposed_form_input_required.inc','98b81e3b78f7242dd30a3754830bdde2fb1dfe8f002ae0daa06976f1bb64fa75'),('sites/all/modules/views/plugins/views_plugin_localization.inc','d7239cc693994dcd069c1f1e7847a7902c5bd29b8d64a93cdf37c602576661fb'),('sites/all/modules/views/plugins/views_plugin_localization_core.inc','f0900c0640e7c779e9b876223ea395f613c8fe8449f6c8eb5d060e2d54a6afcc'),('sites/all/modules/views/plugins/views_plugin_localization_none.inc','4930c3a13ddc0df3065f4920a836ffdc933b037e1337764e6687d7311f49dd8a'),('sites/all/modules/views/plugins/views_plugin_pager.inc','d7c32e38f149e9009e175395dff2b00ec429867653c7535301b705a7cc69d9ed'),('sites/all/modules/views/plugins/views_plugin_pager_full.inc','60e4dec532de00bf7e785e5fa29a0be43c7b550efa85df0346a1712a3c39f7cd'),('sites/all/modules/views/plugins/views_plugin_pager_mini.inc','0a9d101d5a4217fb888c643bfddd7bf7f2f9c0937faa2753a31452a5ee68190b'),('sites/all/modules/views/plugins/views_plugin_pager_none.inc','822cab1ada25f4902a0505f13db86886061d2ced655438b33b197d031ccceddd'),('sites/all/modules/views/plugins/views_plugin_pager_some.inc','bc6aa7cbf1bc09374eced33334195c8897e4078336b8306d02d71c7aaaa22c99'),('sites/all/modules/views/plugins/views_plugin_query.inc','0594d1fd0c34b86c6b81741e134da2d385d6be47b667af6660dd1d268fb7fa95'),('sites/all/modules/views/plugins/views_plugin_query_default.inc','c2ad69c9881d65969ccc9a5dee34b4feeded95ba774f0431b014acc00220fc0a'),('sites/all/modules/views/plugins/views_plugin_row.inc','3ca81529526b930cfb0dda202757f203649236b90441e3c035bb79cd419ee2a6'),('sites/all/modules/views/plugins/views_plugin_row_fields.inc','875fb2868cdbcc5f7af03098cbe55b9bb91ef512e5e52ccde89f7a02a0c5fbe2'),('sites/all/modules/views/plugins/views_plugin_row_rss_fields.inc','62f4a0ceef14aec9958ee8b98d352303f10818ddc66031814cc8b9d21752ade9'),('sites/all/modules/views/plugins/views_plugin_style.inc','ed905ae47f8742e1b055c41993334690014e056f2bfb8b50c3879926ac58e7c9'),('sites/all/modules/views/plugins/views_plugin_style_default.inc','bf411e635d2fd9e09eb245b43581a0a7b670359180ccb042d42a5e579bbe9c30'),('sites/all/modules/views/plugins/views_plugin_style_grid.inc','35094b7f644b7e0692c9026b6b6b4c4c864c37fcdedef04b359dd2bdba496a47'),('sites/all/modules/views/plugins/views_plugin_style_jump_menu.inc','102fb3041a2f9a4ce9607a5bc2acc296ed625bee2fcbfa70354c1edd613066cd'),('sites/all/modules/views/plugins/views_plugin_style_list.inc','407b928d2c74a91903b681088bccce926d2268d0a9a6a34c185a4849dc0d7e31'),('sites/all/modules/views/plugins/views_plugin_style_mapping.inc','af4b75dd08f1597280a8deb6086259be4f10af50acace43ce2013170655f752c'),('sites/all/modules/views/plugins/views_plugin_style_rss.inc','ac72d530faffee78a1695a0b3893528ceb8451f18be0521c580485904a5ba57b'),('sites/all/modules/views/plugins/views_plugin_style_summary.inc','872df59f8f389eaf9b019e82d859dd198d31166e26a9102132e3932c7f1f2916'),('sites/all/modules/views/plugins/views_plugin_style_summary_jump_menu.inc','2ec0d225824ee65b6bb61317979e1dabe2be524a66ab19da924c6949dd31af3b'),('sites/all/modules/views/plugins/views_plugin_style_summary_unformatted.inc','c1e6f9dd1d75e29fee271171440d2182e633a1dbbc996cb186f637ff7ad93ed9'),('sites/all/modules/views/plugins/views_plugin_style_table.inc','0cbcc5d256a13953fbd3e5966a33d2426d5c3bd8c228ef370daebf2f428e693c'),('sites/all/modules/views/plugins/views_wizard/views_ui_base_views_wizard.class.php','d8325414c8ddde5c955a5cfb053b77478bb4d73cb2f7d75b857b082bc5a1e12d'),('sites/all/modules/views/plugins/views_wizard/views_ui_file_managed_views_wizard.class.php','5734fb564ba9e2485cfa5d4a49f0c76f65a9be357b78e769ee4af92c4ef9e22a'),('sites/all/modules/views/plugins/views_wizard/views_ui_node_revision_views_wizard.class.php','6faf9ef92501a4f1aeaf86bcff9edaeb47bd7526ba50d06b841c9366149e7725'),('sites/all/modules/views/plugins/views_wizard/views_ui_node_views_wizard.class.php','f10e588fcfe2dc37d0df1c520c3cd797b85d6f729335606b1aa11fcb5884e6eb'),('sites/all/modules/views/plugins/views_wizard/views_ui_taxonomy_term_views_wizard.class.php','87d72dba2aef587994307cb287b638a409d148911e4b90109798ecacf5a721e7'),('sites/all/modules/views/plugins/views_wizard/views_ui_users_views_wizard.class.php','f9fe2fb1ee87a1871e6ad32bad61b2457313f24da1bd5423977ced12de542919'),('sites/all/modules/views/tests/comment/views_handler_argument_comment_user_uid.test','b8b417ef0e05806a88bd7d5e2f7dcb41339fbf5b66f39311defc9fb65476d561'),('sites/all/modules/views/tests/comment/views_handler_filter_comment_user_uid.test','347c6ffd4383706dbde844235aaf31cff44a22e95d2e6d8ef4da34a41b70edd1'),('sites/all/modules/views/tests/field/views_fieldapi.test','53e6d57c2d1d6cd0cd92e15ca4077ba532214daf41e9c7c0f940c7c8dbd86a66'),('sites/all/modules/views/tests/handlers/views_handlers.test','f94dd3c4ba0bb1ffbf42704f600b94a808c1202a9ca26e7bdef8e7921c2724e9'),('sites/all/modules/views/tests/handlers/views_handler_area_text.test','af74a74a3357567b844606add76d7ca1271317778dd7bd245a216cf963c738b4'),('sites/all/modules/views/tests/handlers/views_handler_argument_null.test','1d174e1f467b905d67217bd755100d78ffeca4aa4ada5c4be40270cd6d30b721'),('sites/all/modules/views/tests/handlers/views_handler_argument_string.test','3d0213af0041146abb61dcdc750869ed773d0ac80cfa74ffbadfdd03b1f11c52'),('sites/all/modules/views/tests/handlers/views_handler_field.test','af552bf825ab77486b3d0d156779b7c4806ce5a983c6116ad68b633daf9bb927'),('sites/all/modules/views/tests/handlers/views_handler_field_boolean.test','d334b12a850f36b41fe89ab30a9d758fd3ce434286bd136404344b7b288460ae'),('sites/all/modules/views/tests/handlers/views_handler_field_counter.test','75b31942adf06b107f5ffd3c97545fde8cd1040b1d00f682e3c7c1320026e26c'),('sites/all/modules/views/tests/handlers/views_handler_field_custom.test','1446bc3d5a6b1180a79edfa46a5268dbf7f089836aa3bc45df00ddaff9dd0ce1'),('sites/all/modules/views/tests/handlers/views_handler_field_date.test','02df76a93a42d6131957748b1e69254835f9e44a47dafca1e833914e6b7f88a0'),('sites/all/modules/views/tests/handlers/views_handler_field_file_extension.test','606ca091ad7e5709f7653324aaa021484d1f0e07e8639b3f0f7c26d3cfdee53c'),('sites/all/modules/views/tests/handlers/views_handler_field_file_size.test','49184db68af398a54e81c8a76261acd861da8fd7846b9d51dcf476d61396bfb9'),('sites/all/modules/views/tests/handlers/views_handler_field_math.test','6e39e4f782e6b36151ceafb41a5509f7c661be79b393b24f6f5496d724535887'),('sites/all/modules/views/tests/handlers/views_handler_field_url.test','b41f762a71594b438a2e60a79c8260ba54e6305635725b0747e29f0d3ffe08c9'),('sites/all/modules/views/tests/handlers/views_handler_field_xss.test','f129ee16c03f84673e33990cbb2da5aa88c362f46e9ba1620b2a842ffd1c9cd2'),('sites/all/modules/views/tests/handlers/views_handler_filter_combine.test','05842d83a11822afe7d566835f5db9f0f94fdb27ddfc388d38138767bdf36f8b'),('sites/all/modules/views/tests/handlers/views_handler_filter_date.test','ad2ca901c6a4ac3a82fc349a33826f043c6c80f773f40374be2e95acb39491e3'),('sites/all/modules/views/tests/handlers/views_handler_filter_equality.test','c88f21c9cbf1aae83393b26616908f8020c18fe378d76256c7ba192df2ec17af'),('sites/all/modules/views/tests/handlers/views_handler_filter_in_operator.test','89420a4071677232e0eb82b184b37b818a82bdb2ff90a8b21293f9ecb21808bf'),('sites/all/modules/views/tests/handlers/views_handler_filter_numeric.test','35ac7a34e696b979e86ef7209b6697098d9abe218e30a02cc4fe39fb11f2a852'),('sites/all/modules/views/tests/handlers/views_handler_filter_string.test','b7d090780748faad478e619fd55673d746d4a0cf343d9e40ea96881324c34cbd'),('sites/all/modules/views/tests/handlers/views_handler_sort.test','f4ff79e6bc54e83c4eb2777811f33702b7e9fe7416ef70ae00d100fa54d44fec'),('sites/all/modules/views/tests/handlers/views_handler_sort_date.test','f548584d7c6a71cabd3ce07e04053a38df3f3e1685210ce8114238fd05344c10'),('sites/all/modules/views/tests/handlers/views_handler_sort_random.test','4fdba9bf05a26720ffa97e7a37da65ddc9044bd2832f8c89007b82feb062f182'),('sites/all/modules/views/tests/node/views_node_revision_relations.test','9467497a6d693615b48c8f57611a850002317bcb091b926d2efbbe56a4e61480'),('sites/all/modules/views/tests/plugins/views_plugin_display.test','4a6b136543a60999604c54125fa9d4f5aa61a5dcc71e2133d89325d81bc0fc2d'),('sites/all/modules/views/tests/styles/views_plugin_style.test','fb6c3279645fbcc1126acb3e1c908189e5240c647f81dcfd9b0761570c99d269'),('sites/all/modules/views/tests/styles/views_plugin_style_base.test','54fb7816d18416d8b0db67e9f55aa2aa50ac204eb9311be14b6700b7d7a95ae7'),('sites/all/modules/views/tests/styles/views_plugin_style_jump_menu.test','b88baa8aebe183943a6e4cf2df314fef13ac41b5844cd5fa4aa91557dd624895'),('sites/all/modules/views/tests/styles/views_plugin_style_mapping.test','a4e68bc8cfbeff4a1d9b8085fd115bfe7a8c4b84c049573fa0409b0dc8c2f053'),('sites/all/modules/views/tests/styles/views_plugin_style_unformatted.test','033ca29d41af47cd7bd12d50fea6c956dde247202ebda9df7f637111481bb51d'),('sites/all/modules/views/tests/taxonomy/views_handler_relationship_node_term_data.test','6074f5c7ae63225ea0cd26626ace6c017740e226f4d3c234e39869c31308223d'),('sites/all/modules/views/tests/test_handlers/views_test_area_access.inc','619e39bc4535976865b96751535d0d5aac4a7a87c1d47cb6d4c4bb9c9fa74716'),('sites/all/modules/views/tests/test_plugins/views_test_plugin_access_test_dynamic.inc','6a3ce8c256b84734b6b67a893ab24465a5f62d7bdf9ab5d22082a31849346b7d'),('sites/all/modules/views/tests/test_plugins/views_test_plugin_access_test_static.inc','e345e42d443cfa73db0ed2be61291117ebd57b86196cdb77c6f440e93443def3'),('sites/all/modules/views/tests/test_plugins/views_test_plugin_style_test_mapping.inc','0b2c68626105bd5f6b9074022a37c3d09d3a6bd70b811bb26d5eacad6d74546f'),('sites/all/modules/views/tests/user/views_handler_field_user_name.test','69641b6da26d8daee9a2ceb2d0df56668bf09b86db1d4071c275b6e8d0885f9e'),('sites/all/modules/views/tests/user/views_user.test','fbb63b42a0b7051bd4d33cf36841f39d7cc13a63b0554eca431b2a08c19facae'),('sites/all/modules/views/tests/user/views_user_argument_default.test','6423f2db7673763991b1fd0c452a7d84413c7dd888ca6c95545fadc531cfaaf4'),('sites/all/modules/views/tests/user/views_user_argument_validate.test','c88c9e5d162958f8924849758486a0d83822ada06088f5cf71bfbe76932d8d84'),('sites/all/modules/views/tests/views_access.test','f8b9d04b43c09a67ec722290a30408c1df8c163cf6e5863b41468bb4e381ee6f'),('sites/all/modules/views/tests/views_analyze.test','5548e36c99bb626209d63e5cddbc31f49ad83865c983d2662c6826b328d24ffb'),('sites/all/modules/views/tests/views_argument_default.test','5950937aae4608bba5b86f366ef3a56cc6518bbccfeaeacda79fa13246d220e4'),('sites/all/modules/views/tests/views_argument_validator.test','31f8f49946c8aa3b03d6d9a2281bdfb11c54071b28e83fb3e827ca6ff5e38c88'),('sites/all/modules/views/tests/views_basic.test','655bd33983f84bbea68a3f24bfab545d2c02f36a478566edf35a98a58ff0c6cf'),('sites/all/modules/views/tests/views_cache.test','4e9b8ae1d9e72a9eaee95f5083004316d2199617f7d6c8f4bea40e99d17efcd8'),('sites/all/modules/views/tests/views_exposed_form.test','2b2b16373af8ecade91d7c77bd8c2da8286a33bde554874f5d81399d201c3228'),('sites/all/modules/views/tests/views_glossary.test','118d50177a68a6f88e3727e10f8bcc6f95176282cc42fbd604458eeb932a36e8'),('sites/all/modules/views/tests/views_groupby.test','f26ad6857dc4821a4a0780642bda05fcb69ed506968e521f759bb28be4080143'),('sites/all/modules/views/tests/views_handlers.test','a696e3d6b1748da03a04ac532f403700d07c920b9c405c628a6c94ea6764f501'),('sites/all/modules/views/tests/views_module.test','5137e27449639d3e02f1b27206ef3ff96957546333b517318dfe8f58239dc860'),('sites/all/modules/views/tests/views_pager.test','6f448c8c13c5177afb35103119d6281958a2d6dbdfb96ae5f4ee77cb3b44adc5'),('sites/all/modules/views/tests/views_plugin_localization_test.inc','baedcf6c7381f9c5d3a5062f7d256f96808d06e04b6e73eff8e791e5f5293f45'),('sites/all/modules/views/tests/views_query.test','1ab587994dc43b1315e9a534d005798aecaa14182ba23a2b445e56516b9528cb'),('sites/all/modules/views/tests/views_test.views_default.inc','9664b95577fe2664410921bb751e1d99109e79b734f2c8c142d4083449282bd0'),('sites/all/modules/views/tests/views_translatable.test','6899c7b09ab72c262480cf78d200ecddfb683e8f2495438a55b35ae0e103a1b3'),('sites/all/modules/views/tests/views_ui.test','f9687a363d7cc2828739583e3eedeb68c99acd505ff4e3036c806a42b93a2688'),('sites/all/modules/views/tests/views_upgrade.test','c48bd74b85809dd78d963e525e38f3b6dd7e12aa249f73bd6a20247a40d6713a'),('sites/all/modules/views/tests/views_view.test','a52e010d27cc2eb29804a3acd30f574adf11fad1f5860e431178b61cddbdbb69'),('sites/all/modules/views/views_ui.module','095267aa333282d53c70f7b01aa21229edbce45697f0ec490031ad4d388fea06'),('sites/all/modules/views_bootstrap/plugins/accordion/views_bootstrap_accordion_plugin_style.inc','cd1d10d86d6478f2e09627e584bed61c2b56fbe04ab145f21fff1db57517141f'),('sites/all/modules/views_bootstrap/plugins/carousel/views_bootstrap_carousel_plugin_rows.inc','29dc7c5efbed6cce2a1febdca54bf32b68bc86ea44b1aaca20d317afb0c56071'),('sites/all/modules/views_bootstrap/plugins/carousel/views_bootstrap_carousel_plugin_style.inc','1f0914b41bbe43d4aed077ac921aab48c0ed1ebd47842bcb54e830435d6f9933'),('sites/all/modules/views_bootstrap/plugins/grid/views_bootstrap_grid_plugin_style.inc','91729a36053b19b9b0dc19e15283145aa52e2ef256dca6fbc137f4373d5a5d21'),('sites/all/modules/views_bootstrap/plugins/media/views_bootstrap_media_plugin_style.inc','2fb49eab8d79cee51c0f21bd94b4c933b8ca2b0adbd3e5895811f22bfb90a99e'),('sites/all/modules/views_bootstrap/plugins/tab/views_bootstrap_tab_plugin_style.inc','9c760e3b195d4a41b3bb60c51a19ad776283ca93b71e6b06e450295b9574308c'),('sites/all/modules/views_bootstrap/plugins/table/views_bootstrap_table_plugin_style.inc','2e2e63ca485eb5bee8a7e84105a67862d2c6837f51c139d5c8022b25bb779ca5'),('sites/all/modules/views_bootstrap/plugins/thumbnail/views_bootstrap_thumbnail_plugin_rows.inc','e7865515d7fdfa8ebcda036fe002cd8081ce7042962b6952869227a57a74e8cb'),('sites/all/modules/views_bootstrap/plugins/thumbnail/views_bootstrap_thumbnail_plugin_style.inc','5fcf10588197e194f205589755001d3c7ff96e8139ea8f1adc084fd3e8a7cb7c'),('sites/all/modules/views_slideshow/contrib/views_slideshow_cycle/theme/views_slideshow_cycle.theme.inc','6a074c958bf41f9067a640ca8a40480bee29e64ab9f352fee5f3bb95d7480cdb'),('sites/all/modules/views_slideshow/contrib/views_slideshow_cycle/views_slideshow_cycle.module','4a5cf6b3a8747cd8a8d874c796ffab08c7d3b1921cfd6779ed87526ec446914e'),('sites/all/modules/views_slideshow/contrib/views_slideshow_cycle/views_slideshow_cycle.views_slideshow.inc','fc525602109c8db6173814b73c8f04921331f3373f1fa8666111e252eb3cf9b6'),('sites/all/modules/views_slideshow/theme/views_slideshow.theme.inc','3cbed9cfdc7994fccb3f9882246e6faf282518b84a7248c8d93a55f97585e8f4'),('sites/all/modules/views_slideshow/views_slideshow.module','106f6cd97700ae75adabe1a2ba1ae1e1f4bda1d60e1e56406392cb7358605667'),('sites/all/modules/views_slideshow/views_slideshow.views.inc','95958d4aba955044f00330dd59f35b6759e7057ced744429bfb45732e4ce094c'),('sites/all/modules/views_slideshow/views_slideshow_plugin_style_slideshow.inc','3df328b32c9d209cca54e3d8136e5c0f37b1619d0bcb600ca5568a85bd7da20b'),('sites/all/modules/void_menu/void_menu.install','9c2ae28252989fdfdc0bf2bdbbd8e52900b55ae18cbc7e60996ddcc8090b0321'),('sites/all/modules/void_menu/void_menu.module','496438975091016dd53ee7b2a4da5c74d8dab85007bb09d0bf2eda314379e9b8'),('sites/all/modules/webform/includes/webform.export.inc','c61d8eaab3d6bb73c96581302b25e1170a65d57f1598ef310373d5d60cd0f8ae'),('sites/all/modules/webform/tests/components.test','f5d8c881f25d43771126e1949e73904be96c6b7448209204107ad4c6833067c0'),('sites/all/modules/webform/tests/permissions.test','8dcf7672cbc08fa77044910c1c521b28eea9b0e2f5ff04ea1f5ffcb475ab8f44'),('sites/all/modules/webform/tests/submission.test','ec65179f363ea74db0171388ecad802a96d1e44e0894f62209fc1c20d06a5593'),('sites/all/modules/webform/tests/webform.test','f9513393ada27924068df71621876b2680fd11e74339ea7e779b03a4c39ce413'),('sites/all/modules/webform/views/webform.views.inc','a4ba9b70efe212ae7a66120352735ba33034bf8f79f4e8fd586d8caf42ffff1d'),('sites/all/modules/webform/views/webform_handler_field_form_body.inc','60d708d683c67b553ecee37c7d74b00ee4b06253799e31befef9cb3ff703abb2'),('sites/all/modules/webform/views/webform_handler_field_is_draft.inc','86344bce8dd4fdf49728d82b9602dbbeb2a226a7e57069f3091221ef69d67709'),('sites/all/modules/webform/views/webform_handler_field_node_link_edit.inc','40a6bb17f707ed84bc87b45f30475ba682f1b674f76821234387a155487bdcbb'),('sites/all/modules/webform/views/webform_handler_field_node_link_results.inc','069d0a8cfcc308fe1d03af3cfb2a9379337358d0df8d385abf5cead49eb8b415'),('sites/all/modules/webform/views/webform_handler_field_submission_count.inc','7e0baa467a995025303a2650d80efdd6fadeee8dfd1a5547e14cf86d5b04582d'),('sites/all/modules/webform/views/webform_handler_field_submission_link.inc','e251b2612574045e6ad3a006fba1eabbc03a89f569df497ecb44e85fd057c229'),('sites/all/modules/webform/views/webform_handler_field_webform_status.inc','c34e9e71d567cf0d47f8d46de12d38faed0d9a25cc6c558d7e3c0a31c8b175a5'),('sites/all/modules/webform/views/webform_handler_filter_is_draft.inc','dfb94fba66085fd0c07b8012f6846228fabc46809b00028bb896d6a304cdfec8'),('sites/all/modules/webform/views/webform_handler_filter_webform_status.inc','4a6e3f21703f750b31e868e64fd1fc4b760c01b9a3ca98b250f34c29614fbc69'),('sites/all/modules/wysiwyg/tests/wysiwyg.test','351bd7ed3eb279052b92cd900ceaedb3baa97ab502eed61a390efed83d8cefd8'),('sites/all/modules/wysiwyg/wysiwyg.module','23bbe445f32ba4e8d58c555b11e3275bf954380fea6c4e2a02bbc46fcc41daf8');

--
-- Table structure for table `role`
--

CREATE TABLE `role` (
  `rid` int(10) unsigned NOT NULL AUTO_INCREMENT COMMENT 'Primary Key: Unique role ID.',
  `name` varchar(64) NOT NULL DEFAULT '' COMMENT 'Unique role name.',
  `weight` int(11) NOT NULL DEFAULT '0' COMMENT 'The weight of this role in listings and the user interface.',
  PRIMARY KEY (`rid`),
  UNIQUE KEY `name` (`name`),
  KEY `name_weight` (`name`,`weight`)
) ENGINE=InnoDB AUTO_INCREMENT=5 DEFAULT CHARSET=utf8 COMMENT='Stores user roles.';

--
-- Dumping data for table `role`
--

INSERT INTO `role` VALUES (3,'Admin',2),(1,'anonymous user',0),(2,'authenticated user',1),(4,'Site Owner',3);

--
-- Table structure for table `role_permission`
--



--
-- Dumping data for table `role_permission`
--

INSERT INTO `role_permission` VALUES (1,'access content','node'),(1,'access news feeds','aggregator'),(1,'search content','search'),(2,'access content','node'),(2,'access news feeds','aggregator'),(3,'access administration pages','system'),(3,'access all views','views'),(3,'access all webform results','webform'),(3,'access backup and migrate','backup_migrate'),(3,'access backup files','backup_migrate'),(3,'access content','node'),(3,'access content overview','node'),(3,'access contextual links','contextual'),(3,'access news feeds','aggregator'),(3,'access own webform results','webform'),(3,'access own webform submissions','webform'),(3,'access site in maintenance mode','system'),(3,'access site reports','system'),(3,'access toolbar','toolbar'),(3,'access user profiles','user'),(3,'administer actions','system'),(3,'administer backup and migrate','backup_migrate'),(3,'administer blocks','block'),(3,'administer content types','node'),(3,'administer filters','filter'),(3,'administer google analytics','googleanalytics'),(3,'administer image styles','image'),(3,'administer imce','imce'),(3,'administer menu','menu'),(3,'administer meta tags','metatag'),(3,'administer modules','system'),(3,'administer news feeds','aggregator'),(3,'administer nodes','node'),(3,'administer permissions','user'),(3,'administer search','search'),(3,'administer seo_checker configuration','seo_checker'),(3,'administer shortcuts','shortcut'),(3,'administer site configuration','system'),(3,'administer software updates','system'),(3,'administer taxonomy','taxonomy'),(3,'administer themes','system'),(3,'administer url aliases','path'),(3,'administer users','user'),(3,'administer views','views'),(3,'administer widgets sets','widgets'),(3,'admin_classes','ds_ui'),(3,'admin_display_suite','ds'),(3,'admin_fields','ds_ui'),(3,'admin_view_modes','ds_ui'),(3,'allow seo check failures','seo_checker'),(3,'block IP addresses','system'),(3,'bypass node access','node'),(3,'cancel account','user'),(3,'change own username','user'),(3,'create articles content','node'),(3,'create basic_page content','node'),(3,'create bootstrap_carousel content','node'),(3,'create carousel content','node'),(3,'create events content','node'),(3,'create gallery content','node'),(3,'create left_sidebar content','node'),(3,'create listing content','node'),(3,'create panel content','node'),(3,'create right_sidebar content','node'),(3,'create simple_image_slider content','node'),(3,'create url aliases','path'),(3,'create webform content','node'),(3,'customize shortcut links','shortcut'),(3,'delete all webform submissions','webform'),(3,'delete any articles content','node'),(3,'delete any basic_page content','node'),(3,'delete any carousel content','node'),(3,'delete any events content','node'),(3,'delete any gallery content','node'),(3,'delete any left_sidebar content','node'),(3,'delete any listing content','node'),(3,'delete any panel content','node'),(3,'delete any right_sidebar content','node'),(3,'delete any simple_image_slider content','node'),(3,'delete any webform content','node'),(3,'delete backup files','backup_migrate'),(3,'delete own articles content','node'),(3,'delete own basic_page content','node'),(3,'delete own bootstrap_carousel content','node'),(3,'delete own carousel content','node'),(3,'delete own events content','node'),(3,'delete own gallery content','node'),(3,'delete own left_sidebar content','node'),(3,'delete own listing content','node'),(3,'delete own panel content','node'),(3,'delete own right_sidebar content','node'),(3,'delete own simple_image_slider content','node'),(3,'delete own webform content','node'),(3,'delete own webform submissions','webform'),(3,'delete revisions','node'),(3,'delete terms in 1','taxonomy'),(3,'delete terms in 2','taxonomy'),(3,'delete terms in 3','taxonomy'),(3,'delete terms in 4','taxonomy'),(3,'delete terms in 5','taxonomy'),(3,'edit all webform submissions','webform'),(3,'edit any articles content','node'),(3,'edit any basic_page content','node'),(3,'edit any bootstrap_carousel content','node'),(3,'edit any carousel content','node'),(3,'edit any checklistapi checklist','checklistapi'),(3,'edit any events content','node'),(3,'edit any gallery content','node'),(3,'edit any left_sidebar content','node'),(3,'edit any listing content','node'),(3,'edit any panel content','node'),(3,'edit any right_sidebar content','node'),(3,'edit any simple_image_slider content','node'),(3,'edit any webform content','node'),(3,'edit meta tags','metatag'),(3,'edit own articles content','node'),(3,'edit own basic_page content','node'),(3,'edit own bootstrap_carousel content','node'),(3,'edit own carousel content','node'),(3,'edit own events content','node'),(3,'edit own gallery content','node'),(3,'edit own left_sidebar content','node'),(3,'edit own listing content','node'),(3,'edit own panel content','node'),(3,'edit own right_sidebar content','node'),(3,'edit own simple_image_slider content','node'),(3,'edit own webform content','node'),(3,'edit own webform submissions','webform'),(3,'edit seo_checklist checklistapi checklist','checklistapi'),(3,'edit terms in 1','taxonomy'),(3,'edit terms in 2','taxonomy'),(3,'edit terms in 3','taxonomy'),(3,'edit terms in 4','taxonomy'),(3,'edit terms in 5','taxonomy'),(3,'opt-in or out of tracking','googleanalytics'),(3,'perform backup','backup_migrate'),(3,'restore from backup','backup_migrate'),(3,'revert revisions','node'),(3,'search content','search'),(3,'select account cancellation method','user'),(3,'skip seo checks','seo_checker'),(3,'submit latitude/longitude','location'),(3,'switch shortcut sets','shortcut'),(3,'use advanced search','search'),(3,'use PHP for tracking visibility','googleanalytics'),(3,'use text format full_html','filter'),(3,'view any checklistapi checklist','checklistapi'),(3,'view checklistapi checklists report','checklistapi'),(3,'view location directory','location'),(3,'view node location table','location'),(3,'view own unpublished content','node'),(3,'view revisions','node'),(3,'view seo_checklist checklistapi checklist','checklistapi'),(3,'view the administration theme','system'),(3,'view user location table','location'),(4,'access administration pages','system'),(4,'access content overview','node'),(4,'access contextual links','contextual'),(4,'access toolbar','toolbar'),(4,'administer blocks','block'),(4,'administer menu','menu'),(4,'administer nodes','node'),(4,'administer search','search'),(4,'allow seo check failures','seo_checker'),(4,'bypass node access','node'),(4,'create articles content','node'),(4,'create basic_page content','node'),(4,'create events content','node'),(4,'delete own articles content','node'),(4,'delete own basic_page content','node'),(4,'delete own events content','node'),(4,'delete revisions','node'),(4,'edit own articles content','node'),(4,'edit own basic_page content','node'),(4,'edit own events content','node'),(4,'edit own gallery content','node'),(4,'revert revisions','node'),(4,'search content','search'),(4,'skip seo checks','seo_checker'),(4,'use advanced search','search'),(4,'use text format full_html','filter'),(4,'view own unpublished content','node'),(4,'view revisions','node');

--
-- Table structure for table `search_dataset`
--

CREATE TABLE `search_dataset` (
  `sid` int(10) unsigned NOT NULL DEFAULT '0' COMMENT 'Search item ID, e.g. node ID for nodes.',
  `type` varchar(16) NOT NULL COMMENT 'Type of item, e.g. node.',
  `data` longtext NOT NULL COMMENT 'List of space-separated words from the item.',
  `reindex` int(10) unsigned NOT NULL DEFAULT '0' COMMENT 'Set to force node reindexing.',
  PRIMARY KEY (`sid`,`type`)
) ENGINE=InnoDB DEFAULT CHARSET=utf8 COMMENT='Stores items that will be searched.';

--
-- Dumping data for table `search_dataset`
--

INSERT INTO `search_dataset` VALUES (115,'node',' about keepsake  i have been a photographer for 4 years my starting point began with point shoot cameras to say the least much was learned from those after much practice time i made the commitment to find the highest quality equipment possible that would take me to the next level i have endeavoured to learn the many types of photography so that i can be well versed in any situation that may occur what is important to me as a photographer is to be professional considerate particular always willing to learn   recording your moment in photos video and cataloging  ',0),(116,'node',' testimonials brenda prescott thank you joel thomas for capturing every happy moment of my day you took amazing photos that show the love me and my husband had i will remember the joys of that day forever you went above and beyond all expectations of a photographer thank you for everything that you have done  linda richard i had joel make me a retirement collage it included 14 individual pictures and joel did amazing joel is very professional promptly responded to my email and had the collage made in a day i would highly recommend joel for any photography job big or small thank you joel  michael and karen hoyles we were privileged to have joel as our photographer for our son s outdoor birthday party joel has a very keen eye to capture the many aspects of our gathering to create wonderful memories that will be preserved on film for a lifetime his incredible attention to detail has allowed us to relive this very special day over and over in his fabulous photography we found joel to be very polite kind and flexible we appreciated his high level of professionalism we highly recommend this service  amanda neil loved the newborn photos joel took over youngest child great job  justice herteis joel thomas had replied to a post i had made offering a free christmas photography session for my son and i as we are a low income family he came to my home and was a pleasure to work with for both my son and i i was very much enthused with many ideas he had and how many of my ideas he incorporated in the session as well the pictures came out great just in time to make my sons first christmas more memorable for the both of us mike millar my wife had found joel on facebook offering to do weddings for free trying to make a name for himself that was a year before our wedding and he stuck to his word and did a tremendous job i would highly recommend joel thomas and keepsake memories thank you joel for helping to make our day simply amazing  norm barlow the norm barlow band  we the norm barlow band have had joel come to a number of our shows to shoot video and pictures he has done a fantastic job and we have had several positive comments in regard to his work i would highly recommend him  becky eggleston miller wedding  joel thomas video recorded our wedding from the ceremony right through to our reception he even stayed part of the reception to capture some guests enjoying the party i was pleased with the timeline of receiving our wedding video it came to us in great time well before our photos joel even captured some still photos of my wedding party at the in between cocktail hour he was very professional  emily oesch you did an amazing job at our wedding we love all the pictures you took and we had lots of laughs with you you were very professional and i will definitely use you again for my pictures thanks for everything joel carol engardt our photographer joel thomas came in the day prior to see where he was setting up stayed the whole afternoon to help us set up and decorate went out of his way took all of our wedding photos and family pics and picture requests through the entire day he made our day so easy fun and absolutely perfect lisa durnin joel did some pictures for us the pictures turned out great even though we chose the coldest day ever it was very hard to pretend it wasn t cold but joel captured some great pictures we definitely gave up on the weather before he did he had some good ideas and took our suggestions and came up with some great pictures for us marie webster to whom it may concern joel took pictures of several residents at maple tree apartments we were very pleased with his professional approach to the project the assignment was completed on time with excellent results joel made it a fun experience for everyone he used his creativity to provide different shots of the families and individuals i was impressed by the extra time joel took to make sure one of the families had the extra pictures that they wantedwe would certain recommend joel as a responsible and talented photographer erin wilson all points festival city realty brokerage charitable fund board of directors this letter is to convey our gratitude for the photography video services that were provided by joel thomas of keepsake memory and cataloging services for our soup saturday fundraiser in goderich this past november he captured our event well and we are thrilled with the results we are grateful to him for offering his services to our charitable fund on a complimentary basis as we are often stretched beyond budget for these events and any support from local businesses is greatly appreciated and always welcomed pat clifford president society of st vincent de paul goderich on it is with great pleasure that i recommend joel thomas for employment i have known joel for more than 2 years as an occasional volunteer with the society joel has been contributing to the charitable work of the society in several capacities including computer technical support photography video and audio recording of special events his commitment of time is a wonderful gift that helps the lives of many joel always displays an extremely high degree of integrity moral character and responsibility in addition to his accomplishments he has proven his compassion for others by donating photography sessions to marginalized families for special occasions during his time of volunteering we ve come to know joel as respectful conscientious and loyal worker always punctual and possessing excellent organizational skills joel would be an asset to any organization and i am happy to give him my endorsement  bill clifford i have retained joel from time to time when i have had problems with my computer he has also done some photography computer guidance teaching in my association with joel i have found him to be organized efficient extremeely competent and to have an excellent rapport with people of all ages is communication skills both written and verbal are excellent in summary i highly recommend joel for any position or endeavor that he may seek to pursue he will be a valued asset for your organization kirk bechard joel did our wedding video he did it for a great price and got good angles i would recommend him to anyone needing a videographer margaret martin joel videoed our sons wedding and captured most of the important highlights of the ceremony speeches and dances joel is very polite and was quick to deliver the completed videos to us he got some good still shots of the couple and guests his rates are fair  ',0),(117,'node',' home welcome to the keepsake memory and cataloging services website it s my pleasure to offer my professional photography video and cataloging documentation services for your special occasions such as weddings anniversaries and other important life events i am able to be there for you to catch that special moment if you choose to shoot your own photos or video i offer an editing service to put a professional touch on your work why not combine your video shots into an edited movie that tells the story best edited video will display the best angles beginning and ending for you and your loved ones to enjoy for years to come      ',0),(118,'node',' contact for weddings anniversaries and other special occassions contact us for a quote name your name email your email address today s date month month jan feb mar apr may jun jul aug sep oct nov dec day day 1 2 3 4 5 6 7 8 9 10 11 12 13 14 15 16 17 18 19 20 21 22 23 24 25 26 27 28 29 30 31 year year 2014 2015 2016 2017 2018 city phone message how can we be of service  ',0),(119,'node',' services rates combination packages   are available please contact me for a rate free consultations  documentation cataloging  item cataloging 25 hr documentation 30 hr album creation 20 hr  why document  the value of your catalogued goods are enhanced by taking the next step documenting this process includes a text description of the goods including any information that will help establish its value for instance if it is an antique how old is it and where did it come from also what is the known history of the antique each item of value deserves its own description  why catalogue  cataloging insurance claims for households businesses and collectors would benefit from this service an insurance loss is more than an inconvenience it can become a permanent loss if you cannot establish what is missing keepsake will help you keep what is yours by photographing and recording the details of your coin collection household goods antiques and other valuables even your computer data this information is then recorded in an organized manner for quick retrival we will even keep a backup copy for you off site just in case  photo shoot shoot session bring props you require for the shots use of green screen available professional equipment high resolution full edit photos 1 hr sessions 110 session adult family 70 special 80 student session 65 child session special occasions  weddings  engagment photos  80 1 hr engagement photo session high resolution quality photos  engagment wedding photos  580 1 hr engagement photo session 6hrs wedding photography 25 hr extra beyond 6hrs 100 deposit wedding photos  500 6hrs wedding photography 25 hr extra beyond 6hrs 100 deposit free consultation professional equipment high resolution edited photos digital picture files up to 500 hard copy up to 10 prints preconsultation to sort out details various location shots wedding album dvd creation various picture sizes as well as individual group photos events photographer videographer please contact with details   no travel fee within 2hrs distance of stratford        ',0),(121,'node',' portfolio welcome to my portfolio page for videos please click on link below  for pictures please click link below  weddings  ',0),(291,'node',' special occasions   lifestyle photography    70   each individual is unique a person s clothes music likings etc can give a glimpse into their personality lifestyle photography takes the saying a picture tells a thousand words puts it into a personalized photo session the photos from the session tells people who you are what you are about celebrates who you are a digital diary that shows your life keep memories of where you have been in an artistic way 701hr session    mothers day photo shoot  45   help make your mother s day special with a photo shoot that will be remembered each session is 30 minutes all photos are edited high resolution taken with professional equipment up to 3 prints newborn photo shoot  42 your newborn child is the most precious time in a parent s life to make it special that will last a lifetime why not have a professional photo shoot done for a 42 1hr session i would capture those moments that will never be forgotten  family photos  70 your family is very special with professional family photos have memories that will last generations    wedding engagement photography package  580  your wedding day is an event that you will never forget make it that much better with a professional affordable value wedding photography package      ',0),(358,'node',' kmcs slider slider image  ',0);

--
-- Table structure for table `search_index`
--

CREATE TABLE `search_index` (
  `word` varchar(50) NOT NULL DEFAULT '' COMMENT 'The search_total.word that is associated with the search item.',
  `sid` int(10) unsigned NOT NULL DEFAULT '0' COMMENT 'The search_dataset.sid of the searchable item to which the word belongs.',
  `type` varchar(16) NOT NULL COMMENT 'The search_dataset.type of the searchable item to which the word belongs.',
  `score` float DEFAULT NULL COMMENT 'The numeric score of the word, higher being more important.',
  PRIMARY KEY (`word`,`sid`,`type`),
  KEY `sid_type` (`sid`,`type`)
) ENGINE=InnoDB DEFAULT CHARSET=utf8 COMMENT='Stores the search index, associating words, items and...';

--
-- Dumping data for table `search_index`
--

INSERT INTO `search_index` VALUES ('1',118,'node',1),('1',119,'node',2.64414),('10',118,'node',1),('10',119,'node',0.819249),('100',119,'node',1.68177),('11',118,'node',1),('110',119,'node',0.909743),('12',118,'node',1),('13',118,'node',1),('14',116,'node',1),('14',118,'node',1),('15',118,'node',1),('16',118,'node',1),('17',118,'node',1),('18',118,'node',1),('19',118,'node',1),('1hr',291,'node',1),('2',116,'node',0.523573),('2',118,'node',1),('20',118,'node',1),('20',119,'node',1),('2014',118,'node',1),('2015',118,'node',1),('2016',118,'node',1),('2017',118,'node',1),('2018',118,'node',1),('21',118,'node',1),('22',118,'node',1),('23',118,'node',1),('24',118,'node',1),('25',118,'node',1),('25',119,'node',2.68779),('26',118,'node',1),('27',118,'node',1),('28',118,'node',1),('29',118,'node',1),('2hrs',119,'node',5.38453),('3',118,'node',1),('3',291,'node',1),('30',118,'node',1),('30',119,'node',1),('30',291,'node',1),('31',118,'node',1),('4',115,'node',1),('4',118,'node',1),('42',291,'node',5),('45',291,'node',4),('5',118,'node',1),('500',119,'node',1.66145),('580',119,'node',0.860547),('580',291,'node',4),('6',118,'node',1),('65',119,'node',0.886095),('6hrs',119,'node',3.37567),('7',118,'node',1),('70',119,'node',0.899454),('70',291,'node',8),('701hr',291,'node',1),('8',118,'node',1),('80',119,'node',1.76267),('9',118,'node',1),('able',117,'node',1),('about',115,'node',26),('about',291,'node',1),('above',116,'node',1),('absolutely',116,'node',0.668514),('accomplishments',116,'node',0.497805),('addition',116,'node',0.498827),('address',118,'node',1),('adult',119,'node',0.906287),('affordable',291,'node',0.989021),('after',115,'node',1),('afternoon',116,'node',0.689612),('again',116,'node',0.707906),('ages',116,'node',0.462781),('album',119,'node',1.80007),('all',116,'node',5.19032),('all',291,'node',1),('allowed',116,'node',1),('also',116,'node',0.471741),('also',119,'node',1),('always',115,'node',1),('always',116,'node',1.52539),('amanda',116,'node',4),('amazing',116,'node',3.52727),('and',115,'node',7),('and',116,'node',32.0911),('and',117,'node',5),('and',118,'node',1),('and',119,'node',4),('angles',116,'node',0.449975),('angles',117,'node',1),('anniversaries',117,'node',1),('anniversaries',118,'node',1),('antique',119,'node',2),('antiques',119,'node',1),('any',115,'node',1),('any',116,'node',2.47777),('any',119,'node',1),('anyone',116,'node',0.449147),('apartments',116,'node',0.623497),('appreciated',116,'node',1.53632),('approach',116,'node',0.621888),('apr',118,'node',1),('are',116,'node',3.48809),('are',119,'node',14),('are',291,'node',4),('artistic',291,'node',1),('aspects',116,'node',1),('asset',116,'node',0.933331),('assignment',116,'node',0.618696),('association',116,'node',0.469016),('attention',116,'node',1),('audio',116,'node',0.512513),('aug',118,'node',1),('available',119,'node',13.9421),('backup',119,'node',1),('band',116,'node',4.02457),('barlow',116,'node',7.25727),('basis',116,'node',0.548462),('bechard',116,'node',3.16735),('becky',116,'node',3.09677),('become',119,'node',1),('been',115,'node',1),('been',116,'node',0.519091),('been',291,'node',1),('before',116,'node',2.20524),('began',115,'node',1),('beginning',117,'node',1),('below',121,'node',2),('benefit',119,'node',1),('best',117,'node',2),('better',291,'node',0.993146),('between',116,'node',0.727213),('beyond',116,'node',1.54476),('beyond',119,'node',1.68477),('big',116,'node',1),('bill',116,'node',3.32798),('birthday',116,'node',1),('board',116,'node',2.29261),('both',116,'node',2.22786),('brenda',116,'node',4),('bring',119,'node',0.968904),('brokerage',116,'node',2.30904),('budget',116,'node',0.544759),('businesses',116,'node',0.538701),('businesses',119,'node',1),('but',116,'node',0.645209),('came',116,'node',3.87823),('cameras',115,'node',1),('can',115,'node',1),('can',118,'node',1),('can',119,'node',1),('can',291,'node',1),('cannot',119,'node',1),('capacities',116,'node',0.516879),('capture',116,'node',1.74529),('capture',291,'node',1),('captured',116,'node',2.37286),('capturing',116,'node',1),('carol',116,'node',2.81502),('case',119,'node',0.98493),('cataloging',115,'node',7),('cataloging',116,'node',0.562486),('cataloging',117,'node',2),('cataloging',119,'node',9),('catalogue',119,'node',4),('catalogued',119,'node',1),('catch',117,'node',1),('celebrates',291,'node',1),('ceremony',116,'node',1.20371),('certain',116,'node',0.58995),('character',116,'node',0.500884),('charitable',116,'node',3.37013),('child',116,'node',0.980874),('child',119,'node',0.882818),('child',291,'node',1),('choose',117,'node',1),('chose',116,'node',0.657549),('christmas',116,'node',1.81639),('city',116,'node',2.32013),('city',118,'node',1),('claims',119,'node',1),('click',121,'node',2),('clifford',116,'node',7.05094),('clothes',291,'node',1),('cocktail',116,'node',0.725015),('coin',119,'node',1),('cold',116,'node',0.646943),('coldest',116,'node',0.655756),('collage',116,'node',2),('collection',119,'node',1),('collectors',119,'node',1),('combination',119,'node',16),('combine',117,'node',1),('come',116,'node',1.29057),('come',117,'node',1),('come',119,'node',1),('comments',116,'node',0.781775),('commitment',115,'node',1),('commitment',116,'node',0.510357),('communication',116,'node',0.461904),('compassion',116,'node',0.495774),('competent',116,'node',0.465433),('completed',116,'node',1.05577),('complimentary',116,'node',0.549707),('computer',116,'node',1.45726),('computer',119,'node',1),('concern',116,'node',0.630018),('conscientious',116,'node',0.485867),('considerate',115,'node',1),('consultation',119,'node',0.836446),('consultations',119,'node',7),('contact',118,'node',27),('contact',119,'node',13.7792),('contributing',116,'node',0.517983),('convey',116,'node',0.569105),('copy',119,'node',1.81925),('couple',116,'node',0.437873),('create',116,'node',1),('creation',119,'node',1.7974),('creativity',116,'node',0.60778),('dances',116,'node',0.441034),('data',119,'node',1),('date',118,'node',1),('day',116,'node',7.51181),('day',118,'node',2),('day',291,'node',9),('dec',118,'node',1),('decorate',116,'node',0.683725),('definitely',116,'node',1.35559),('degree',116,'node',0.504001),('deliver',116,'node',0.439448),('deposit',119,'node',1.67879),('description',119,'node',2),('deserves',119,'node',1),('detail',116,'node',1),('details',119,'node',2.58216),('diary',291,'node',1),('did',116,'node',4.74293),('did',119,'node',1),('different',116,'node',0.604732),('digital',119,'node',0.830633),('digital',291,'node',1),('directors',116,'node',2.28719),('display',117,'node',1),('displays',116,'node',0.506102),('distance',119,'node',5.3673),('document',119,'node',4),('documentation',117,'node',1),('documentation',119,'node',5),('documenting',119,'node',1),('donating',116,'node',0.49376),('done',116,'node',2.26034),('done',291,'node',1),('during',116,'node',0.489781),('durnin',116,'node',2.65194),('dvd',119,'node',0.800068),('each',119,'node',1),('each',291,'node',2),('easy',116,'node',0.672252),('edit',119,'node',0.923838),('edited',117,'node',2),('edited',119,'node',0.833529),('edited',291,'node',1),('editing',117,'node',1),('efficient',116,'node',0.467218),('eggleston',116,'node',3.08679),('email',116,'node',1),('email',118,'node',2),('emily',116,'node',2.88264),('employment',116,'node',0.526987),('endeavor',116,'node',0.45757),('endeavoured',115,'node',1),('ending',117,'node',1),('endorsement',116,'node',0.476356),('engagement',119,'node',1.72741),('engagement',291,'node',7),('engagment',119,'node',6.94716),('engardt',116,'node',2.8068),('enhanced',119,'node',1),('enjoy',117,'node',1),('enjoying',116,'node',0.740689),('enthused',116,'node',0.899454),('entire',116,'node',0.674137),('equipment',115,'node',1),('equipment',119,'node',1.77191),('equipment',291,'node',1),('erin',116,'node',2.34263),('establish',119,'node',2),('etc',291,'node',1),('even',116,'node',2.14331),('even',119,'node',2),('event',116,'node',0.553478),('event',291,'node',1),('events',116,'node',1.05268),('events',117,'node',1),('events',119,'node',3.14766),('ever',116,'node',0.653974),('every',116,'node',1),('everyone',116,'node',0.610858),('everything',116,'node',1.70376),('excellent',116,'node',2.02044),('expectations',116,'node',1),('experience',116,'node',0.61241),('extra',116,'node',1.1901),('extra',119,'node',1.68779),('extremeely',116,'node',0.466323),('extremely',116,'node',0.50505),('eye',116,'node',1),('fabulous',116,'node',1),('facebook',116,'node',0.851346),('fair',116,'node',0.436309),('families',116,'node',1.68533),('family',116,'node',1.61091),('family',119,'node',0.902857),('family',291,'node',9),('fantastic',116,'node',0.78951),('feb',118,'node',1),('fee',119,'node',5.41934),('festival',116,'node',2.32571),('files',119,'node',0.824901),('film',116,'node',1),('find',115,'node',1),('first',116,'node',0.869951),('flexible',116,'node',1),('for',115,'node',1),('for',116,'node',19.1507),('for',117,'node',4),('for',118,'node',2),('for',119,'node',17.9545),('for',121,'node',2),('for',291,'node',1),('forever',116,'node',1),('forget',291,'node',1),('forgotten',291,'node',1),('found',116,'node',2.31946),('free',116,'node',1.79872),('free',119,'node',7.83645),('from',115,'node',1),('from',116,'node',1.77779),('from',119,'node',2),('from',291,'node',1),('full',119,'node',0.927431),('fun',116,'node',1.28279),('fund',116,'node',2.84777),('fundraiser',116,'node',0.558589),('gathering',116,'node',1),('gave',116,'node',0.643484),('generations',291,'node',1),('gift',116,'node',0.509287),('give',116,'node',0.47729),('give',291,'node',1),('glimpse',291,'node',1),('goderich',116,'node',4.24621),('good',116,'node',1.52791),('goods',119,'node',3),('got',116,'node',0.888679),('grateful',116,'node',0.550958),('gratitude',116,'node',0.567769),('great',116,'node',5.50621),('greatly',116,'node',0.537506),('green',119,'node',0.949597),('group',119,'node',0.78951),('guests',116,'node',1.18007),('guidance',116,'node',0.470829),('had',116,'node',10.6779),('happy',116,'node',1.47729),('hard',116,'node',0.652202),('hard',119,'node',0.822065),('has',116,'node',4.27713),('have',115,'node',2),('have',116,'node',5.99533),('have',291,'node',3),('help',116,'node',0.687638),('help',119,'node',2),('help',291,'node',1),('helping',116,'node',0.816452),('helps',116,'node',0.508221),('herteis',116,'node',3.87562),('high',116,'node',1.504),('high',119,'node',2.63503),('high',291,'node',1),('highest',115,'node',1),('highlights',116,'node',0.442633),('highly',116,'node',4.05438),('him',116,'node',2.72003),('himself',116,'node',0.839384),('his',116,'node',9.49259),('history',119,'node',1),('home',116,'node',0.923838),('home',117,'node',26),('hour',116,'node',0.722831),('household',119,'node',1),('households',119,'node',1),('how',116,'node',0.892724),('how',118,'node',1),('how',119,'node',1),('hoyles',116,'node',4),('husband',116,'node',1),('ideas',116,'node',2.42384),('image',358,'node',1),('important',115,'node',1),('important',116,'node',0.443437),('important',117,'node',1),('impressed',116,'node',0.59873),('included',116,'node',1),('includes',119,'node',1),('including',116,'node',0.51578),('including',119,'node',1),('income',116,'node',0.934703),('inconvenience',119,'node',1),('incorporated',116,'node',0.889397),('incredible',116,'node',1),('individual',116,'node',1),('individual',119,'node',0.792123),('individual',291,'node',1),('individuals',116,'node',0.600219),('information',119,'node',2),('instance',119,'node',1),('insurance',119,'node',2),('integrity',116,'node',0.502958),('into',117,'node',1),('into',291,'node',2),('item',119,'node',2),('its',119,'node',2),('jan',118,'node',1),('job',116,'node',4.29538),('joel',116,'node',27.215),('joys',116,'node',1),('jul',118,'node',1),('jun',118,'node',1),('just',116,'node',0.879565),('just',119,'node',0.989021),('justice',116,'node',3.89144),('karen',116,'node',4),('keen',116,'node',1),('keep',119,'node',2),('keep',291,'node',1),('keepsake',115,'node',26),('keepsake',116,'node',1.38305),('keepsake',117,'node',1),('keepsake',119,'node',1),('kind',116,'node',1),('kirk',116,'node',3.17323),('kmcs',358,'node',26),('know',116,'node',0.487816),('known',116,'node',0.525844),('known',119,'node',1),('last',291,'node',2),('laughs',116,'node',0.714225),('learn',115,'node',2),('learned',115,'node',1),('least',115,'node',1),('letter',116,'node',0.570448),('level',115,'node',1),('level',116,'node',1),('life',117,'node',1),('life',291,'node',2),('lifestyle',291,'node',8),('lifetime',116,'node',1),('lifetime',291,'node',1),('likings',291,'node',1),('linda',116,'node',4),('link',121,'node',2),('lisa',116,'node',2.65927),('lives',116,'node',0.507159),('local',116,'node',0.539902),('location',119,'node',0.802752),('loss',119,'node',2),('lots',116,'node',0.716357),('love',116,'node',1.71636),('loved',116,'node',0.993146),('loved',117,'node',1),('low',116,'node',0.938382),('loyal',116,'node',0.484898),('made',115,'node',1),('made',116,'node',3.24189),('make',116,'node',4.12492),('make',291,'node',2.99731),('manner',119,'node',1),('many',115,'node',1),('many',116,'node',3.29157),('maple',116,'node',0.62674),('mar',118,'node',1),('margaret',116,'node',1.78672),('marginalized',116,'node',0.491762),('marie',116,'node',2.54671),('martin',116,'node',1.78346),('may',115,'node',1),('may',116,'node',1.08838),('may',118,'node',1),('memorable',116,'node',0.863659),('memories',116,'node',1.81645),('memories',291,'node',2),('memory',116,'node',0.563797),('memory',117,'node',1),('message',118,'node',1),('michael',116,'node',4),('mike',116,'node',3.44219),('millar',116,'node',3.42983),('miller',116,'node',3.07688),('minutes',291,'node',1),('missing',119,'node',1),('moment',115,'node',7),('moment',116,'node',1),('moment',117,'node',1),('moments',291,'node',1),('month',118,'node',2),('moral',116,'node',0.501918),('more',116,'node',1.3915),('more',119,'node',1),('most',116,'node',0.444243),('most',291,'node',1),('mother',291,'node',1),('mothers',291,'node',7),('movie',117,'node',1),('much',115,'node',2),('much',116,'node',0.902857),('much',291,'node',0.997306),('music',291,'node',1),('name',116,'node',0.842342),('name',118,'node',2),('needing',116,'node',0.448322),('neil',116,'node',3.98922),('never',291,'node',2),('newborn',116,'node',0.989021),('newborn',291,'node',8),('next',115,'node',1),('next',119,'node',1),('norm',116,'node',7.26823),('not',117,'node',1),('not',291,'node',1),('nov',118,'node',1),('november',116,'node',0.554747),('number',116,'node',0.800068),('occasional',116,'node',0.521322),('occasions',116,'node',0.490769),('occasions',117,'node',1),('occasions',119,'node',3.51826),('occasions',291,'node',26),('occassions',118,'node',1),('occur',115,'node',1),('oct',118,'node',1),('oesch',116,'node',2.87401),('off',119,'node',0.997306),('offer',117,'node',2),('offering',116,'node',2.35526),('often',116,'node',0.547222),('old',119,'node',1),('one',116,'node',0.594307),('ones',117,'node',1),('organization',116,'node',0.931546),('organizational',116,'node',0.481063),('organized',116,'node',0.468115),('organized',119,'node',1),('other',117,'node',1),('other',118,'node',1),('other',119,'node',1),('others',116,'node',0.494765),('our',116,'node',14.9585),('out',116,'node',2.22395),('out',119,'node',0.808176),('outdoor',116,'node',1),('over',116,'node',2.98493),('own',117,'node',1),('own',119,'node',1),('package',291,'node',7.98087),('packages',119,'node',16),('page',121,'node',1),('parent',291,'node',1),('part',116,'node',0.747619),('particular',115,'node',1),('party',116,'node',2.46562),('past',116,'node',0.556022),('pat',116,'node',3.73766),('paul',116,'node',3.69694),('people',116,'node',0.463662),('people',291,'node',1),('perfect',116,'node',0.66666),('permanent',119,'node',1),('person',291,'node',1),('personality',291,'node',1),('personalized',291,'node',1),('phone',118,'node',1),('photo',119,'node',5.64775),('photo',291,'node',17),('photographer',115,'node',2),('photographer',116,'node',3.28531),('photographer',119,'node',3.13735),('photographing',119,'node',1),('photography',115,'node',1),('photography',116,'node',4.98837),('photography',117,'node',1),('photography',119,'node',1.69084),('photography',291,'node',15.9809),('photos',115,'node',7),('photos',116,'node',4.12365),('photos',117,'node',1),('photos',119,'node',13.681),('photos',291,'node',10),('pics',116,'node',0.679856),('picture',116,'node',0.677939),('picture',119,'node',1.62516),('picture',291,'node',1),('pictures',116,'node',7.91822),('pictures',121,'node',1),('please',119,'node',13.7792),('please',121,'node',2),('pleased',116,'node',1.3603),('pleasure',116,'node',1.44372),('pleasure',117,'node',1),('point',115,'node',2),('points',116,'node',2.33133),('polite',116,'node',1.44024),('portfolio',121,'node',27),('position',116,'node',0.45843),('positive',116,'node',0.784336),('possessing',116,'node',0.482016),('possible',115,'node',1),('post',116,'node',0.961087),('practice',115,'node',1),('precious',291,'node',1),('preconsultation',119,'node',0.813674),('prescott',116,'node',4),('preserved',116,'node',1),('president',116,'node',3.72127),('pretend',116,'node',0.650439),('price',116,'node',0.45164),('prints',119,'node',0.816452),('prints',291,'node',1),('prior',116,'node',0.699655),('privileged',116,'node',1),('problems',116,'node',0.472657),('process',119,'node',1),('professional',115,'node',1),('professional',116,'node',3.05465),('professional',117,'node',2),('professional',119,'node',1.77562),('professional',291,'node',3.98902),('professionalism',116,'node',1),('project',116,'node',0.620288),('promptly',116,'node',1),('props',119,'node',0.96498),('proven',116,'node',0.496787),('provide',116,'node',0.606252),('provided',116,'node',0.565115),('punctual',116,'node',0.482973),('pursue',116,'node',0.45586),('put',117,'node',1),('puts',291,'node',1),('quality',115,'node',1),('quality',119,'node',0.866793),('quick',116,'node',0.44024),('quick',119,'node',1),('quote',118,'node',1),('rapport',116,'node',0.464545),('rate',119,'node',13),('rates',116,'node',0.43709),('rates',119,'node',26),('realty',116,'node',2.31457),('receiving',116,'node',0.733888),('reception',116,'node',1.49997),('recommend',116,'node',5.61903),('recorded',116,'node',0.766757),('recorded',119,'node',1),('recording',115,'node',7),('recording',116,'node',0.511433),('recording',119,'node',1),('regard',116,'node',0.779231),('relive',116,'node',1),('remember',116,'node',1),('remembered',291,'node',1),('replied',116,'node',0.96498),('requests',116,'node',0.676032),('require',119,'node',0.961087),('residents',116,'node',0.628375),('resolution',119,'node',2.63138),('resolution',291,'node',1),('respectful',116,'node',0.486839),('responded',116,'node',1),('responsibility',116,'node',0.499853),('responsible',116,'node',0.588512),('results',116,'node',1.16493),('retained',116,'node',0.474499),('retirement',116,'node',1),('retrival',119,'node',1),('richard',116,'node',4),('right',116,'node',0.759465),('saturday',116,'node',0.559882),('say',115,'node',1),('saying',291,'node',1),('screen',119,'node',0.945829),('see',116,'node',0.697623),('seek',116,'node',0.456713),('sep',118,'node',1),('service',116,'node',1),('service',117,'node',1),('service',118,'node',1),('service',119,'node',1),('services',116,'node',1.67733),('services',117,'node',2),('services',119,'node',26),('session',116,'node',1.83192),('session',119,'node',8.28764),('session',291,'node',5),('sessions',116,'node',0.492759),('sessions',119,'node',0.913226),('set',116,'node',0.685676),('setting',116,'node',0.693594),('several',116,'node',1.93217),('shoot',115,'node',1),('shoot',116,'node',0.794753),('shoot',117,'node',1),('shoot',119,'node',7.79885),('shoot',291,'node',16),('shots',116,'node',1.04109),('shots',117,'node',1),('shots',119,'node',1.75729),('show',116,'node',1),('shows',116,'node',0.797402),('shows',291,'node',1),('simply',116,'node',0.813674),('site',119,'node',0.993146),('situation',115,'node',1),('sizes',119,'node',0.797402),('skills',116,'node',0.941145),('slider',358,'node',27),('small',116,'node',1),('society',116,'node',4.74909),('some',116,'node',4.96481),('son',116,'node',2.84495),('sons',116,'node',1.31738),('sort',119,'node',0.810915),('soup',116,'node',0.561181),('special',116,'node',2.00113),('special',117,'node',2),('special',118,'node',1),('special',119,'node',4.41434),('special',291,'node',29),('speeches',116,'node',0.441832),('starting',115,'node',1),('stayed',116,'node',1.44155),('step',119,'node',1),('still',116,'node',1.1673),('story',117,'node',1),('stratford',119,'node',5.35017),('stretched',116,'node',0.545988),('stuck',116,'node',0.827757),('student',119,'node',0.889397),('such',117,'node',1),('suggestions',116,'node',0.638366),('summary',116,'node',0.459294),('support',116,'node',1.05362),('sure',116,'node',0.595774),('take',115,'node',1),('taken',291,'node',1),('takes',291,'node',1),('taking',119,'node',1),('talented',116,'node',0.587082),('teaching',116,'node',0.469921),('technical',116,'node',0.513597),('tells',117,'node',1),('tells',291,'node',2),('testimonials',116,'node',26),('text',119,'node',1),('than',116,'node',0.524706),('than',119,'node',1),('thank',116,'node',3.81645),('thanks',116,'node',0.705825),('that',115,'node',3),('that',116,'node',7.48633),('that',117,'node',2),('that',119,'node',1),('that',291,'node',6.99731),('the',115,'node',5),('the',116,'node',28.6553),('the',117,'node',3),('the',119,'node',6.95723),('the',291,'node',4),('their',291,'node',1),('then',119,'node',1),('there',117,'node',1),('these',116,'node',0.543537),('they',116,'node',0.592848),('this',116,'node',3.12647),('this',119,'node',3),('thomas',116,'node',5.34142),('those',115,'node',1),('those',291,'node',1),('though',116,'node',0.659351),('thousand',291,'node',1),('thrilled',116,'node',0.552215),('through',116,'node',1.4312),('time',115,'node',1),('time',116,'node',4.76453),('time',291,'node',1),('timeline',116,'node',0.736141),('today',118,'node',1),('took',116,'node',5.24366),('touch',117,'node',1),('travel',119,'node',5.43692),('tree',116,'node',0.625114),('tremendous',116,'node',0.822065),('trying',116,'node',0.845322),('turned',116,'node',0.661163),('types',115,'node',1),('unique',291,'node',1),('use',116,'node',0.71),('use',119,'node',0.953396),('used',116,'node',0.609315),('valuables',119,'node',1),('value',119,'node',3),('value',291,'node',0.98493),('valued',116,'node',0.45501),('various',119,'node',1.60286),('verbal',116,'node',0.460161),('versed',115,'node',1),('very',116,'node',8.04995),('very',291,'node',1),('video',115,'node',7),('video',116,'node',3.82112),('video',117,'node',4),('videoed',116,'node',0.445053),('videographer',116,'node',0.4475),('videographer',119,'node',3.1271),('videos',116,'node',0.438659),('videos',121,'node',1),('vincent',116,'node',3.70501),('volunteer',116,'node',0.520204),('volunteering',116,'node',0.488796),('wantedwe',116,'node',0.591395),('was',115,'node',1),('was',116,'node',7.12052),('wasn',116,'node',0.648686),('way',116,'node',0.681785),('way',291,'node',1),('weather',116,'node',0.641769),('website',117,'node',1),('webster',116,'node',2.54),('wedding',116,'node',8.41293),('wedding',119,'node',9.30307),('wedding',291,'node',8.98087),('weddings',116,'node',0.848323),('weddings',117,'node',1),('weddings',118,'node',1),('weddings',119,'node',3.50535),('weddings',121,'node',1),('welcome',117,'node',1),('welcome',121,'node',1),('welcomed',116,'node',0.535131),('well',115,'node',1),('well',116,'node',2.16996),('well',119,'node',0.794753),('went',116,'node',1.68178),('were',116,'node',2.89911),('what',115,'node',1),('what',119,'node',3),('what',291,'node',1),('when',116,'node',0.473576),('where',116,'node',0.695602),('where',119,'node',1),('where',291,'node',1),('who',291,'node',2),('whole',116,'node',0.691597),('whom',116,'node',0.63333),('why',117,'node',1),('why',119,'node',8),('why',291,'node',1),('wife',116,'node',0.854391),('will',116,'node',3.16712),('will',117,'node',1),('will',119,'node',3),('will',291,'node',5),('willing',115,'node',1),('wilson',116,'node',2.33696),('with',115,'node',1),('with',116,'node',8.12872),('with',119,'node',0.779231),('with',291,'node',3.98902),('within',119,'node',5.40188),('wonderful',116,'node',1.50929),('word',116,'node',0.824901),('words',291,'node',1),('work',116,'node',2.20681),('work',117,'node',1),('worker',116,'node',0.483934),('would',115,'node',1),('would',116,'node',4.11422),('would',119,'node',1),('would',291,'node',1),('written',116,'node',0.461031),('year',116,'node',0.836446),('year',118,'node',2),('years',115,'node',1),('years',116,'node',0.522445),('years',117,'node',1),('you',116,'node',10.3813),('you',117,'node',3),('you',119,'node',3.95839),('you',291,'node',5),('youngest',116,'node',0.98493),('your',115,'node',7),('your',116,'node',0.454162),('your',117,'node',5),('your',118,'node',2),('your',119,'node',3),('your',291,'node',5),('yours',119,'node',1);

--
-- Table structure for table `search_node_links`
--

CREATE TABLE `search_node_links` (
  `sid` int(10) unsigned NOT NULL DEFAULT '0' COMMENT 'The search_dataset.sid of the searchable item containing the link to the node.',
  `type` varchar(16) NOT NULL DEFAULT '' COMMENT 'The search_dataset.type of the searchable item containing the link to the node.',
  `nid` int(10) unsigned NOT NULL DEFAULT '0' COMMENT 'The node.nid that this item links to.',
  `caption` longtext COMMENT 'The text used to link to the node.nid.',
  PRIMARY KEY (`sid`,`type`,`nid`),
  KEY `nid` (`nid`)
) ENGINE=InnoDB DEFAULT CHARSET=utf8 COMMENT='Stores items (like nodes) that link to other nodes, used...';

--
-- Dumping data for table `search_node_links`
--


--
-- Table structure for table `search_total`
--

CREATE TABLE `search_total` (
  `word` varchar(50) NOT NULL DEFAULT '' COMMENT 'Primary Key: Unique word in the search index.',
  `count` float DEFAULT NULL COMMENT 'The count of the word in the index using Zipf’s law to equalize the probability distribution.',
  PRIMARY KEY (`word`)
) ENGINE=InnoDB DEFAULT CHARSET=utf8 COMMENT='Stores search totals for words.';

--
-- Dumping data for table `search_total`
--

INSERT INTO `search_total` VALUES ('1',0.10531),('10',0.190241),('100',0.202655),('11',0.30103),('110',0.30103),('12',0.30103),('13',0.30103),('14',0.176091),('15',0.30103),('16',0.30103),('17',0.30103),('18',0.30103),('19',0.30103),('1hr',0.30103),('2',0.219153),('20',0.176091),('2014',0.30103),('2015',0.30103),('2016',0.30103),('2017',0.30103),('2018',0.30103),('21',0.30103),('22',0.30103),('23',0.30103),('24',0.30103),('25',0.104202),('26',0.30103),('27',0.30103),('28',0.30103),('29',0.30103),('2hrs',0.0739811),('3',0.176091),('30',0.124939),('31',0.30103),('4',0.176091),('42',0.0791812),('45',0.09691),('5',0.30103),('500',0.204631),('580',0.081253),('6',0.30103),('65',0.30103),('6hrs',0.112685),('7',0.30103),('70',0.0462479),('701hr',0.30103),('8',0.30103),('80',0.195158),('9',0.30103),('able',0.30103),('about',0.0157943),('above',0.30103),('absolutely',0.30103),('accomplishments',0.30103),('addition',0.30103),('address',0.30103),('adult',0.30103),('affordable',0.30103),('after',0.30103),('afternoon',0.30103),('again',0.30103),('ages',0.30103),('album',0.19188),('all',0.0650351),('allowed',0.30103),('also',0.225172),('always',0.144879),('amanda',0.09691),('amazing',0.108398),('and',0.00875781),('angles',0.227801),('anniversaries',0.176091),('antique',0.176091),('antiques',0.30103),('any',0.0875421),('anyone',0.30103),('apartments',0.30103),('appreciated',0.217723),('approach',0.30103),('apr',0.30103),('are',0.0197548),('artistic',0.30103),('aspects',0.30103),('asset',0.30103),('assignment',0.30103),('association',0.30103),('attention',0.30103),('audio',0.30103),('aug',0.30103),('available',0.0300835),('backup',0.30103),('band',0.0963794),('barlow',0.0560632),('basis',0.30103),('bechard',0.119164),('becky',0.121533),('become',0.30103),('been',0.145187),('before',0.162405),('began',0.30103),('beginning',0.30103),('below',0.176091),('benefit',0.30103),('best',0.176091),('better',0.30103),('between',0.30103),('beyond',0.117153),('big',0.30103),('bill',0.114105),('birthday',0.30103),('board',0.15721),('both',0.161027),('brenda',0.09691),('bring',0.30103),('brokerage',0.15627),('budget',0.30103),('businesses',0.217457),('but',0.30103),('came',0.0996287),('cameras',0.30103),('can',0.09691),('cannot',0.30103),('capacities',0.30103),('capture',0.134897),('captured',0.152726),('capturing',0.30103),('carol',0.132015),('case',0.30103),('cataloging',0.0227879),('catalogue',0.09691),('catalogued',0.30103),('catch',0.30103),('celebrates',0.30103),('ceremony',0.262632),('certain',0.30103),('character',0.30103),('charitable',0.112848),('child',0.130076),('choose',0.30103),('chose',0.30103),('christmas',0.190484),('city',0.114342),('claims',0.30103),('click',0.176091),('clifford',0.0575996),('clothes',0.30103),('cocktail',0.30103),('coin',0.30103),('cold',0.30103),('coldest',0.30103),('collage',0.176091),('collection',0.30103),('collectors',0.30103),('combination',0.0263289),('combine',0.30103),('come',0.115244),('comments',0.30103),('commitment',0.220656),('communication',0.30103),('compassion',0.30103),('competent',0.30103),('completed',0.289405),('complimentary',0.30103),('computer',0.148281),('concern',0.30103),('conscientious',0.30103),('considerate',0.30103),('consultation',0.30103),('consultations',0.0579919),('contact',0.0105214),('contributing',0.30103),('convey',0.30103),('copy',0.190241),('couple',0.30103),('create',0.30103),('creation',0.19211),('creativity',0.30103),('dances',0.30103),('data',0.30103),('date',0.30103),('day',0.0228487),('dec',0.30103),('decorate',0.30103),('definitely',0.239971),('degree',0.30103),('deliver',0.30103),('deposit',0.202942),('description',0.176091),('deserves',0.30103),('detail',0.30103),('details',0.142162),('diary',0.30103),('did',0.0697151),('different',0.30103),('digital',0.189282),('directors',0.157523),('display',0.30103),('displays',0.30103),('distance',0.0741995),('document',0.09691),('documentation',0.0669468),('documenting',0.30103),('donating',0.30103),('done',0.116181),('during',0.30103),('durnin',0.13896),('dvd',0.30103),('each',0.124939),('easy',0.30103),('edit',0.30103),('edited',0.100666),('editing',0.30103),('efficient',0.30103),('eggleston',0.121875),('email',0.124939),('emily',0.129337),('employment',0.30103),('endeavor',0.30103),('endeavoured',0.30103),('ending',0.30103),('endorsement',0.30103),('engagement',0.0471119),('engagment',0.0584046),('engardt',0.132349),('enhanced',0.30103),('enjoy',0.30103),('enjoying',0.30103),('enthused',0.30103),('entire',0.30103),('equipment',0.102131),('erin',0.154385),('establish',0.176091),('etc',0.30103),('even',0.0938952),('event',0.215827),('events',0.0763838),('ever',0.30103),('every',0.30103),('everyone',0.30103),('everything',0.20056),('excellent',0.174624),('expectations',0.30103),('experience',0.30103),('extra',0.129521),('extremeely',0.30103),('extremely',0.30103),('eye',0.30103),('fabulous',0.30103),('facebook',0.30103),('fair',0.30103),('families',0.202312),('family',0.0361706),('fantastic',0.30103),('feb',0.30103),('fee',0.0735439),('festival',0.155329),('files',0.30103),('film',0.30103),('find',0.30103),('first',0.30103),('flexible',0.30103),('for',0.00912317),('forever',0.30103),('forget',0.30103),('forgotten',0.30103),('found',0.15568),('free',0.0428851),('from',0.0693264),('full',0.30103),('fun',0.250311),('fund',0.130704),('fundraiser',0.30103),('gathering',0.30103),('gave',0.30103),('generations',0.30103),('gift',0.30103),('give',0.224511),('glimpse',0.30103),('goderich',0.0918442),('good',0.218664),('goods',0.124939),('got',0.30103),('grateful',0.30103),('gratitude',0.30103),('great',0.0724754),('greatly',0.30103),('green',0.30103),('group',0.30103),('guests',0.266562),('guidance',0.30103),('had',0.038879),('happy',0.224511),('hard',0.22487),('has',0.0912453),('have',0.0378039),('help',0.104206),('helping',0.30103),('helps',0.30103),('herteis',0.0996887),('high',0.0772187),('highest',0.30103),('highlights',0.30103),('highly',0.0957434),('him',0.135973),('himself',0.30103),('his',0.043498),('history',0.30103),('home',0.0158381),('hour',0.30103),('household',0.30103),('households',0.30103),('how',0.128947),('hoyles',0.09691),('husband',0.30103),('ideas',0.15001),('image',0.30103),('important',0.148991),('impressed',0.30103),('included',0.30103),('includes',0.30103),('including',0.220036),('income',0.30103),('inconvenience',0.30103),('incorporated',0.30103),('incredible',0.30103),('individual',0.132948),('individuals',0.30103),('information',0.176091),('instance',0.30103),('insurance',0.176091),('integrity',0.30103),('into',0.124939),('item',0.176091),('its',0.176091),('jan',0.30103),('job',0.0908955),('joel',0.0156717),('joys',0.30103),('jul',0.30103),('jun',0.30103),('just',0.186155),('justice',0.0993263),('karen',0.09691),('keen',0.30103),('keep',0.124939),('keepsake',0.0145345),('kind',0.30103),('kirk',0.118971),('kmcs',0.0163904),('know',0.30103),('known',0.218896),('last',0.176091),('laughs',0.30103),('learn',0.176091),('learned',0.30103),('least',0.30103),('letter',0.30103),('level',0.176091),('life',0.124939),('lifestyle',0.0511525),('lifetime',0.176091),('likings',0.30103),('linda',0.09691),('link',0.176091),('lisa',0.138632),('lives',0.30103),('local',0.30103),('location',0.30103),('loss',0.176091),('lots',0.30103),('love',0.199379),('loved',0.176589),('low',0.30103),('loyal',0.30103),('made',0.0919286),('make',0.0570593),('manner',0.30103),('many',0.0909683),('maple',0.30103),('mar',0.30103),('margaret',0.193036),('marginalized',0.30103),('marie',0.143846),('martin',0.193321),('may',0.0486374),('memorable',0.30103),('memories',0.101067),('memory',0.214703),('message',0.30103),('michael',0.09691),('mike',0.110762),('millar',0.111114),('miller',0.122217),('minutes',0.30103),('missing',0.30103),('moment',0.0457575),('moments',0.30103),('month',0.176091),('moral',0.30103),('more',0.151721),('most',0.228504),('mother',0.30103),('mothers',0.0579919),('movie',0.30103),('much',0.0991278),('music',0.30103),('name',0.13092),('needing',0.30103),('neil',0.0971446),('never',0.176091),('newborn',0.0458105),('next',0.176091),('norm',0.0559839),('not',0.176091),('nov',0.30103),('november',0.30103),('number',0.30103),('occasional',0.30103),('occasions',0.0137843),('occassions',0.30103),('occur',0.30103),('oct',0.30103),('oesch',0.129673),('off',0.30103),('offer',0.176091),('offering',0.153688),('often',0.30103),('old',0.30103),('one',0.30103),('ones',0.30103),('organization',0.30103),('organizational',0.30103),('organized',0.225605),('other',0.124939),('others',0.30103),('our',0.028104),('out',0.123787),('outdoor',0.30103),('over',0.125487),('own',0.176091),('package',0.0512682),('packages',0.0263289),('page',0.30103),('parent',0.30103),('part',0.30103),('particular',0.30103),('party',0.147855),('past',0.30103),('pat',0.102964),('paul',0.103973),('people',0.22614),('perfect',0.30103),('permanent',0.30103),('person',0.30103),('personality',0.30103),('personalized',0.30103),('phone',0.30103),('photo',0.0187648),('photographer',0.0487243),('photographing',0.30103),('photography',0.0172635),('photos',0.0119633),('pics',0.30103),('picture',0.11486),('pictures',0.0461555),('please',0.0266862),('pleased',0.239333),('pleasure',0.148976),('point',0.176091),('points',0.155014),('polite',0.228998),('portfolio',0.0157943),('position',0.30103),('positive',0.30103),('possessing',0.30103),('possible',0.30103),('post',0.30103),('practice',0.30103),('precious',0.30103),('preconsultation',0.30103),('prescott',0.09691),('preserved',0.30103),('president',0.103368),('pretend',0.30103),('price',0.30103),('prints',0.190478),('prior',0.30103),('privileged',0.30103),('problems',0.30103),('process',0.30103),('professional',0.0352726),('professionalism',0.30103),('project',0.30103),('promptly',0.30103),('props',0.30103),('proven',0.30103),('provide',0.30103),('provided',0.30103),('punctual',0.30103),('pursue',0.30103),('put',0.30103),('puts',0.30103),('quality',0.1863),('quick',0.228998),('quote',0.30103),('rapport',0.30103),('rate',0.0321847),('rates',0.0161244),('realty',0.155957),('receiving',0.30103),('reception',0.221852),('recommend',0.071133),('recorded',0.194794),('recording',0.0482433),('regard',0.30103),('relive',0.30103),('remember',0.30103),('remembered',0.30103),('replied',0.30103),('requests',0.30103),('require',0.30103),('residents',0.30103),('resolution',0.105639),('respectful',0.30103),('responded',0.30103),('responsibility',0.30103),('responsible',0.30103),('results',0.269145),('retained',0.30103),('retirement',0.30103),('retrival',0.30103),('richard',0.09691),('right',0.30103),('saturday',0.30103),('say',0.30103),('saying',0.30103),('screen',0.30103),('see',0.30103),('seek',0.30103),('sep',0.30103),('service',0.09691),('services',0.0143927),('session',0.027814),('sessions',0.233312),('set',0.30103),('setting',0.30103),('several',0.181144),('shoot',0.0160312),('shots',0.101496),('show',0.30103),('shows',0.19211),('simply',0.30103),('site',0.30103),('situation',0.30103),('sizes',0.30103),('skills',0.30103),('slider',0.0157943),('small',0.30103),('society',0.0829887),('some',0.079694),('son',0.130816),('sons',0.245287),('sort',0.30103),('soup',0.30103),('special',0.0111606),('speeches',0.30103),('starting',0.30103),('stayed',0.228835),('step',0.30103),('still',0.268737),('story',0.30103),('stratford',0.0744177),('stretched',0.30103),('stuck',0.30103),('student',0.30103),('such',0.30103),('suggestions',0.30103),('summary',0.30103),('support',0.289836),('sure',0.30103),('take',0.30103),('taken',0.30103),('takes',0.30103),('taking',0.30103),('talented',0.30103),('teaching',0.30103),('technical',0.30103),('tells',0.124939),('testimonials',0.0163904),('text',0.30103),('than',0.219025),('thank',0.101067),('thanks',0.30103),('that',0.0207007),('the',0.00902697),('their',0.30103),('then',0.30103),('there',0.30103),('these',0.30103),('they',0.30103),('this',0.0656641),('thomas',0.0745297),('those',0.176091),('though',0.30103),('thousand',0.30103),('thrilled',0.30103),('through',0.23012),('time',0.0598775),('timeline',0.30103),('today',0.30103),('took',0.0758047),('touch',0.30103),('travel',0.0733251),('tree',0.30103),('tremendous',0.30103),('trying',0.30103),('turned',0.30103),('types',0.30103),('unique',0.30103),('use',0.20444),('used',0.30103),('valuables',0.30103),('value',0.0972384),('valued',0.30103),('various',0.210556),('verbal',0.30103),('versed',0.30103),('very',0.0455177),('video',0.0235076),('videoed',0.30103),('videographer',0.107126),('videos',0.229193),('vincent',0.103771),('volunteer',0.30103),('volunteering',0.30103),('wantedwe',0.30103),('was',0.0504358),('wasn',0.30103),('way',0.202653),('weather',0.30103),('website',0.30103),('webster',0.14417),('wedding',0.0159703),('weddings',0.0553732),('welcome',0.176091),('welcomed',0.30103),('well',0.0976824),('went',0.202653),('were',0.128701),('what',0.0791812),('when',0.30103),('where',0.137029),('who',0.176091),('whole',0.30103),('whom',0.30103),('why',0.0413927),('wife',0.30103),('will',0.034303),('willing',0.30103),('wilson',0.154699),('with',0.0301778),('within',0.0737626),('wonderful',0.220779),('word',0.30103),('words',0.30103),('work',0.11788),('worker',0.30103),('would',0.0571195),('written',0.30103),('year',0.131155),('years',0.145023),('you',0.019018),('youngest',0.30103),('your',0.0189231),('yours',0.30103);

--
