-- Table structure for table `file_usage`
--

CREATE TABLE `file_usage` (
  `fid` int(10) unsigned NOT NULL COMMENT 'File ID.',
  `module` varchar(255) NOT NULL DEFAULT '' COMMENT 'The name of the module that is using the file.',
  `type` varchar(64) NOT NULL DEFAULT '' COMMENT 'The name of the object type in which the file is used.',
  `id` int(10) unsigned NOT NULL DEFAULT '0' COMMENT 'The primary key of the object using the file.',
  `count` int(10) unsigned NOT NULL DEFAULT '0' COMMENT 'The number of times this file is used by this object.',
  PRIMARY KEY (`fid`,`type`,`id`,`module`),
  KEY `type_id` (`type`,`id`),
  KEY `fid_count` (`fid`,`count`),
  KEY `fid_module` (`fid`,`module`)
) ENGINE=InnoDB DEFAULT CHARSET=utf8 COMMENT='Track where a file is used.';

--
-- Dumping data for table `file_usage`
--

INSERT INTO `file_usage` VALUES (18,'imce','file',18,1),(22,'imce','file',22,1),(23,'imce','file',23,1),(24,'imce','file',24,1),(25,'imce','file',25,1),(26,'imce','file',26,1),(29,'imce','file',29,1),(31,'imce','file',31,1),(39,'imce','file',39,1),(40,'imce','file',40,1),(41,'imce','file',41,1),(46,'imce','file',46,1),(47,'imce','file',47,1),(53,'imce','file',53,1),(61,'imce','file',61,1),(69,'imce','file',69,1),(70,'imce','file',70,1),(71,'imce','file',71,1),(72,'imce','file',72,1),(73,'imce','file',73,1),(74,'imce','file',74,1),(75,'imce','file',75,1),(76,'imce','file',76,1),(77,'imce','file',77,1),(78,'imce','file',78,1),(79,'imce','file',79,1),(80,'imce','file',80,1),(81,'imce','file',81,1),(82,'imce','file',82,1),(83,'imce','file',83,1),(84,'imce','file',84,1),(85,'imce','file',85,1),(87,'imce','file',87,1),(88,'imce','file',88,1),(89,'imce','file',89,1),(90,'imce','file',90,1),(91,'imce','file',91,1),(92,'imce','file',92,1),(93,'imce','file',93,1),(94,'imce','file',94,1),(95,'imce','file',95,1),(96,'imce','file',96,1),(97,'imce','file',97,1),(98,'imce','file',98,1),(99,'imce','file',99,1),(100,'imce','file',100,1),(101,'imce','file',101,1),(103,'imce','file',103,1),(104,'imce','file',104,1),(106,'imce','file',106,1),(107,'imce','file',107,1),(108,'imce','file',108,1),(109,'imce','file',109,1),(110,'imce','file',110,1),(111,'imce','file',111,1),(113,'imce','file',113,1),(114,'imce','file',114,1),(117,'imce','file',117,1),(118,'imce','file',118,1),(119,'imce','file',119,1),(120,'imce','file',120,1),(121,'imce','file',121,1),(122,'imce','file',122,1),(123,'imce','file',123,1),(124,'imce','file',124,1),(125,'imce','file',125,1),(126,'imce','file',126,1),(127,'imce','file',127,1),(128,'imce','file',128,1),(129,'imce','file',129,1),(130,'imce','file',130,1),(131,'imce','file',131,1),(132,'imce','file',132,1),(133,'imce','file',133,1),(134,'imce','file',134,1),(135,'imce','file',135,1),(136,'imce','file',136,1),(137,'imce','file',137,1),(138,'imce','file',138,1),(139,'imce','file',139,1),(140,'imce','file',140,1),(142,'imce','file',142,1),(143,'imce','file',143,1),(144,'imce','file',144,1),(145,'imce','file',145,1),(146,'imce','file',146,1),(147,'imce','file',147,1),(148,'imce','file',148,1),(149,'imce','file',149,1),(150,'imce','file',150,1),(151,'imce','file',151,1),(152,'imce','file',152,1),(153,'imce','file',153,1),(154,'imce','file',154,1),(155,'imce','file',155,1),(156,'imce','file',156,1),(157,'imce','file',157,1),(158,'imce','file',158,1),(159,'imce','file',159,1),(160,'imce','file',160,1),(161,'imce','file',161,1),(162,'imce','file',162,1),(163,'imce','file',163,1),(164,'imce','file',164,1),(165,'imce','file',165,1),(166,'imce','file',166,1),(167,'imce','file',167,1),(168,'imce','file',168,1),(170,'imce','file',170,1),(171,'imce','file',171,1),(173,'imce','file',173,1),(174,'imce','file',174,1),(175,'imce','file',175,1),(176,'imce','file',176,1),(177,'imce','file',177,1),(178,'imce','file',178,1),(179,'imce','file',179,1),(180,'imce','file',180,1),(184,'imce','file',184,1),(185,'imce','file',185,1),(186,'imce','file',186,1),(187,'imce','file',187,1),(188,'imce','file',188,1),(189,'imce','file',189,1),(190,'imce','file',190,1),(196,'imce','file',196,1),(198,'imce','file',198,1),(201,'imce','file',201,1),(204,'imce','file',204,1),(216,'imce','file',216,1),(217,'imce','file',217,1),(218,'imce','file',218,1),(220,'imce','file',220,1),(222,'imce','file',222,1),(223,'imce','file',223,1),(224,'imce','file',224,1),(228,'imce','file',228,1),(235,'imce','file',235,1),(276,'imce','file',276,1),(277,'imce','file',277,1),(278,'imce','file',278,1),(303,'imce','file',303,1),(304,'imce','file',304,1),(306,'imce','file',306,1),(308,'imce','file',308,1),(309,'imce','file',309,1),(310,'imce','file',310,1),(311,'imce','file',311,1),(312,'imce','file',312,1),(313,'imce','file',313,1),(315,'imce','file',315,1),(316,'imce','file',316,1),(317,'imce','file',317,1),(318,'imce','file',318,1),(319,'imce','file',319,1),(320,'imce','file',320,1),(321,'imce','file',321,1),(322,'imce','file',322,1),(323,'imce','file',323,1),(324,'imce','file',324,1),(325,'imce','file',325,1),(326,'imce','file',326,1),(327,'imce','file',327,1),(328,'imce','file',328,1),(329,'imce','file',329,1),(330,'imce','file',330,1),(331,'imce','file',331,1),(332,'imce','file',332,1),(333,'imce','file',333,1),(334,'imce','file',334,1),(335,'imce','file',335,1),(336,'imce','file',336,1),(337,'imce','file',337,1),(338,'imce','file',338,1),(339,'imce','file',339,1),(340,'imce','file',340,1),(341,'imce','file',341,1),(342,'imce','file',342,1),(343,'imce','file',343,1),(344,'imce','file',344,1),(345,'imce','file',345,1),(346,'imce','file',346,1),(347,'imce','file',347,1),(348,'imce','file',348,1),(349,'imce','file',349,1),(350,'imce','file',350,1),(351,'imce','file',351,1),(354,'imce','file',354,1),(355,'imce','file',355,1),(356,'imce','file',356,1),(360,'imce','file',360,1),(361,'imce','file',361,1),(362,'imce','file',362,1),(363,'imce','file',363,1),(364,'imce','file',364,1),(365,'imce','file',365,1),(366,'imce','file',366,1),(367,'imce','file',367,1),(368,'imce','file',368,1),(369,'imce','file',369,1),(370,'imce','file',370,1),(371,'imce','file',371,1),(372,'imce','file',372,1),(373,'imce','file',373,1),(374,'imce','file',374,1),(375,'imce','file',375,1),(376,'imce','file',376,1),(377,'imce','file',377,1),(378,'imce','file',378,1),(379,'imce','file',379,1),(380,'imce','file',380,1),(381,'imce','file',381,1),(382,'imce','file',382,1),(383,'imce','file',383,1),(384,'imce','file',384,1),(385,'imce','file',385,1),(386,'imce','file',386,1),(387,'imce','file',387,1),(388,'imce','file',388,1),(389,'imce','file',389,1),(390,'imce','file',390,1),(391,'imce','file',391,1),(392,'imce','file',392,1),(393,'imce','file',393,1),(394,'imce','file',394,1),(395,'imce','file',395,1),(396,'imce','file',396,1),(397,'imce','file',397,1),(398,'imce','file',398,1),(399,'imce','file',399,1),(400,'imce','file',400,1),(401,'imce','file',401,1),(402,'imce','file',402,1),(403,'imce','file',403,1),(404,'imce','file',404,1),(405,'imce','file',405,1),(408,'imce','file',408,1),(409,'imce','file',409,1),(416,'imce','file',416,1),(417,'imce','file',417,1),(422,'imce','file',422,1),(423,'imce','file',423,1),(424,'imce','file',424,1),(425,'imce','file',425,1),(426,'imce','file',426,1),(427,'imce','file',427,1),(428,'imce','file',428,1),(429,'imce','file',429,1),(430,'imce','file',430,1),(431,'imce','file',431,1),(432,'imce','file',432,1),(433,'imce','file',433,1),(434,'imce','file',434,1),(435,'imce','file',435,1),(436,'imce','file',436,1),(437,'imce','file',437,1),(438,'imce','file',438,1),(439,'imce','file',439,1),(440,'imce','file',440,1),(441,'imce','file',441,1),(442,'imce','file',442,1),(443,'imce','file',443,1),(444,'imce','file',444,1),(445,'imce','file',445,1),(446,'imce','file',446,1),(447,'imce','file',447,1),(448,'imce','file',448,1),(449,'imce','file',449,1),(450,'imce','file',450,1),(451,'imce','file',451,1),(452,'imce','file',452,1),(453,'imce','file',453,1),(454,'imce','file',454,1),(455,'imce','file',455,1),(456,'imce','file',456,1),(457,'imce','file',457,1),(458,'imce','file',458,1),(459,'imce','file',459,1),(460,'imce','file',460,1),(461,'imce','file',461,1),(472,'imce','file',472,1),(474,'imce','file',474,1),(478,'imce','file',478,1),(479,'imce','file',479,1),(480,'imce','file',480,1),(481,'imce','file',481,1),(482,'imce','file',482,1),(483,'imce','file',483,1),(485,'imce','file',485,1),(486,'imce','file',486,1),(487,'imce','file',487,1),(488,'imce','file',488,1),(489,'imce','file',489,1),(503,'imce','file',503,1),(504,'imce','file',504,1),(505,'imce','file',505,1),(506,'imce','file',506,1),(507,'imce','file',507,1),(508,'imce','file',508,1),(509,'imce','file',509,1),(510,'imce','file',510,1),(511,'imce','file',511,1),(512,'imce','file',512,1),(513,'imce','file',513,1),(514,'imce','file',514,1),(515,'imce','file',515,1),(516,'imce','file',516,1),(517,'imce','file',517,1),(518,'imce','file',518,1),(519,'imce','file',519,1),(520,'imce','file',520,1),(521,'imce','file',521,1),(522,'imce','file',522,1),(539,'imce','file',539,1),(540,'imce','file',540,1),(541,'imce','file',541,1),(542,'imce','file',542,1),(548,'imce','file',548,1),(549,'imce','file',549,1),(551,'imce','file',551,1),(552,'imce','file',552,1),(553,'imce','file',553,1),(554,'imce','file',554,1),(555,'imce','file',555,1),(556,'imce','file',556,1),(557,'imce','file',557,1),(558,'imce','file',558,1),(559,'imce','file',559,1),(560,'imce','file',560,1),(561,'imce','file',561,1),(563,'imce','file',563,1),(565,'imce','file',565,1),(566,'imce','file',566,1),(567,'imce','file',567,1),(569,'imce','file',569,1),(572,'imce','file',572,1),(573,'imce','file',573,1),(574,'imce','file',574,1),(575,'imce','file',575,1),(576,'imce','file',576,1),(577,'imce','file',577,1),(578,'imce','file',578,1),(579,'imce','file',579,1),(580,'imce','file',580,1),(581,'imce','file',581,1),(582,'imce','file',582,1),(583,'imce','file',583,1),(584,'imce','file',584,1),(585,'imce','file',585,1),(586,'imce','file',586,1),(587,'imce','file',587,1),(588,'imce','file',588,1),(589,'imce','file',589,1),(590,'imce','file',590,1),(591,'imce','file',591,1),(592,'imce','file',592,1),(594,'imce','file',594,1),(596,'imce','file',596,1),(597,'imce','file',597,1),(598,'imce','file',598,1),(599,'imce','file',599,1),(600,'imce','file',600,1),(601,'imce','file',601,1),(602,'imce','file',602,1),(603,'imce','file',603,1),(604,'imce','file',604,1),(605,'imce','file',605,1),(606,'imce','file',606,1),(607,'imce','file',607,1),(608,'imce','file',608,1),(609,'imce','file',609,1),(610,'imce','file',610,1),(611,'imce','file',611,1),(612,'imce','file',612,1),(613,'imce','file',613,1),(614,'imce','file',614,1),(615,'imce','file',615,1),(616,'imce','file',616,1),(617,'imce','file',617,1),(618,'imce','file',618,1),(619,'imce','file',619,1),(620,'imce','file',620,1),(621,'imce','file',621,1),(622,'imce','file',622,1),(623,'imce','file',623,1),(624,'imce','file',624,1),(625,'imce','file',625,1),(626,'imce','file',626,1),(627,'imce','file',627,1),(628,'imce','file',628,1),(629,'imce','file',629,1),(630,'imce','file',630,1),(631,'imce','file',631,1),(637,'imce','file',637,1),(638,'imce','file',638,1),(639,'imce','file',639,1),(641,'imce','file',641,1),(642,'imce','file',642,1),(643,'imce','file',643,1),(645,'imce','file',645,1),(647,'imce','file',647,1),(648,'imce','file',648,1),(649,'imce','file',649,1),(650,'imce','file',650,1),(651,'imce','file',651,1),(652,'imce','file',652,1),(653,'imce','file',653,1),(658,'imce','file',658,1),(659,'imce','file',659,1),(660,'imce','file',660,1),(661,'imce','file',661,1),(662,'imce','file',662,1),(664,'imce','file',664,1),(665,'imce','file',665,1),(666,'imce','file',666,1),(667,'imce','file',667,1),(668,'imce','file',668,1),(669,'imce','file',669,1),(670,'imce','file',670,1),(671,'imce','file',671,1),(672,'imce','file',672,1),(673,'imce','file',673,1),(674,'imce','file',674,1),(677,'imce','file',677,1),(678,'imce','file',678,1),(679,'imce','file',679,1),(680,'imce','file',680,1),(681,'imce','file',681,1),(682,'imce','file',682,1),(683,'imce','file',683,1),(684,'imce','file',684,1),(685,'imce','file',685,1),(686,'imce','file',686,1),(687,'imce','file',687,1),(688,'imce','file',688,1),(689,'imce','file',689,1),(690,'imce','file',690,1),(691,'imce','file',691,1),(692,'imce','file',692,1),(693,'imce','file',693,1),(694,'imce','file',694,1),(695,'imce','file',695,1),(696,'imce','file',696,1),(697,'imce','file',697,1),(698,'imce','file',698,1),(699,'imce','file',699,1),(700,'imce','file',700,1),(701,'imce','file',701,1),(702,'imce','file',702,1),(703,'imce','file',703,1),(704,'imce','file',704,1),(705,'imce','file',705,1),(706,'imce','file',706,1),(707,'imce','file',707,1),(708,'imce','file',708,1),(709,'imce','file',709,1),(710,'imce','file',710,1),(711,'imce','file',711,1),(712,'imce','file',712,1),(713,'imce','file',713,1),(714,'imce','file',714,1),(715,'imce','file',715,1),(716,'imce','file',716,1),(717,'imce','file',717,1),(718,'imce','file',718,1),(719,'imce','file',719,1),(720,'imce','file',720,1),(721,'imce','file',721,1),(722,'imce','file',722,1),(723,'imce','file',723,1),(724,'imce','file',724,1),(725,'imce','file',725,1),(726,'imce','file',726,1),(727,'imce','file',727,1),(728,'imce','file',728,1),(729,'imce','file',729,1),(730,'imce','file',730,1),(731,'imce','file',731,1),(732,'imce','file',732,1),(733,'imce','file',733,1),(734,'imce','file',734,1),(735,'imce','file',735,1),(736,'imce','file',736,1),(737,'imce','file',737,1),(738,'imce','file',738,1),(739,'imce','file',739,1),(740,'imce','file',740,1),(741,'imce','file',741,1),(742,'imce','file',742,1),(744,'imce','file',744,1),(746,'imce','file',746,1),(747,'imce','file',747,1),(752,'imce','file',752,1),(753,'imce','file',753,1),(754,'imce','file',754,1),(755,'imce','file',755,1),(756,'imce','file',756,1),(757,'imce','file',757,1),(758,'imce','file',758,1),(759,'imce','file',759,1),(760,'imce','file',760,1),(761,'imce','file',761,1),(762,'imce','file',762,1),(763,'imce','file',763,1),(764,'imce','file',764,1),(765,'imce','file',765,1),(766,'imce','file',766,1),(768,'imce','file',768,1),(769,'imce','file',769,1),(771,'imce','file',771,1),(772,'imce','file',772,1),(774,'imce','file',774,1),(775,'imce','file',775,1),(776,'imce','file',776,1),(777,'imce','file',777,1),(778,'imce','file',778,1),(779,'imce','file',779,1),(780,'imce','file',780,1),(781,'imce','file',781,1),(782,'imce','file',782,1),(783,'imce','file',783,1),(784,'imce','file',784,1),(785,'imce','file',785,1),(786,'imce','file',786,1),(787,'imce','file',787,1),(788,'imce','file',788,1),(789,'imce','file',789,1),(790,'imce','file',790,1),(791,'imce','file',791,1),(792,'imce','file',792,1),(793,'imce','file',793,1),(794,'imce','file',794,1),(795,'imce','file',795,1),(796,'imce','file',796,1),(797,'imce','file',797,1),(798,'imce','file',798,1),(799,'imce','file',799,1),(800,'imce','file',800,1),(801,'imce','file',801,1),(802,'imce','file',802,1),(803,'imce','file',803,1),(806,'imce','file',806,1),(807,'imce','file',807,1),(808,'imce','file',808,1),(809,'imce','file',809,1),(810,'imce','file',810,1),(811,'imce','file',811,1),(813,'imce','file',813,1),(814,'imce','file',814,1),(815,'imce','file',815,1),(816,'imce','file',816,1),(817,'imce','file',817,1),(818,'imce','file',818,1),(819,'imce','file',819,1),(821,'imce','file',821,1),(822,'imce','file',822,1),(823,'imce','file',823,1),(824,'imce','file',824,1),(825,'imce','file',825,1),(828,'imce','file',828,1),(829,'imce','file',829,1),(830,'imce','file',830,1),(831,'imce','file',831,1),(832,'imce','file',832,1),(833,'imce','file',833,1),(834,'imce','file',834,1),(835,'imce','file',835,1),(836,'imce','file',836,1),(837,'imce','file',837,1),(838,'imce','file',838,1),(839,'imce','file',839,1),(840,'imce','file',840,1),(841,'imce','file',841,1),(842,'imce','file',842,1),(843,'imce','file',843,1),(844,'imce','file',844,1),(845,'imce','file',845,1),(846,'imce','file',846,1),(847,'imce','file',847,1),(848,'imce','file',848,1),(849,'imce','file',849,1),(850,'imce','file',850,1),(851,'imce','file',851,1),(852,'imce','file',852,1),(853,'imce','file',853,1),(854,'imce','file',854,1),(855,'imce','file',855,1),(856,'imce','file',856,1),(857,'imce','file',857,1),(858,'imce','file',858,1),(859,'imce','file',859,1),(860,'imce','file',860,1),(861,'imce','file',861,1),(862,'imce','file',862,1),(863,'imce','file',863,1),(864,'imce','file',864,1),(865,'imce','file',865,1),(866,'imce','file',866,1),(867,'imce','file',867,1),(868,'imce','file',868,1),(869,'imce','file',869,1),(871,'imce','file',871,1),(872,'imce','file',872,1),(873,'imce','file',873,1),(874,'imce','file',874,1),(875,'imce','file',875,1),(876,'imce','file',876,1),(877,'imce','file',877,1),(878,'imce','file',878,1),(879,'imce','file',879,1),(880,'imce','file',880,1),(881,'imce','file',881,1),(882,'imce','file',882,1),(884,'imce','file',884,1),(885,'imce','file',885,1),(886,'imce','file',886,1),(887,'imce','file',887,1),(888,'imce','file',888,1),(889,'imce','file',889,1),(890,'imce','file',890,1),(891,'imce','file',891,1),(892,'imce','file',892,1),(893,'imce','file',893,1),(894,'imce','file',894,1),(895,'imce','file',895,1),(896,'imce','file',896,1),(897,'imce','file',897,1),(899,'imce','file',899,1),(900,'imce','file',900,1),(902,'imce','file',902,1),(903,'imce','file',903,1),(904,'imce','file',904,1),(905,'imce','file',905,1),(906,'imce','file',906,1),(910,'imce','file',910,1),(913,'imce','file',913,1),(914,'imce','file',914,1),(915,'imce','file',915,1),(916,'imce','file',916,1),(917,'imce','file',917,1),(918,'imce','file',918,1),(920,'imce','file',920,1),(921,'imce','file',921,1),(922,'imce','file',922,1),(923,'imce','file',923,1),(924,'imce','file',924,1),(925,'imce','file',925,1),(926,'imce','file',926,1),(927,'imce','file',927,1),(928,'imce','file',928,1),(929,'imce','file',929,1),(930,'imce','file',930,1),(931,'imce','file',931,1),(932,'imce','file',932,1),(933,'imce','file',933,1),(934,'imce','file',934,1),(935,'imce','file',935,1),(936,'imce','file',936,1),(937,'imce','file',937,1),(938,'imce','file',938,1),(940,'imce','file',940,1),(941,'imce','file',941,1),(942,'imce','file',942,1),(943,'imce','file',943,1),(944,'imce','file',944,1),(945,'imce','file',945,1),(946,'imce','file',946,1),(947,'imce','file',947,1),(948,'imce','file',948,1),(949,'imce','file',949,1),(950,'imce','file',950,1),(951,'imce','file',951,1),(952,'imce','file',952,1),(953,'imce','file',953,1),(954,'imce','file',954,1),(956,'imce','file',956,1),(957,'imce','file',957,1),(958,'imce','file',958,1),(959,'imce','file',959,1),(960,'imce','file',960,1),(961,'imce','file',961,1),(962,'imce','file',962,1),(963,'imce','file',963,1),(964,'imce','file',964,1),(965,'imce','file',965,1),(966,'imce','file',966,1),(967,'imce','file',967,1),(968,'imce','file',968,1),(969,'imce','file',969,1),(970,'imce','file',970,1),(971,'imce','file',971,1),(972,'imce','file',972,1),(973,'imce','file',973,1),(974,'imce','file',974,1),(975,'imce','file',975,1),(976,'imce','file',976,1),(977,'imce','file',977,1),(978,'imce','file',978,1),(979,'imce','file',979,1),(980,'imce','file',980,1),(981,'imce','file',981,1),(982,'imce','file',982,1),(983,'imce','file',983,1),(984,'imce','file',984,1),(985,'imce','file',985,1),(986,'imce','file',986,1),(987,'imce','file',987,1),(988,'imce','file',988,1),(989,'imce','file',989,1),(990,'imce','file',990,1),(991,'imce','file',991,1),(992,'imce','file',992,1),(993,'imce','file',993,1),(994,'imce','file',994,1),(995,'imce','file',995,1),(996,'imce','file',996,1),(999,'imce','file',999,1),(1000,'imce','file',1000,1),(1001,'imce','file',1001,1),(1002,'imce','file',1002,1),(1006,'imce','file',1006,1),(1008,'imce','file',1008,1),(1009,'imce','file',1009,1),(1011,'imce','file',1011,1),(1012,'imce','file',1012,1),(1013,'imce','file',1013,1),(1014,'imce','file',1014,1),(1015,'imce','file',1015,1),(1016,'imce','file',1016,1),(1017,'imce','file',1017,1),(1018,'imce','file',1018,1),(1019,'imce','file',1019,1),(1020,'imce','file',1020,1),(1021,'imce','file',1021,1),(1022,'imce','file',1022,1),(1023,'imce','file',1023,1),(1024,'imce','file',1024,1),(1025,'imce','file',1025,1),(1026,'imce','file',1026,1),(1027,'imce','file',1027,1),(1028,'imce','file',1028,1),(1029,'imce','file',1029,1),(1030,'imce','file',1030,1),(1031,'imce','file',1031,1),(1032,'imce','file',1032,1),(1033,'imce','file',1033,1),(1034,'imce','file',1034,1),(1035,'imce','file',1035,1),(1036,'imce','file',1036,1),(1037,'imce','file',1037,1),(1038,'imce','file',1038,1),(1039,'imce','file',1039,1),(1040,'imce','file',1040,1),(1041,'imce','file',1041,1),(1042,'imce','file',1042,1),(1043,'imce','file',1043,1),(1044,'imce','file',1044,1),(1045,'imce','file',1045,1),(1046,'imce','file',1046,1),(1047,'imce','file',1047,1),(1048,'imce','file',1048,1),(1049,'imce','file',1049,1),(1050,'imce','file',1050,1),(1051,'imce','file',1051,1),(1052,'imce','file',1052,1),(1053,'imce','file',1053,1),(1054,'imce','file',1054,1),(1055,'imce','file',1055,1),(1056,'imce','file',1056,1),(1057,'imce','file',1057,1),(1058,'imce','file',1058,1),(1060,'imce','file',1060,1),(1061,'imce','file',1061,1),(1062,'imce','file',1062,1),(1064,'imce','file',1064,1),(1065,'imce','file',1065,1),(1066,'imce','file',1066,1),(1067,'imce','file',1067,1),(1068,'imce','file',1068,1),(1069,'imce','file',1069,1),(1070,'imce','file',1070,1),(1071,'imce','file',1071,1),(1072,'imce','file',1072,1),(1073,'imce','file',1073,1),(1074,'imce','file',1074,1),(1078,'imce','file',1078,1),(1079,'imce','file',1079,1),(1080,'imce','file',1080,1),(1081,'imce','file',1081,1),(1082,'imce','file',1082,1),(1083,'imce','file',1083,1),(1084,'imce','file',1084,1),(1085,'imce','file',1085,1),(1086,'imce','file',1086,1),(1087,'imce','file',1087,1),(1088,'imce','file',1088,1),(1089,'imce','file',1089,1),(1090,'imce','file',1090,1),(1091,'imce','file',1091,1),(1092,'imce','file',1092,1),(1093,'imce','file',1093,1),(1094,'imce','file',1094,1),(1095,'imce','file',1095,1),(1096,'imce','file',1096,1),(1097,'imce','file',1097,1),(1098,'imce','file',1098,1),(1099,'imce','file',1099,1),(1100,'imce','file',1100,1),(1101,'imce','file',1101,1),(1102,'imce','file',1102,1),(1103,'imce','file',1103,1),(1104,'imce','file',1104,1),(1105,'imce','file',1105,1),(1109,'imce','file',1109,1),(1111,'imce','file',1111,1),(1113,'imce','file',1113,1),(1114,'imce','file',1114,1),(1117,'imce','file',1117,1),(1118,'imce','file',1118,1),(1119,'imce','file',1119,1),(1120,'imce','file',1120,1),(1121,'imce','file',1121,1),(1122,'imce','file',1122,1),(1123,'imce','file',1123,1),(1124,'imce','file',1124,1),(1125,'imce','file',1125,1),(1126,'imce','file',1126,1),(1127,'imce','file',1127,1),(1128,'imce','file',1128,1),(1129,'imce','file',1129,1),(1130,'imce','file',1130,1),(1131,'imce','file',1131,1),(1132,'imce','file',1132,1),(1133,'imce','file',1133,1),(1134,'imce','file',1134,1),(1135,'imce','file',1135,1),(1136,'imce','file',1136,1),(1137,'imce','file',1137,1),(1138,'imce','file',1138,1),(1139,'imce','file',1139,1),(1140,'imce','file',1140,1),(1141,'imce','file',1141,1),(1142,'imce','file',1142,1),(1143,'imce','file',1143,1),(1144,'imce','file',1144,1),(1145,'imce','file',1145,1),(1146,'imce','file',1146,1),(1147,'imce','file',1147,1),(1148,'imce','file',1148,1),(1149,'imce','file',1149,1),(1150,'imce','file',1150,1),(1151,'imce','file',1151,1),(1152,'imce','file',1152,1),(1153,'imce','file',1153,1),(1154,'imce','file',1154,1),(1155,'imce','file',1155,1),(1156,'imce','file',1156,1),(1157,'imce','file',1157,1),(1158,'imce','file',1158,1),(1159,'imce','file',1159,1),(1160,'imce','file',1160,1),(1161,'imce','file',1161,1),(1162,'imce','file',1162,1),(1163,'imce','file',1163,1),(1164,'imce','file',1164,1),(1165,'imce','file',1165,1),(1166,'imce','file',1166,1),(1167,'imce','file',1167,1),(1168,'imce','file',1168,1),(1169,'imce','file',1169,1),(1170,'imce','file',1170,1),(1171,'imce','file',1171,1),(1172,'imce','file',1172,1),(1173,'imce','file',1173,1),(1174,'imce','file',1174,1),(1175,'imce','file',1175,1),(1176,'imce','file',1176,1),(1177,'imce','file',1177,1),(1178,'imce','file',1178,1),(1179,'imce','file',1179,1),(1180,'imce','file',1180,1),(1181,'imce','file',1181,1),(1182,'imce','file',1182,1),(1183,'imce','file',1183,1),(1184,'imce','file',1184,1),(1185,'imce','file',1185,1),(1186,'imce','file',1186,1),(1187,'imce','file',1187,1),(1188,'imce','file',1188,1),(1189,'imce','file',1189,1),(1190,'imce','file',1190,1),(1191,'imce','file',1191,1),(1192,'imce','file',1192,1),(1193,'imce','file',1193,1),(1195,'imce','file',1195,1),(1196,'imce','file',1196,1),(1197,'imce','file',1197,1),(1198,'imce','file',1198,1),(1199,'imce','file',1199,1),(1200,'imce','file',1200,1),(1201,'imce','file',1201,1),(1202,'imce','file',1202,1),(1203,'imce','file',1203,1),(1204,'imce','file',1204,1),(1205,'imce','file',1205,1),(1206,'imce','file',1206,1),(1207,'imce','file',1207,1),(1208,'imce','file',1208,1),(1209,'imce','file',1209,1),(1210,'imce','file',1210,1),(1211,'imce','file',1211,1),(1212,'imce','file',1212,1),(1213,'imce','file',1213,1),(1214,'imce','file',1214,1),(1215,'imce','file',1215,1),(1218,'imce','file',1218,1),(1219,'imce','file',1219,1),(1220,'imce','file',1220,1),(1221,'imce','file',1221,1),(1222,'imce','file',1222,1),(1223,'imce','file',1223,1),(1224,'imce','file',1224,1),(1225,'imce','file',1225,1),(1226,'imce','file',1226,1),(1227,'imce','file',1227,1),(1228,'imce','file',1228,1),(1229,'imce','file',1229,1),(1230,'imce','file',1230,1),(1231,'imce','file',1231,1),(1232,'imce','file',1232,1),(1233,'imce','file',1233,1),(1234,'imce','file',1234,1),(1235,'imce','file',1235,1),(1236,'imce','file',1236,1),(1237,'imce','file',1237,1),(1244,'imce','file',1244,1),(1245,'imce','file',1245,1),(1246,'imce','file',1246,1),(1247,'imce','file',1247,1),(1248,'imce','file',1248,1),(1249,'imce','file',1249,1),(1250,'imce','file',1250,1),(1251,'imce','file',1251,1),(1252,'imce','file',1252,1),(1253,'imce','file',1253,1),(1254,'imce','file',1254,1),(1255,'imce','file',1255,1),(1256,'file','node',358,1),(1257,'file','node',358,1),(1258,'file','node',358,1),(1259,'file','node',358,1),(1260,'file','node',358,1),(1261,'imce','file',1261,1),(1262,'imce','file',1262,1),(1263,'imce','file',1263,1),(1264,'imce','file',1264,1),(1265,'imce','file',1265,1),(1266,'imce','file',1266,1),(1267,'imce','file',1267,1),(1268,'imce','file',1268,1),(1270,'imce','file',1270,1),(1272,'imce','file',1272,1),(1273,'imce','file',1273,1),(1275,'imce','file',1275,1),(1276,'imce','file',1276,1),(1277,'imce','file',1277,1),(1278,'imce','file',1278,1),(1279,'imce','file',1279,1),(1280,'imce','file',1280,1),(1281,'imce','file',1281,1),(1282,'imce','file',1282,1),(1283,'imce','file',1283,1),(1284,'imce','file',1284,1),(1285,'imce','file',1285,1),(1286,'imce','file',1286,1),(1287,'imce','file',1287,1),(1290,'imce','file',1290,1),(1292,'imce','file',1292,1),(1293,'imce','file',1293,1),(1294,'imce','file',1294,1),(1295,'imce','file',1295,1),(1296,'imce','file',1296,1),(1297,'imce','file',1297,1),(1298,'imce','file',1298,1),(1299,'imce','file',1299,1),(1300,'imce','file',1300,1),(1301,'imce','file',1301,1),(1302,'imce','file',1302,1),(1303,'imce','file',1303,1),(1304,'imce','file',1304,1),(1305,'imce','file',1305,1),(1306,'imce','file',1306,1),(1308,'imce','file',1308,1),(1309,'imce','file',1309,1),(1310,'imce','file',1310,1),(1311,'imce','file',1311,1),(1312,'imce','file',1312,1),(1313,'imce','file',1313,1);

--
-- Table structure for table `filter`
--

CREATE TABLE `filter` (
  `format` varchar(255) NOT NULL COMMENT 'Foreign key: The filter_format.format to which this filter is assigned.',
  `module` varchar(64) NOT NULL DEFAULT '' COMMENT 'The origin module of the filter.',
  `name` varchar(32) NOT NULL DEFAULT '' COMMENT 'Name of the filter being referenced.',
  `weight` int(11) NOT NULL DEFAULT '0' COMMENT 'Weight of filter within format.',
  `status` int(11) NOT NULL DEFAULT '0' COMMENT 'Filter enabled status. (1 = enabled, 0 = disabled)',
  `settings` longblob COMMENT 'A serialized array of name value pairs that store the filter settings for the specific format.',
  PRIMARY KEY (`format`,`name`),
  KEY `list` (`weight`,`module`,`name`)
) ENGINE=InnoDB DEFAULT CHARSET=utf8 COMMENT='Table that maps filters (HTML corrector) to text formats ...';

--
-- Dumping data for table `filter`
--

INSERT INTO `filter` VALUES ('full_html','domain','domain_url',-10,0,'a:0:{}'),('full_html','filter','filter_autop',0,1,'a:0:{}'),('full_html','filter','filter_html',-10,0,'a:3:{s:12:\"allowed_html\";s:74:\"<a> <em> <strong> <cite> <blockquote> <code> <ul> <ol> <li> <dl> <dt> <dd>\";s:16:\"filter_html_help\";i:1;s:20:\"filter_html_nofollow\";i:0;}'),('full_html','filter','filter_htmlcorrector',10,1,'a:0:{}'),('full_html','filter','filter_html_escape',-10,0,'a:0:{}'),('full_html','filter','filter_url',0,1,'a:1:{s:17:\"filter_url_length\";s:2:\"72\";}'),('plain_text','filter','filter_autop',2,1,'a:0:{}'),('plain_text','filter','filter_html',-10,0,'a:3:{s:12:\"allowed_html\";s:74:\"<a> <em> <strong> <cite> <blockquote> <code> <ul> <ol> <li> <dl> <dt> <dd>\";s:16:\"filter_html_help\";i:1;s:20:\"filter_html_nofollow\";i:0;}'),('plain_text','filter','filter_htmlcorrector',10,0,'a:0:{}'),('plain_text','filter','filter_html_escape',0,1,'a:0:{}'),('plain_text','filter','filter_url',1,1,'a:1:{s:17:\"filter_url_length\";i:72;}');

--
-- Table structure for table `filter_format`
--

CREATE TABLE `filter_format` (
  `format` varchar(255) NOT NULL COMMENT 'Primary Key: Unique machine name of the format.',
  `name` varchar(255) NOT NULL DEFAULT '' COMMENT 'Name of the text format (Filtered HTML).',
  `cache` tinyint(4) NOT NULL DEFAULT '0' COMMENT 'Flag to indicate whether format is cacheable. (1 = cacheable, 0 = not cacheable)',
  `status` tinyint(3) unsigned NOT NULL DEFAULT '1' COMMENT 'The status of the text format. (1 = enabled, 0 = disabled)',
  `weight` int(11) NOT NULL DEFAULT '0' COMMENT 'Weight of text format to use when listing.',
  PRIMARY KEY (`format`),
  UNIQUE KEY `name` (`name`),
  KEY `status_weight` (`status`,`weight`)
) ENGINE=InnoDB DEFAULT CHARSET=utf8 COMMENT='Stores text formats: custom groupings of filters, such as...';

--
-- Dumping data for table `filter_format`
--

INSERT INTO `filter_format` VALUES ('full_html','Full Html',1,1,0),('plain_text','Plain text',1,1,10);

--
-- Table structure for table `flood`
--

CREATE TABLE `flood` (
  `fid` int(11) NOT NULL AUTO_INCREMENT COMMENT 'Unique flood event ID.',
  `event` varchar(64) NOT NULL DEFAULT '' COMMENT 'Name of event (e.g. contact).',
  `identifier` varchar(128) NOT NULL DEFAULT '' COMMENT 'Identifier of the visitor, such as an IP address or hostname.',
  `timestamp` int(11) NOT NULL DEFAULT '0' COMMENT 'Timestamp of the event.',
  `expiration` int(11) NOT NULL DEFAULT '0' COMMENT 'Expiration timestamp. Expired events are purged on cron run.',
  PRIMARY KEY (`fid`),
  KEY `allow` (`event`,`identifier`,`timestamp`),
  KEY `purge` (`expiration`)
) ENGINE=InnoDB AUTO_INCREMENT=125 DEFAULT CHARSET=utf8 COMMENT='Flood controls the threshold of events, such as the...';

--
-- Dumping data for table `flood`
--

INSERT INTO `flood` VALUES (124,'failed_login_attempt_ip','172.68.10.202',1509642496,1509646096);

--
-- Table structure for table `history`
--

CREATE TABLE `history` (
  `uid` int(11) NOT NULL DEFAULT '0' COMMENT 'The users.uid that read the node nid.',
  `nid` int(11) NOT NULL DEFAULT '0' COMMENT 'The node.nid that was read.',
  `timestamp` int(11) NOT NULL DEFAULT '0' COMMENT 'The Unix timestamp at which the read occurred.',
  PRIMARY KEY (`uid`,`nid`),
  KEY `nid` (`nid`)
) ENGINE=InnoDB DEFAULT CHARSET=utf8 COMMENT='A record of which users have read which nodes.';

--
-- Dumping data for table `history`
--


--
-- Table structure for table `image_effects`
--

CREATE TABLE `image_effects` (
  `ieid` int(10) unsigned NOT NULL AUTO_INCREMENT COMMENT 'The primary identifier for an image effect.',
  `isid` int(10) unsigned NOT NULL DEFAULT '0' COMMENT 'The image_styles.isid for an image style.',
  `weight` int(11) NOT NULL DEFAULT '0' COMMENT 'The weight of the effect in the style.',
  `name` varchar(255) NOT NULL COMMENT 'The unique name of the effect to be executed.',
  `data` longblob NOT NULL COMMENT 'The configuration data for the effect.',
  PRIMARY KEY (`ieid`),
  KEY `isid` (`isid`),
  KEY `weight` (`weight`)
) ENGINE=InnoDB DEFAULT CHARSET=utf8 COMMENT='Stores configuration options for image effects.';

--
-- Dumping data for table `image_effects`
--


--
-- Table structure for table `image_styles`
--

CREATE TABLE `image_styles` (
  `isid` int(10) unsigned NOT NULL AUTO_INCREMENT COMMENT 'The primary identifier for an image style.',
  `name` varchar(255) NOT NULL COMMENT 'The style machine name.',
  `label` varchar(255) NOT NULL DEFAULT '' COMMENT 'The style administrative name.',
  PRIMARY KEY (`isid`),
  UNIQUE KEY `name` (`name`)
) ENGINE=InnoDB DEFAULT CHARSET=utf8 COMMENT='Stores configuration options for image styles.';

--
-- Dumping data for table `image_styles`
--


--
-- Table structure for table `location`
--

CREATE TABLE `location` (
  `lid` int(10) unsigned NOT NULL AUTO_INCREMENT COMMENT 'Primary Key: Unique location ID.',
  `name` varchar(255) NOT NULL DEFAULT '' COMMENT 'Place Name.',
  `street` varchar(255) NOT NULL DEFAULT '' COMMENT 'Street address, line 1.',
  `additional` varchar(255) NOT NULL DEFAULT '' COMMENT 'Street address, line 2.',
  `city` varchar(255) NOT NULL DEFAULT '' COMMENT 'City.',
  `province` varchar(16) NOT NULL DEFAULT '' COMMENT 'State / Province code.',
  `postal_code` varchar(16) NOT NULL DEFAULT '' COMMENT 'Postal / ZIP code.',
  `country` char(2) NOT NULL DEFAULT '' COMMENT 'Two letter ISO country code.',
  `latitude` decimal(10,6) NOT NULL DEFAULT '0.000000' COMMENT 'Location latitude (decimal degrees).',
  `longitude` decimal(10,6) NOT NULL DEFAULT '0.000000' COMMENT 'Location longitude (decimal degrees).',
  `source` tinyint(4) NOT NULL DEFAULT '0' COMMENT 'Source of the latitude and longitude data (Geocoder, user entered, invalid, etc.)',
  `is_primary` tinyint(4) NOT NULL DEFAULT '0' COMMENT 'Is this the primary location of an object? (unused, civicrm legacy field?).',
  PRIMARY KEY (`lid`)
) ENGINE=InnoDB AUTO_INCREMENT=8 DEFAULT CHARSET=utf8 COMMENT='Locational data managed by location.module.';

--
-- Dumping data for table `location`
--

INSERT INTO `location` VALUES (4,'Nancy Ackert Financial','182 Carloway Trail','','Kincardine','ON','N2Z 0A4','ca',44.155323,-81.655045,1,0),(5,'Huron','','','','ON','','ca',43.614205,-81.537781,1,0),(6,'Rural Business Network','57 Albert Street','PO Box 818','Clinton','ON','N0M 1L0','ca',43.618660,-81.539619,1,0),(7,'Clinton','','','Clinton','ON','','ca',43.617126,-81.539669,1,0);

--
-- Table structure for table `location_country`
--

CREATE TABLE `location_country` (
  `code` char(2) NOT NULL COMMENT 'Primary Key: Two letter ISO Country Code',
  `name` varchar(255) NOT NULL DEFAULT '' COMMENT 'Full Country Name ',
  PRIMARY KEY (`code`)
) ENGINE=InnoDB DEFAULT CHARSET=utf8 COMMENT='Country data managed by location.module.';

--
-- Dumping data for table `location_country`
--


--
-- Table structure for table `location_instance`
--

CREATE TABLE `location_instance` (
  `nid` int(10) unsigned NOT NULL DEFAULT '0' COMMENT 'Reference to node.nid.',
  `vid` int(10) unsigned NOT NULL DEFAULT '0' COMMENT 'Reference to node_revision.vid.',
  `uid` int(10) unsigned NOT NULL DEFAULT '0' COMMENT 'Reference to users.uid.',
  `genid` varchar(255) NOT NULL DEFAULT '' COMMENT 'Generic reference key.',
  `lid` int(10) unsigned NOT NULL DEFAULT '0' COMMENT 'Reference to location.lid.',
  KEY `nid` (`nid`),
  KEY `vid` (`vid`),
  KEY `uid` (`uid`),
  KEY `genid` (`genid`),
  KEY `lid` (`lid`)
) ENGINE=InnoDB DEFAULT CHARSET=utf8 COMMENT='N:M join table to join locations to other tables.';

--
-- Dumping data for table `location_instance`
--

INSERT INTO `location_instance` VALUES (0,0,0,'taxonomy:4',5),(0,0,0,'taxonomy:8',7),(104,104,0,'',4),(105,105,0,'',6);

--
-- Table structure for table `menu_custom`
--

CREATE TABLE `menu_custom` (
  `menu_name` varchar(32) NOT NULL DEFAULT '' COMMENT 'Primary Key: Unique key for menu. This is used as a block delta so length is 32.',
  `title` varchar(255) NOT NULL DEFAULT '' COMMENT 'Menu title; displayed at top of block.',
  `description` text COMMENT 'Menu description.',
  PRIMARY KEY (`menu_name`)
) ENGINE=InnoDB DEFAULT CHARSET=utf8 COMMENT='Holds definitions for top-level custom menus (for example...';

--
-- Dumping data for table `menu_custom`
--

INSERT INTO `menu_custom` VALUES ('main-menu','Main menu','The <em>Main</em> menu is used on many sites to show the major sections of the site, often in a top navigation bar.'),('management','Management','The <em>Management</em> menu contains links for administrative tasks.'),('menu-brodie-tree-service','Brodie Tree Service','Menu For Brodie Tree Service'),('menu-epp-menu','EPP menu','Equal Parenting Party of Ontario'),('menu-first-light','First Light','Menu For First Light'),('menu-howick-homes','Howick Homes',''),('menu-obra-menu','OBRA menu','Menu for OBRA.ca'),('menu-rbnet','Rbnet','Menu for Rbnet.ca'),('menu-royal','Royal',''),('navigation','Navigation','The <em>Navigation</em> menu contains links intended for site visitors. Links are added to the <em>Navigation</em> menu automatically by some modules.'),('user-menu','User menu','The <em>User</em> menu contains links related to the user\'s account, as well as the \'Log out\' link.');

--
-- Table structure for table `menu_links`
--

CREATE TABLE `menu_links` (
  `menu_name` varchar(32) NOT NULL DEFAULT '' COMMENT 'The menu name. All links with the same menu name (such as ’navigation’) are part of the same menu.',
  `mlid` int(10) unsigned NOT NULL AUTO_INCREMENT COMMENT 'The menu link ID (mlid) is the integer primary key.',
  `plid` int(10) unsigned NOT NULL DEFAULT '0' COMMENT 'The parent link ID (plid) is the mlid of the link above in the hierarchy, or zero if the link is at the top level in its menu.',
  `link_path` varchar(255) NOT NULL DEFAULT '' COMMENT 'The Drupal path or external path this link points to.',
  `router_path` varchar(255) NOT NULL DEFAULT '' COMMENT 'For links corresponding to a Drupal path (external = 0), this connects the link to a menu_router.path for joins.',
  `link_title` varchar(255) NOT NULL DEFAULT '' COMMENT 'The text displayed for the link, which may be modified by a title callback stored in menu_router.',
  `options` blob COMMENT 'A serialized array of options to be passed to the url() or l() function, such as a query string or HTML attributes.',
  `module` varchar(255) NOT NULL DEFAULT 'system' COMMENT 'The name of the module that generated this link.',
  `hidden` smallint(6) NOT NULL DEFAULT '0' COMMENT 'A flag for whether the link should be rendered in menus. (1 = a disabled menu item that may be shown on admin screens, -1 = a menu callback, 0 = a normal, visible link)',
  `external` smallint(6) NOT NULL DEFAULT '0' COMMENT 'A flag to indicate if the link points to a full URL starting with a protocol, like http:// (1 = external, 0 = internal).',
  `has_children` smallint(6) NOT NULL DEFAULT '0' COMMENT 'Flag indicating whether any links have this link as a parent (1 = children exist, 0 = no children).',
  `expanded` smallint(6) NOT NULL DEFAULT '0' COMMENT 'Flag for whether this link should be rendered as expanded in menus - expanded links always have their child links displayed, instead of only when the link is in the active trail (1 = expanded, 0 = not expanded)',
  `weight` int(11) NOT NULL DEFAULT '0' COMMENT 'Link weight among links in the same menu at the same depth.',
  `depth` smallint(6) NOT NULL DEFAULT '0' COMMENT 'The depth relative to the top level. A link with plid == 0 will have depth == 1.',
  `customized` smallint(6) NOT NULL DEFAULT '0' COMMENT 'A flag to indicate that the user has manually created or edited the link (1 = customized, 0 = not customized).',
  `p1` int(10) unsigned NOT NULL DEFAULT '0' COMMENT 'The first mlid in the materialized path. If N = depth, then pN must equal the mlid. If depth > 1 then p(N-1) must equal the plid. All pX where X > depth must equal zero. The columns p1 .. p9 are also called the parents.',
  `p2` int(10) unsigned NOT NULL DEFAULT '0' COMMENT 'The second mlid in the materialized path. See p1.',
  `p3` int(10) unsigned NOT NULL DEFAULT '0' COMMENT 'The third mlid in the materialized path. See p1.',
  `p4` int(10) unsigned NOT NULL DEFAULT '0' COMMENT 'The fourth mlid in the materialized path. See p1.',
  `p5` int(10) unsigned NOT NULL DEFAULT '0' COMMENT 'The fifth mlid in the materialized path. See p1.',
  `p6` int(10) unsigned NOT NULL DEFAULT '0' COMMENT 'The sixth mlid in the materialized path. See p1.',
  `p7` int(10) unsigned NOT NULL DEFAULT '0' COMMENT 'The seventh mlid in the materialized path. See p1.',
  `p8` int(10) unsigned NOT NULL DEFAULT '0' COMMENT 'The eighth mlid in the materialized path. See p1.',
  `p9` int(10) unsigned NOT NULL DEFAULT '0' COMMENT 'The ninth mlid in the materialized path. See p1.',
  `updated` smallint(6) NOT NULL DEFAULT '0' COMMENT 'Flag that indicates that this link was generated during the update from Drupal 5.',
  PRIMARY KEY (`mlid`),
  KEY `path_menu` (`link_path`(128),`menu_name`),
  KEY `menu_plid_expand_child` (`menu_name`,`plid`,`expanded`,`has_children`),
  KEY `menu_parents` (`menu_name`,`p1`,`p2`,`p3`,`p4`,`p5`,`p6`,`p7`,`p8`,`p9`),
  KEY `router_path` (`router_path`(128))
) ENGINE=InnoDB AUTO_INCREMENT=1480 DEFAULT CHARSET=utf8 COMMENT='Contains the individual links within a menu.';

--
-- Dumping data for table `menu_links`
--

INSERT INTO `menu_links` VALUES ('management',1,0,'admin','admin','Administration','a:0:{}','system',0,0,1,0,-50,1,1,1,0,0,0,0,0,0,0,0,0),('user-menu',2,0,'user','user','User account','a:2:{s:5:\"alter\";b:1;s:8:\"external\";i:0;}','system',0,0,0,0,-10,1,0,2,0,0,0,0,0,0,0,0,0),('navigation',3,0,'filter/tips','filter/tips','Compose tips','a:1:{s:8:\"external\";i:0;}','system',1,0,1,0,0,1,0,3,0,0,0,0,0,0,0,0,0),('navigation',4,0,'node/%','node/%','','a:1:{s:8:\"external\";i:0;}','system',0,0,0,0,0,1,0,4,0,0,0,0,0,0,0,0,0),('navigation',5,0,'node/add','node/add','Add content','a:1:{s:8:\"external\";i:0;}','system',0,0,1,0,0,1,0,5,0,0,0,0,0,0,0,0,0),('management',6,1,'admin/appearance','admin/appearance','Appearance','a:2:{s:10:\"attributes\";a:1:{s:5:\"title\";s:33:\"Select and configure your themes.\";}s:8:\"external\";i:0;}','system',0,0,0,0,-6,2,0,1,6,0,0,0,0,0,0,0,0),('management',7,1,'admin/config','admin/config','Configuration','a:1:{s:10:\"attributes\";a:1:{s:5:\"title\";s:20:\"Administer settings.\";}}','system',0,0,1,1,0,2,1,1,7,0,0,0,0,0,0,0,0),('management',8,1,'admin/content','admin/content','Content','a:2:{s:10:\"attributes\";a:1:{s:5:\"title\";s:24:\"Find and manage content.\";}s:8:\"external\";i:0;}','system',0,0,0,0,-10,2,0,1,8,0,0,0,0,0,0,0,0),('user-menu',9,2,'user/register','user/register','Create new account','a:1:{s:8:\"external\";i:0;}','system',-1,0,0,0,0,2,0,2,9,0,0,0,0,0,0,0,0),('management',10,1,'admin/index','admin/index','Index','a:1:{s:8:\"external\";i:0;}','system',-1,0,0,0,-18,2,0,1,10,0,0,0,0,0,0,0,0),('user-menu',11,2,'user/login','user/login','Log in','a:1:{s:8:\"external\";i:0;}','system',-1,0,0,0,0,2,0,2,11,0,0,0,0,0,0,0,0),('user-menu',12,0,'user/logout','user/logout','Log out','a:1:{s:8:\"external\";i:0;}','system',0,0,0,0,10,1,0,12,0,0,0,0,0,0,0,0,0),('management',13,1,'admin/modules','admin/modules','Modules','a:2:{s:10:\"attributes\";a:1:{s:5:\"title\";s:26:\"Extend site functionality.\";}s:8:\"external\";i:0;}','system',0,0,0,0,-2,2,0,1,13,0,0,0,0,0,0,0,0),('navigation',14,0,'user/%','user/%','My account','a:1:{s:8:\"external\";i:0;}','system',0,0,1,0,0,1,0,14,0,0,0,0,0,0,0,0,0),('management',15,1,'admin/people','admin/people','People','a:2:{s:10:\"attributes\";a:1:{s:5:\"title\";s:45:\"Manage user accounts, roles, and permissions.\";}s:8:\"external\";i:0;}','system',0,0,0,0,-4,2,0,1,15,0,0,0,0,0,0,0,0),('management',16,1,'admin/reports','admin/reports','Reports','a:1:{s:10:\"attributes\";a:1:{s:5:\"title\";s:34:\"View reports, updates, and errors.\";}}','system',0,0,1,1,5,2,1,1,16,0,0,0,0,0,0,0,0),('user-menu',17,2,'user/password','user/password','Request new password','a:1:{s:8:\"external\";i:0;}','system',-1,0,0,0,0,2,0,2,17,0,0,0,0,0,0,0,0),('management',18,1,'admin/structure','admin/structure','Structure','a:1:{s:10:\"attributes\";a:1:{s:5:\"title\";s:45:\"Administer blocks, content types, menus, etc.\";}}','system',0,0,1,1,-8,2,1,1,18,0,0,0,0,0,0,0,0),('management',19,1,'admin/tasks','admin/tasks','Tasks','a:1:{s:8:\"external\";i:0;}','system',-1,0,0,0,-20,2,0,1,19,0,0,0,0,0,0,0,0),('management',20,15,'admin/people/create','admin/people/create','Add user','a:1:{s:8:\"external\";i:0;}','system',-1,0,0,0,0,3,0,1,15,20,0,0,0,0,0,0,0),('management',21,18,'admin/structure/block','admin/structure/block','Blocks','a:2:{s:10:\"attributes\";a:1:{s:5:\"title\";s:79:\"Configure what block content appears in your site\'s sidebars and other regions.\";}s:8:\"external\";i:0;}','system',0,0,1,0,0,3,0,1,18,21,0,0,0,0,0,0,0),('navigation',22,14,'user/%/cancel','user/%/cancel','Cancel account','a:1:{s:8:\"external\";i:0;}','system',0,0,1,0,0,2,0,14,22,0,0,0,0,0,0,0,0),('management',23,8,'admin/content/node','admin/content/node','Content','a:1:{s:8:\"external\";i:0;}','system',-1,0,0,0,-10,3,0,1,8,23,0,0,0,0,0,0,0),('management',24,7,'admin/config/content','admin/config/content','Content authoring','a:1:{s:10:\"attributes\";a:1:{s:5:\"title\";s:53:\"Settings related to formatting and authoring content.\";}}','system',0,0,1,1,-15,3,1,1,7,24,0,0,0,0,0,0,0),('management',25,18,'admin/structure/types','admin/structure/types','Content types','a:2:{s:10:\"attributes\";a:1:{s:5:\"title\";s:92:\"Manage content types, including default status, front page promotion, comment settings, etc.\";}s:8:\"external\";i:0;}','system',0,0,1,0,0,3,0,1,18,25,0,0,0,0,0,0,0),('navigation',26,4,'node/%/delete','node/%/delete','Delete','a:1:{s:8:\"external\";i:0;}','system',-1,0,0,0,1,2,0,4,26,0,0,0,0,0,0,0,0),('management',27,7,'admin/config/development','admin/config/development','Development','a:1:{s:10:\"attributes\";a:1:{s:5:\"title\";s:18:\"Development tools.\";}}','system',0,0,1,1,-10,3,1,1,7,27,0,0,0,0,0,0,0),('navigation',28,14,'user/%/edit','user/%/edit','Edit','a:1:{s:8:\"external\";i:0;}','system',-1,0,0,0,0,2,0,14,28,0,0,0,0,0,0,0,0),('navigation',29,4,'node/%/edit','node/%/edit','Edit','a:1:{s:8:\"external\";i:0;}','system',-1,0,0,0,0,2,0,4,29,0,0,0,0,0,0,0,0),('management',30,13,'admin/modules/list','admin/modules/list','List','a:1:{s:8:\"external\";i:0;}','system',-1,0,0,0,0,3,0,1,13,30,0,0,0,0,0,0,0),('management',31,15,'admin/people/people','admin/people/people','List','a:2:{s:10:\"attributes\";a:1:{s:5:\"title\";s:50:\"Find and manage people interacting with your site.\";}s:8:\"external\";i:0;}','system',-1,0,0,0,-10,3,0,1,15,31,0,0,0,0,0,0,0),('management',32,6,'admin/appearance/list','admin/appearance/list','List','a:2:{s:10:\"attributes\";a:1:{s:5:\"title\";s:31:\"Select and configure your theme\";}s:8:\"external\";i:0;}','system',-1,0,0,0,-1,3,0,1,6,32,0,0,0,0,0,0,0),('management',33,7,'admin/config/media','admin/config/media','Media','a:1:{s:10:\"attributes\";a:1:{s:5:\"title\";s:12:\"Media tools.\";}}','system',0,0,1,1,-10,3,1,1,7,33,0,0,0,0,0,0,0),('management',34,7,'admin/config/people','admin/config/people','People','a:1:{s:10:\"attributes\";a:1:{s:5:\"title\";s:24:\"Configure user accounts.\";}}','system',0,0,1,1,-20,3,1,1,7,34,0,0,0,0,0,0,0),('management',35,15,'admin/people/permissions','admin/people/permissions','Permissions','a:2:{s:10:\"attributes\";a:1:{s:5:\"title\";s:64:\"Determine access to features by selecting permissions for roles.\";}s:8:\"external\";i:0;}','system',-1,0,0,0,0,3,0,1,15,35,0,0,0,0,0,0,0),('management',37,7,'admin/config/regional','admin/config/regional','Regional and language','a:1:{s:10:\"attributes\";a:1:{s:5:\"title\";s:48:\"Regional settings, localization and translation.\";}}','system',0,0,1,1,-5,3,1,1,7,37,0,0,0,0,0,0,0),('navigation',38,4,'node/%/revisions','node/%/revisions','Revisions','a:1:{s:8:\"external\";i:0;}','system',-1,0,1,0,2,2,0,4,38,0,0,0,0,0,0,0,0),('management',39,7,'admin/config/search','admin/config/search','Search and metadata','a:1:{s:10:\"attributes\";a:1:{s:5:\"title\";s:36:\"Local site search, metadata and SEO.\";}}','system',0,0,1,1,-10,3,1,1,7,39,0,0,0,0,0,0,0),('management',40,6,'admin/appearance/settings','admin/appearance/settings','Settings','a:2:{s:10:\"attributes\";a:1:{s:5:\"title\";s:46:\"Configure default and theme specific settings.\";}s:8:\"external\";i:0;}','system',-1,0,0,0,20,3,0,1,6,40,0,0,0,0,0,0,0),('management',41,16,'admin/reports/status','admin/reports/status','Status report','a:1:{s:10:\"attributes\";a:1:{s:5:\"title\";s:74:\"Get a status report about your site\'s operation and any detected problems.\";}}','system',0,0,0,0,-50,3,1,1,16,41,0,0,0,0,0,0,0),('management',42,7,'admin/config/system','admin/config/system','System','a:1:{s:10:\"attributes\";a:1:{s:5:\"title\";s:37:\"General system related configuration.\";}}','system',0,0,1,1,-20,3,1,1,7,42,0,0,0,0,0,0,0),('management',45,13,'admin/modules/uninstall','admin/modules/uninstall','Uninstall','a:1:{s:8:\"external\";i:0;}','system',-1,0,0,0,20,3,0,1,13,45,0,0,0,0,0,0,0),('management',46,7,'admin/config/user-interface','admin/config/user-interface','User interface','a:1:{s:10:\"attributes\";a:1:{s:5:\"title\";s:38:\"Tools that enhance the user interface.\";}}','system',0,0,1,1,-15,3,1,1,7,46,0,0,0,0,0,0,0),('navigation',47,4,'node/%/view','node/%/view','View','a:1:{s:8:\"external\";i:0;}','system',-1,0,0,0,-10,2,0,4,47,0,0,0,0,0,0,0,0),('navigation',48,14,'user/%/view','user/%/view','View','a:1:{s:8:\"external\";i:0;}','system',-1,0,0,0,-10,2,0,14,48,0,0,0,0,0,0,0,0),('management',49,7,'admin/config/services','admin/config/services','Web services','a:1:{s:10:\"attributes\";a:1:{s:5:\"title\";s:30:\"Tools related to web services.\";}}','system',0,0,1,1,0,3,1,1,7,49,0,0,0,0,0,0,0),('management',50,7,'admin/config/workflow','admin/config/workflow','Workflow','a:2:{s:10:\"attributes\";a:1:{s:5:\"title\";s:43:\"Content workflow, editorial workflow tools.\";}s:8:\"external\";i:0;}','system',0,0,0,0,5,3,0,1,7,50,0,0,0,0,0,0,0),('management',51,34,'admin/config/people/accounts','admin/config/people/accounts','Account settings','a:2:{s:10:\"attributes\";a:1:{s:5:\"title\";s:109:\"Configure default behavior of users, including registration requirements, e-mails, fields, and user pictures.\";}s:8:\"external\";i:0;}','system',0,0,0,0,-10,4,0,1,7,34,51,0,0,0,0,0,0),('management',52,42,'admin/config/system/actions','admin/config/system/actions','Actions','a:2:{s:10:\"attributes\";a:1:{s:5:\"title\";s:41:\"Manage the actions defined for your site.\";}s:8:\"external\";i:0;}','system',0,0,1,0,0,4,0,1,7,42,52,0,0,0,0,0,0),('management',53,21,'admin/structure/block/add','admin/structure/block/add','Add block','a:1:{s:8:\"external\";i:0;}','system',-1,0,0,0,0,4,0,1,18,21,53,0,0,0,0,0,0),('management',54,25,'admin/structure/types/add','admin/structure/types/add','Add content type','a:1:{s:8:\"external\";i:0;}','system',-1,0,0,0,0,4,0,1,18,25,54,0,0,0,0,0,0),('management',55,40,'admin/appearance/settings/bartik','admin/appearance/settings/bartik','Bartik','a:1:{s:8:\"external\";i:0;}','system',-1,0,0,0,0,4,0,1,6,40,55,0,0,0,0,0,0),('management',56,39,'admin/config/search/clean-urls','admin/config/search/clean-urls','Clean URLs','a:2:{s:10:\"attributes\";a:1:{s:5:\"title\";s:43:\"Enable or disable clean URLs for your site.\";}s:8:\"external\";i:0;}','system',0,0,0,0,5,4,0,1,7,39,56,0,0,0,0,0,0),('management',57,42,'admin/config/system/cron','admin/config/system/cron','Cron','a:2:{s:10:\"attributes\";a:1:{s:5:\"title\";s:40:\"Manage automatic site maintenance tasks.\";}s:8:\"external\";i:0;}','system',0,0,0,0,20,4,0,1,7,42,57,0,0,0,0,0,0),('management',58,37,'admin/config/regional/date-time','admin/config/regional/date-time','Date and time','a:2:{s:10:\"attributes\";a:1:{s:5:\"title\";s:44:\"Configure display formats for date and time.\";}s:8:\"external\";i:0;}','system',0,0,0,0,-15,4,0,1,7,37,58,0,0,0,0,0,0),('management',60,33,'admin/config/media/file-system','admin/config/media/file-system','File system','a:2:{s:10:\"attributes\";a:1:{s:5:\"title\";s:68:\"Tell Drupal where to store uploaded files and how they are accessed.\";}s:8:\"external\";i:0;}','system',0,0,0,0,-10,4,0,1,7,33,60,0,0,0,0,0,0),('management',61,40,'admin/appearance/settings/garland','admin/appearance/settings/garland','Garland','a:1:{s:8:\"external\";i:0;}','system',-1,0,0,0,0,4,0,1,6,40,61,0,0,0,0,0,0),('management',62,40,'admin/appearance/settings/global','admin/appearance/settings/global','Global settings','a:1:{s:8:\"external\";i:0;}','system',-1,0,0,0,-1,4,0,1,6,40,62,0,0,0,0,0,0),('management',63,34,'admin/config/people/ip-blocking','admin/config/people/ip-blocking','IP address blocking','a:2:{s:10:\"attributes\";a:1:{s:5:\"title\";s:28:\"Manage blocked IP addresses.\";}s:8:\"external\";i:0;}','system',0,0,1,0,10,4,0,1,7,34,63,0,0,0,0,0,0),('management',64,33,'admin/config/media/image-toolkit','admin/config/media/image-toolkit','Image toolkit','a:2:{s:10:\"attributes\";a:1:{s:5:\"title\";s:74:\"Choose which image toolkit to use if you have installed optional toolkits.\";}s:8:\"external\";i:0;}','system',0,0,0,0,20,4,0,1,7,33,64,0,0,0,0,0,0),('management',65,30,'admin/modules/list/confirm','admin/modules/list/confirm','List','a:1:{s:8:\"external\";i:0;}','system',-1,0,0,0,0,4,0,1,13,30,65,0,0,0,0,0,0),('management',66,25,'admin/structure/types/list','admin/structure/types/list','List','a:1:{s:8:\"external\";i:0;}','system',-1,0,0,0,-10,4,0,1,18,25,66,0,0,0,0,0,0),('management',67,27,'admin/config/development/logging','admin/config/development/logging','Logging and errors','a:2:{s:10:\"attributes\";a:1:{s:5:\"title\";s:154:\"Settings for logging and alerts modules. Various modules can route Drupal\'s system events to different destinations, such as syslog, database, email, etc.\";}s:8:\"external\";i:0;}','system',0,0,0,0,-15,4,0,1,7,27,67,0,0,0,0,0,0),('management',68,27,'admin/config/development/maintenance','admin/config/development/maintenance','Maintenance mode','a:2:{s:10:\"attributes\";a:1:{s:5:\"title\";s:62:\"Take the site offline for maintenance or bring it back online.\";}s:8:\"external\";i:0;}','system',0,0,0,0,-10,4,0,1,7,27,68,0,0,0,0,0,0),('management',69,27,'admin/config/development/performance','admin/config/development/performance','Performance','a:2:{s:10:\"attributes\";a:1:{s:5:\"title\";s:101:\"Enable or disable page caching for anonymous users and set CSS and JS bandwidth optimization options.\";}s:8:\"external\";i:0;}','system',0,0,0,0,-20,4,0,1,7,27,69,0,0,0,0,0,0),('management',70,35,'admin/people/permissions/list','admin/people/permissions/list','Permissions','a:2:{s:10:\"attributes\";a:1:{s:5:\"title\";s:64:\"Determine access to features by selecting permissions for roles.\";}s:8:\"external\";i:0;}','system',-1,0,0,0,-8,4,0,1,15,35,70,0,0,0,0,0,0),('management',71,49,'admin/config/services/rss-publishing','admin/config/services/rss-publishing','RSS publishing','a:2:{s:10:\"attributes\";a:1:{s:5:\"title\";s:114:\"Configure the site description, the number of items per feed and whether feeds should be titles/teasers/full-text.\";}s:8:\"external\";i:0;}','system',0,0,0,0,0,4,0,1,7,49,71,0,0,0,0,0,0),('management',72,37,'admin/config/regional/settings','admin/config/regional/settings','Regional settings','a:2:{s:10:\"attributes\";a:1:{s:5:\"title\";s:54:\"Settings for the site\'s default time zone and country.\";}s:8:\"external\";i:0;}','system',0,0,0,0,-20,4,0,1,7,37,72,0,0,0,0,0,0),('management',73,35,'admin/people/permissions/roles','admin/people/permissions/roles','Roles','a:2:{s:10:\"attributes\";a:1:{s:5:\"title\";s:30:\"List, edit, or add user roles.\";}s:8:\"external\";i:0;}','system',-1,0,1,0,-5,4,0,1,15,35,73,0,0,0,0,0,0),('management',74,40,'admin/appearance/settings/seven','admin/appearance/settings/seven','Seven','a:1:{s:8:\"external\";i:0;}','system',-1,0,0,0,0,4,0,1,6,40,74,0,0,0,0,0,0),('management',75,42,'admin/config/system/site-information','admin/config/system/site-information','Site information','a:2:{s:10:\"attributes\";a:1:{s:5:\"title\";s:104:\"Change site name, e-mail address, slogan, default front page, and number of posts per page, error pages.\";}s:8:\"external\";i:0;}','system',0,0,0,0,-20,4,0,1,7,42,75,0,0,0,0,0,0),('management',76,40,'admin/appearance/settings/stark','admin/appearance/settings/stark','Stark','a:1:{s:8:\"external\";i:0;}','system',-1,0,0,0,0,4,0,1,6,40,76,0,0,0,0,0,0),('management',77,24,'admin/config/content/formats','admin/config/content/formats','Text formats','a:2:{s:10:\"attributes\";a:1:{s:5:\"title\";s:127:\"Configure how content input by users is filtered, including allowed HTML tags. Also allows enabling of module-provided filters.\";}s:8:\"external\";i:0;}','system',0,0,1,0,0,4,0,1,7,24,77,0,0,0,0,0,0),('management',78,45,'admin/modules/uninstall/confirm','admin/modules/uninstall/confirm','Uninstall','a:1:{s:8:\"external\";i:0;}','system',-1,0,0,0,0,4,0,1,13,45,78,0,0,0,0,0,0),('navigation',79,28,'user/%/edit/account','user/%/edit/account','Account','a:1:{s:8:\"external\";i:0;}','system',-1,0,0,0,0,3,0,14,28,79,0,0,0,0,0,0,0),('management',80,77,'admin/config/content/formats/%','admin/config/content/formats/%','','a:1:{s:8:\"external\";i:0;}','system',0,0,1,0,0,5,0,1,7,24,77,80,0,0,0,0,0),('management',81,77,'admin/config/content/formats/add','admin/config/content/formats/add','Add text format','a:1:{s:8:\"external\";i:0;}','system',-1,0,0,0,1,5,0,1,7,24,77,81,0,0,0,0,0),('management',82,21,'admin/structure/block/list/bartik','admin/structure/block/list/bartik','Bartik','a:1:{s:8:\"external\";i:0;}','system',-1,0,0,0,0,4,0,1,18,21,82,0,0,0,0,0,0),('management',83,52,'admin/config/system/actions/configure','admin/config/system/actions/configure','Configure an advanced action','a:1:{s:8:\"external\";i:0;}','system',-1,0,0,0,0,5,0,1,7,42,52,83,0,0,0,0,0),('management',84,25,'admin/structure/types/manage/%','admin/structure/types/manage/%','Edit content type','a:1:{s:8:\"external\";i:0;}','system',0,0,1,0,0,4,0,1,18,25,84,0,0,0,0,0,0),('management',85,58,'admin/config/regional/date-time/formats','admin/config/regional/date-time/formats','Formats','a:2:{s:10:\"attributes\";a:1:{s:5:\"title\";s:51:\"Configure display format strings for date and time.\";}s:8:\"external\";i:0;}','system',-1,0,1,0,-9,5,0,1,7,37,58,85,0,0,0,0,0),('management',86,21,'admin/structure/block/list/garland','admin/structure/block/list/garland','Garland','a:1:{s:8:\"external\";i:0;}','system',-1,0,0,0,0,4,0,1,18,21,86,0,0,0,0,0,0),('management',87,77,'admin/config/content/formats/list','admin/config/content/formats/list','List','a:1:{s:8:\"external\";i:0;}','system',-1,0,0,0,0,5,0,1,7,24,77,87,0,0,0,0,0),('management',88,52,'admin/config/system/actions/manage','admin/config/system/actions/manage','Manage actions','a:2:{s:10:\"attributes\";a:1:{s:5:\"title\";s:41:\"Manage the actions defined for your site.\";}s:8:\"external\";i:0;}','system',-1,0,0,0,-2,5,0,1,7,42,52,88,0,0,0,0,0),('management',89,51,'admin/config/people/accounts/settings','admin/config/people/accounts/settings','Settings','a:1:{s:8:\"external\";i:0;}','system',-1,0,0,0,-10,5,0,1,7,34,51,89,0,0,0,0,0),('management',90,21,'admin/structure/block/list/seven','admin/structure/block/list/seven','Seven','a:1:{s:8:\"external\";i:0;}','system',-1,0,0,0,0,4,0,1,18,21,90,0,0,0,0,0,0),('management',91,21,'admin/structure/block/list/stark','admin/structure/block/list/stark','Stark','a:1:{s:8:\"external\";i:0;}','system',-1,0,0,0,0,4,0,1,18,21,91,0,0,0,0,0,0),('management',92,58,'admin/config/regional/date-time/types','admin/config/regional/date-time/types','Types','a:2:{s:10:\"attributes\";a:1:{s:5:\"title\";s:44:\"Configure display formats for date and time.\";}s:8:\"external\";i:0;}','system',-1,0,1,0,-10,5,0,1,7,37,58,92,0,0,0,0,0),('navigation',93,38,'node/%/revisions/%/delete','node/%/revisions/%/delete','Delete earlier revision','a:1:{s:8:\"external\";i:0;}','system',0,0,0,0,0,3,0,4,38,93,0,0,0,0,0,0,0),('navigation',94,38,'node/%/revisions/%/revert','node/%/revisions/%/revert','Revert to earlier revision','a:1:{s:8:\"external\";i:0;}','system',0,0,0,0,0,3,0,4,38,94,0,0,0,0,0,0,0),('navigation',95,38,'node/%/revisions/%/view','node/%/revisions/%/view','Revisions','a:1:{s:8:\"external\";i:0;}','system',0,0,0,0,0,3,0,4,38,95,0,0,0,0,0,0,0),('management',96,86,'admin/structure/block/list/garland/add','admin/structure/block/list/garland/add','Add block','a:1:{s:8:\"external\";i:0;}','system',-1,0,0,0,0,5,0,1,18,21,86,96,0,0,0,0,0),('management',98,91,'admin/structure/block/list/stark/add','admin/structure/block/list/stark/add','Add block','a:1:{s:8:\"external\";i:0;}','system',-1,0,0,0,0,5,0,1,18,21,91,98,0,0,0,0,0),('management',99,92,'admin/config/regional/date-time/types/add','admin/config/regional/date-time/types/add','Add date type','a:2:{s:10:\"attributes\";a:1:{s:5:\"title\";s:18:\"Add new date type.\";}s:8:\"external\";i:0;}','system',-1,0,0,0,-10,6,0,1,7,37,58,92,99,0,0,0,0),('management',100,85,'admin/config/regional/date-time/formats/add','admin/config/regional/date-time/formats/add','Add format','a:2:{s:10:\"attributes\";a:1:{s:5:\"title\";s:43:\"Allow users to add additional date formats.\";}s:8:\"external\";i:0;}','system',-1,0,0,0,-10,6,0,1,7,37,58,85,100,0,0,0,0),('management',101,21,'admin/structure/block/manage/%/%','admin/structure/block/manage/%/%','Configure block','a:1:{s:8:\"external\";i:0;}','system',0,0,0,0,0,4,0,1,18,21,101,0,0,0,0,0,0),('navigation',102,22,'user/%/cancel/confirm/%/%','user/%/cancel/confirm/%/%','Confirm account cancellation','a:1:{s:8:\"external\";i:0;}','system',0,0,0,0,0,3,0,14,22,102,0,0,0,0,0,0,0),('management',103,84,'admin/structure/types/manage/%/delete','admin/structure/types/manage/%/delete','Delete','a:1:{s:8:\"external\";i:0;}','system',0,0,0,0,0,5,0,1,18,25,84,103,0,0,0,0,0),('management',104,63,'admin/config/people/ip-blocking/delete/%','admin/config/people/ip-blocking/delete/%','Delete IP address','a:1:{s:8:\"external\";i:0;}','system',0,0,0,0,0,5,0,1,7,34,63,104,0,0,0,0,0),('management',105,52,'admin/config/system/actions/delete/%','admin/config/system/actions/delete/%','Delete action','a:2:{s:10:\"attributes\";a:1:{s:5:\"title\";s:17:\"Delete an action.\";}s:8:\"external\";i:0;}','system',0,0,0,0,0,5,0,1,7,42,52,105,0,0,0,0,0),('management',106,73,'admin/people/permissions/roles/delete/%','admin/people/permissions/roles/delete/%','Delete role','a:1:{s:8:\"external\";i:0;}','system',0,0,0,0,0,5,0,1,15,35,73,106,0,0,0,0,0),('management',107,80,'admin/config/content/formats/%/disable','admin/config/content/formats/%/disable','Disable text format','a:1:{s:8:\"external\";i:0;}','system',0,0,0,0,0,6,0,1,7,24,77,80,107,0,0,0,0),('management',108,84,'admin/structure/types/manage/%/edit','admin/structure/types/manage/%/edit','Edit','a:1:{s:8:\"external\";i:0;}','system',-1,0,0,0,0,5,0,1,18,25,84,108,0,0,0,0,0),('management',109,73,'admin/people/permissions/roles/edit/%','admin/people/permissions/roles/edit/%','Edit role','a:1:{s:8:\"external\";i:0;}','system',0,0,0,0,0,5,0,1,15,35,73,109,0,0,0,0,0),('management',110,101,'admin/structure/block/manage/%/%/configure','admin/structure/block/manage/%/%/configure','Configure block','a:1:{s:8:\"external\";i:0;}','system',-1,0,0,0,0,5,0,1,18,21,101,110,0,0,0,0,0),('management',111,101,'admin/structure/block/manage/%/%/delete','admin/structure/block/manage/%/%/delete','Delete block','a:1:{s:8:\"external\";i:0;}','system',-1,0,0,0,0,5,0,1,18,21,101,111,0,0,0,0,0),('management',112,85,'admin/config/regional/date-time/formats/%/delete','admin/config/regional/date-time/formats/%/delete','Delete date format','a:2:{s:10:\"attributes\";a:1:{s:5:\"title\";s:47:\"Allow users to delete a configured date format.\";}s:8:\"external\";i:0;}','system',0,0,0,0,0,6,0,1,7,37,58,85,112,0,0,0,0),('management',113,92,'admin/config/regional/date-time/types/%/delete','admin/config/regional/date-time/types/%/delete','Delete date type','a:2:{s:10:\"attributes\";a:1:{s:5:\"title\";s:45:\"Allow users to delete a configured date type.\";}s:8:\"external\";i:0;}','system',0,0,0,0,0,6,0,1,7,37,58,92,113,0,0,0,0),('management',114,85,'admin/config/regional/date-time/formats/%/edit','admin/config/regional/date-time/formats/%/edit','Edit date format','a:2:{s:10:\"attributes\";a:1:{s:5:\"title\";s:45:\"Allow users to edit a configured date format.\";}s:8:\"external\";i:0;}','system',0,0,0,0,0,6,0,1,7,37,58,85,114,0,0,0,0),('navigation',124,0,'domain','domain','Domain','a:1:{s:10:\"attributes\";a:1:{s:5:\"title\";s:15:\"Go to main site\";}}','system',1,0,0,0,0,1,1,124,0,0,0,0,0,0,0,0,0),('management',126,1,'admin/domain/content','admin','Affiliated content','a:1:{s:10:\"attributes\";a:1:{s:5:\"title\";s:29:\"Administer content by domain.\";}}','system',0,0,0,1,0,2,1,1,126,0,0,0,0,0,0,0,0),('management',163,42,'admin/config/system/backup_migrate','admin/config/system/backup_migrate','Backup and Migrate','a:2:{s:10:\"attributes\";a:1:{s:5:\"title\";s:76:\"Backup/restore your database or migrate data to or from another Drupal site.\";}s:8:\"external\";i:0;}','system',0,0,0,0,0,4,0,1,7,42,163,0,0,0,0,0,0),('management',164,163,'admin/config/system/backup_migrate/export','admin/config/system/backup_migrate/export','Backup','a:2:{s:10:\"attributes\";a:1:{s:5:\"title\";s:20:\"Backup the database.\";}s:8:\"external\";i:0;}','system',-1,0,0,0,0,5,0,1,7,42,163,164,0,0,0,0,0),('management',165,163,'admin/config/system/backup_migrate/destination','admin/config/system/backup_migrate/destination','Destinations','a:1:{s:8:\"external\";i:0;}','system',-1,0,0,0,2,5,0,1,7,42,163,165,0,0,0,0,0),('management',166,163,'admin/config/system/backup_migrate/nodesquirrel','admin/config/system/backup_migrate/nodesquirrel','NodeSquirrel','a:1:{s:8:\"external\";i:0;}','system',-1,0,0,0,10,5,0,1,7,42,163,166,0,0,0,0,0),('management',167,163,'admin/config/system/backup_migrate/profile','admin/config/system/backup_migrate/profile','Profiles','a:1:{s:8:\"external\";i:0;}','system',-1,0,0,0,2,5,0,1,7,42,163,167,0,0,0,0,0),('management',168,163,'admin/config/system/backup_migrate/restore','admin/config/system/backup_migrate/restore','Restore','a:2:{s:10:\"attributes\";a:1:{s:5:\"title\";s:43:\"Restore the database from a previous backup\";}s:8:\"external\";i:0;}','system',-1,0,0,0,1,5,0,1,7,42,163,168,0,0,0,0,0),('management',169,163,'admin/config/system/backup_migrate/schedule','admin/config/system/backup_migrate/schedule','Schedules','a:1:{s:8:\"external\";i:0;}','system',-1,0,0,0,2,5,0,1,7,42,163,169,0,0,0,0,0),('management',170,164,'admin/config/system/backup_migrate/export/advanced','admin/config/system/backup_migrate/export/advanced','Advanced Backup','a:2:{s:10:\"attributes\";a:1:{s:5:\"title\";s:20:\"Backup the database.\";}s:8:\"external\";i:0;}','system',-1,0,0,0,1,6,0,1,7,42,163,164,170,0,0,0,0),('management',171,165,'admin/config/system/backup_migrate/destination/list','admin/config/system/backup_migrate/destination/list','List !type','a:1:{s:8:\"external\";i:0;}','system',-1,0,0,0,1,6,0,1,7,42,163,165,171,0,0,0,0),('management',172,167,'admin/config/system/backup_migrate/profile/list','admin/config/system/backup_migrate/profile/list','List !type','a:1:{s:8:\"external\";i:0;}','system',-1,0,0,0,1,6,0,1,7,42,163,167,172,0,0,0,0),('management',173,169,'admin/config/system/backup_migrate/schedule/list','admin/config/system/backup_migrate/schedule/list','List !type','a:1:{s:8:\"external\";i:0;}','system',-1,0,0,0,1,6,0,1,7,42,163,169,173,0,0,0,0),('management',174,164,'admin/config/system/backup_migrate/export/quick','admin/config/system/backup_migrate/export/quick','Quick Backup','a:2:{s:10:\"attributes\";a:1:{s:5:\"title\";s:20:\"Backup the database.\";}s:8:\"external\";i:0;}','system',-1,0,0,0,0,6,0,1,7,42,163,164,174,0,0,0,0),('management',175,171,'admin/config/system/backup_migrate/destination/list/add','admin/config/system/backup_migrate/destination/list/add','Add !type','a:1:{s:8:\"external\";i:0;}','system',-1,0,0,0,2,7,0,1,7,42,163,165,171,175,0,0,0),('management',176,172,'admin/config/system/backup_migrate/profile/list/add','admin/config/system/backup_migrate/profile/list/add','Add !type','a:1:{s:8:\"external\";i:0;}','system',-1,0,0,0,2,7,0,1,7,42,163,167,172,176,0,0,0),('management',177,173,'admin/config/system/backup_migrate/schedule/list/add','admin/config/system/backup_migrate/schedule/list/add','Add !type','a:1:{s:8:\"external\";i:0;}','system',-1,0,0,0,2,7,0,1,7,42,163,169,173,177,0,0,0),('management',178,171,'admin/config/system/backup_migrate/destination/list/files','admin/config/system/backup_migrate/destination/list/files','Destination Files','a:1:{s:8:\"external\";i:0;}','system',-1,0,0,0,0,7,0,1,7,42,163,165,171,178,0,0,0),('management',183,24,'admin/config/content/wysiwyg','admin/config/content/wysiwyg','Wysiwyg profiles','a:2:{s:10:\"attributes\";a:1:{s:5:\"title\";s:30:\"Configure client-side editors.\";}s:8:\"external\";i:0;}','system',0,0,0,0,0,4,0,1,7,24,183,0,0,0,0,0,0),('management',186,494,'admin/config/content/wysiwyg/profile/%/edit','admin/config/content/wysiwyg/profile/%/edit','Edit','a:1:{s:8:\"external\";i:0;}','system',-1,0,0,0,0,6,0,1,7,24,183,494,186,0,0,0,0),('management',187,494,'admin/config/content/wysiwyg/profile/%/delete','admin/config/content/wysiwyg/profile/%/delete','Remove','a:1:{s:8:\"external\";i:0;}','system',-1,0,0,0,10,6,0,1,7,24,183,494,187,0,0,0,0),('navigation',188,5,'node/add/basic-page','node/add/basic-page','Basic page','a:1:{s:8:\"external\";i:0;}','system',0,0,0,0,0,2,0,5,188,0,0,0,0,0,0,0,0),('shortcut-set-1',189,0,'node/add','node/add','Add content','a:0:{}','menu',0,0,0,0,-20,1,0,189,0,0,0,0,0,0,0,0,0),('shortcut-set-1',190,0,'admin/content','admin/content','Find content','a:0:{}','menu',0,0,0,0,-19,1,0,190,0,0,0,0,0,0,0,0,0),('navigation',191,0,'search','search','Search','a:1:{s:8:\"external\";i:0;}','system',1,0,0,0,0,1,0,191,0,0,0,0,0,0,0,0,0),('navigation',192,191,'search/node','search/node','Content','a:1:{s:8:\"external\";i:0;}','system',-1,0,0,0,-10,2,0,191,192,0,0,0,0,0,0,0,0),('navigation',194,192,'search/node/%','search/node/%','Content','a:1:{s:8:\"external\";i:0;}','system',-1,0,0,0,0,3,0,191,192,194,0,0,0,0,0,0,0),('management',195,18,'admin/structure/menu','admin/structure/menu','Menus','a:1:{s:10:\"attributes\";a:1:{s:5:\"title\";s:86:\"Add new menus to your site, edit existing menus, and rename and reorganize menu links.\";}}','system',0,0,1,1,0,3,1,1,18,195,0,0,0,0,0,0,0),('navigation',196,14,'user/%/shortcuts','user/%/shortcuts','Shortcuts','a:1:{s:8:\"external\";i:0;}','system',-1,0,0,0,0,2,0,14,196,0,0,0,0,0,0,0,0),('management',199,195,'admin/structure/menu/add','admin/structure/menu/add','Add menu','a:1:{s:8:\"external\";i:0;}','system',-1,0,0,0,0,4,0,1,18,195,199,0,0,0,0,0,0),('management',200,195,'admin/structure/menu/list','admin/structure/menu/list','List menus','a:1:{s:8:\"external\";i:0;}','system',-1,0,0,0,-10,4,0,1,18,195,200,0,0,0,0,0,0),('management',201,39,'admin/config/search/settings','admin/config/search/settings','Search settings','a:2:{s:10:\"attributes\";a:1:{s:5:\"title\";s:67:\"Configure relevance settings for search and other indexing options.\";}s:8:\"external\";i:0;}','system',0,0,0,0,-10,4,0,1,7,39,201,0,0,0,0,0,0),('management',202,195,'admin/structure/menu/settings','admin/structure/menu/settings','Settings','a:1:{s:8:\"external\";i:0;}','system',-1,0,0,0,5,4,0,1,18,195,202,0,0,0,0,0,0),('management',203,46,'admin/config/user-interface/shortcut','admin/config/user-interface/shortcut','Shortcuts','a:2:{s:10:\"attributes\";a:1:{s:5:\"title\";s:29:\"Add and modify shortcut sets.\";}s:8:\"external\";i:0;}','system',0,0,1,0,0,4,0,1,7,46,203,0,0,0,0,0,0),('management',204,203,'admin/config/user-interface/shortcut/add-set','admin/config/user-interface/shortcut/add-set','Add shortcut set','a:1:{s:8:\"external\";i:0;}','system',-1,0,0,0,0,5,0,1,7,46,203,204,0,0,0,0,0),('management',207,201,'admin/config/search/settings/reindex','admin/config/search/settings/reindex','Clear index','a:1:{s:8:\"external\";i:0;}','system',-1,0,0,0,0,5,0,1,7,39,201,207,0,0,0,0,0),('management',208,195,'admin/structure/menu/manage/%','admin/structure/menu/manage/%','Customize menu','a:1:{s:8:\"external\";i:0;}','system',0,0,1,0,0,4,0,1,18,195,208,0,0,0,0,0,0),('management',209,203,'admin/config/user-interface/shortcut/%','admin/config/user-interface/shortcut/%','Edit shortcuts','a:1:{s:8:\"external\";i:0;}','system',0,0,1,0,0,5,0,1,7,46,203,209,0,0,0,0,0),('management',212,208,'admin/structure/menu/manage/%/add','admin/structure/menu/manage/%/add','Add link','a:1:{s:8:\"external\";i:0;}','system',-1,0,0,0,0,5,0,1,18,195,208,212,0,0,0,0,0),('management',213,209,'admin/config/user-interface/shortcut/%/add-link','admin/config/user-interface/shortcut/%/add-link','Add shortcut','a:1:{s:8:\"external\";i:0;}','system',-1,0,0,0,0,6,0,1,7,46,203,209,213,0,0,0,0),('management',214,208,'admin/structure/menu/manage/%/delete','admin/structure/menu/manage/%/delete','Delete menu','a:1:{s:8:\"external\";i:0;}','system',0,0,0,0,0,5,0,1,18,195,208,214,0,0,0,0,0),('management',215,195,'admin/structure/menu/item/%/delete','admin/structure/menu/item/%/delete','Delete menu link','a:1:{s:8:\"external\";i:0;}','system',0,0,0,0,0,4,0,1,18,195,215,0,0,0,0,0,0),('management',216,209,'admin/config/user-interface/shortcut/%/delete','admin/config/user-interface/shortcut/%/delete','Delete shortcut set','a:1:{s:8:\"external\";i:0;}','system',0,0,0,0,0,6,0,1,7,46,203,209,216,0,0,0,0),('management',217,208,'admin/structure/menu/manage/%/edit','admin/structure/menu/manage/%/edit','Edit menu','a:1:{s:8:\"external\";i:0;}','system',-1,0,0,0,0,5,0,1,18,195,208,217,0,0,0,0,0),('management',218,195,'admin/structure/menu/item/%/edit','admin/structure/menu/item/%/edit','Edit menu link','a:1:{s:8:\"external\";i:0;}','system',0,0,0,0,0,4,0,1,18,195,218,0,0,0,0,0,0),('management',219,209,'admin/config/user-interface/shortcut/%/edit','admin/config/user-interface/shortcut/%/edit','Edit set name','a:1:{s:8:\"external\";i:0;}','system',-1,0,0,0,10,6,0,1,7,46,203,209,219,0,0,0,0),('management',220,203,'admin/config/user-interface/shortcut/link/%','admin/config/user-interface/shortcut/link/%','Edit shortcut','a:1:{s:8:\"external\";i:0;}','system',0,0,1,0,0,5,0,1,7,46,203,220,0,0,0,0,0),('management',221,208,'admin/structure/menu/manage/%/list','admin/structure/menu/manage/%/list','List links','a:1:{s:8:\"external\";i:0;}','system',-1,0,0,0,-10,5,0,1,18,195,208,221,0,0,0,0,0),('management',222,209,'admin/config/user-interface/shortcut/%/links','admin/config/user-interface/shortcut/%/links','List links','a:1:{s:8:\"external\";i:0;}','system',-1,0,0,0,0,6,0,1,7,46,203,209,222,0,0,0,0),('management',223,195,'admin/structure/menu/item/%/reset','admin/structure/menu/item/%/reset','Reset menu link','a:1:{s:8:\"external\";i:0;}','system',0,0,0,0,0,4,0,1,18,195,223,0,0,0,0,0,0),('management',224,220,'admin/config/user-interface/shortcut/link/%/delete','admin/config/user-interface/shortcut/link/%/delete','Delete shortcut','a:1:{s:8:\"external\";i:0;}','system',0,0,0,0,0,6,0,1,7,46,203,220,224,0,0,0,0),('management',225,195,'admin/structure/menu/manage/main-menu','admin/structure/menu/manage/%','Main menu','a:1:{s:10:\"attributes\";a:1:{s:5:\"title\";s:0:\"\";}}','menu',0,0,0,1,0,4,1,1,18,195,225,0,0,0,0,0,0),('management',226,195,'admin/structure/menu/manage/management','admin/structure/menu/manage/%','Management','a:0:{}','menu',0,0,0,0,0,4,0,1,18,195,226,0,0,0,0,0,0),('management',227,195,'admin/structure/menu/manage/navigation','admin/structure/menu/manage/%','Navigation','a:0:{}','menu',0,0,0,0,0,4,0,1,18,195,227,0,0,0,0,0,0),('management',228,195,'admin/structure/menu/manage/user-menu','admin/structure/menu/manage/%','User menu','a:0:{}','menu',0,0,0,0,0,4,0,1,18,195,228,0,0,0,0,0,0),('navigation',229,0,'taxonomy/term/%','taxonomy/term/%','Taxonomy term','a:1:{s:8:\"external\";i:0;}','system',0,0,0,0,0,1,0,229,0,0,0,0,0,0,0,0,0),('management',230,16,'admin/reports/fields','admin/reports/fields','Field list','a:2:{s:10:\"attributes\";a:1:{s:5:\"title\";s:39:\"Overview of fields on all entity types.\";}s:8:\"external\";i:0;}','system',0,0,0,0,0,3,0,1,16,230,0,0,0,0,0,0,0),('management',231,18,'admin/structure/taxonomy','admin/structure/taxonomy','Taxonomy','a:2:{s:10:\"attributes\";a:1:{s:5:\"title\";s:67:\"Manage tagging, categorization, and classification of your content.\";}s:8:\"external\";i:0;}','system',0,0,1,0,0,3,0,1,18,231,0,0,0,0,0,0,0),('navigation',232,229,'taxonomy/term/%/edit','taxonomy/term/%/edit','Edit','a:1:{s:8:\"external\";i:0;}','system',-1,0,0,0,10,2,0,229,232,0,0,0,0,0,0,0,0),('navigation',233,229,'taxonomy/term/%/view','taxonomy/term/%/view','View','a:1:{s:8:\"external\";i:0;}','system',-1,0,0,0,0,2,0,229,233,0,0,0,0,0,0,0,0),('management',234,231,'admin/structure/taxonomy/%','admin/structure/taxonomy/%','','a:1:{s:8:\"external\";i:0;}','system',0,0,0,0,0,4,0,1,18,231,234,0,0,0,0,0,0),('management',235,231,'admin/structure/taxonomy/add','admin/structure/taxonomy/add','Add vocabulary','a:1:{s:8:\"external\";i:0;}','system',-1,0,0,0,0,4,0,1,18,231,235,0,0,0,0,0,0),('management',236,33,'admin/config/media/image-styles','admin/config/media/image-styles','Image styles','a:2:{s:10:\"attributes\";a:1:{s:5:\"title\";s:78:\"Configure styles that can be used for resizing or adjusting images on display.\";}s:8:\"external\";i:0;}','system',0,0,1,0,0,4,0,1,7,33,236,0,0,0,0,0,0),('management',237,231,'admin/structure/taxonomy/list','admin/structure/taxonomy/list','List','a:1:{s:8:\"external\";i:0;}','system',-1,0,0,0,-10,4,0,1,18,231,237,0,0,0,0,0,0),('management',238,39,'admin/config/search/path','admin/config/search/path','URL aliases','a:2:{s:10:\"attributes\";a:1:{s:5:\"title\";s:46:\"Change your site\'s URL paths by aliasing them.\";}s:8:\"external\";i:0;}','system',0,0,1,0,-5,4,0,1,7,39,238,0,0,0,0,0,0),('management',239,238,'admin/config/search/path/add','admin/config/search/path/add','Add alias','a:1:{s:8:\"external\";i:0;}','system',-1,0,0,0,0,5,0,1,7,39,238,239,0,0,0,0,0),('management',240,236,'admin/config/media/image-styles/add','admin/config/media/image-styles/add','Add style','a:2:{s:10:\"attributes\";a:1:{s:5:\"title\";s:22:\"Add a new image style.\";}s:8:\"external\";i:0;}','system',-1,0,0,0,2,5,0,1,7,33,236,240,0,0,0,0,0),('management',241,234,'admin/structure/taxonomy/%/add','admin/structure/taxonomy/%/add','Add term','a:1:{s:8:\"external\";i:0;}','system',-1,0,0,0,0,5,0,1,18,231,234,241,0,0,0,0,0),('management',242,234,'admin/structure/taxonomy/%/edit','admin/structure/taxonomy/%/edit','Edit','a:1:{s:8:\"external\";i:0;}','system',-1,0,0,0,-10,5,0,1,18,231,234,242,0,0,0,0,0),('management',243,234,'admin/structure/taxonomy/%/list','admin/structure/taxonomy/%/list','List','a:1:{s:8:\"external\";i:0;}','system',-1,0,0,0,-20,5,0,1,18,231,234,243,0,0,0,0,0),('management',244,238,'admin/config/search/path/list','admin/config/search/path/list','List','a:1:{s:8:\"external\";i:0;}','system',-1,0,0,0,-10,5,0,1,7,39,238,244,0,0,0,0,0),('management',245,236,'admin/config/media/image-styles/list','admin/config/media/image-styles/list','List','a:2:{s:10:\"attributes\";a:1:{s:5:\"title\";s:42:\"List the current image styles on the site.\";}s:8:\"external\";i:0;}','system',-1,0,0,0,1,5,0,1,7,33,236,245,0,0,0,0,0),('management',249,238,'admin/config/search/path/delete/%','admin/config/search/path/delete/%','Delete alias','a:1:{s:8:\"external\";i:0;}','system',0,0,0,0,0,5,0,1,7,39,238,249,0,0,0,0,0),('management',250,238,'admin/config/search/path/edit/%','admin/config/search/path/edit/%','Edit alias','a:1:{s:8:\"external\";i:0;}','system',0,0,0,0,0,5,0,1,7,39,238,250,0,0,0,0,0),('management',251,236,'admin/config/media/image-styles/edit/%','admin/config/media/image-styles/edit/%','Edit style','a:2:{s:10:\"attributes\";a:1:{s:5:\"title\";s:25:\"Configure an image style.\";}s:8:\"external\";i:0;}','system',0,0,1,0,0,5,0,1,7,33,236,251,0,0,0,0,0),('management',255,236,'admin/config/media/image-styles/delete/%','admin/config/media/image-styles/delete/%','Delete style','a:2:{s:10:\"attributes\";a:1:{s:5:\"title\";s:22:\"Delete an image style.\";}s:8:\"external\";i:0;}','system',0,0,0,0,0,5,0,1,7,33,236,255,0,0,0,0,0),('management',256,236,'admin/config/media/image-styles/revert/%','admin/config/media/image-styles/revert/%','Revert style','a:2:{s:10:\"attributes\";a:1:{s:5:\"title\";s:22:\"Revert an image style.\";}s:8:\"external\";i:0;}','system',0,0,0,0,0,5,0,1,7,33,236,256,0,0,0,0,0),('management',269,251,'admin/config/media/image-styles/edit/%/add/%','admin/config/media/image-styles/edit/%/add/%','Add image effect','a:2:{s:10:\"attributes\";a:1:{s:5:\"title\";s:28:\"Add a new effect to a style.\";}s:8:\"external\";i:0;}','system',0,0,0,0,0,6,0,1,7,33,236,251,269,0,0,0,0),('management',270,251,'admin/config/media/image-styles/edit/%/effects/%','admin/config/media/image-styles/edit/%/effects/%','Edit image effect','a:2:{s:10:\"attributes\";a:1:{s:5:\"title\";s:39:\"Edit an existing effect within a style.\";}s:8:\"external\";i:0;}','system',0,0,1,0,0,6,0,1,7,33,236,251,270,0,0,0,0),('management',275,270,'admin/config/media/image-styles/edit/%/effects/%/delete','admin/config/media/image-styles/edit/%/effects/%/delete','Delete image effect','a:2:{s:10:\"attributes\";a:1:{s:5:\"title\";s:39:\"Delete an existing effect from a style.\";}s:8:\"external\";i:0;}','system',0,0,0,0,0,7,0,1,7,33,236,251,270,275,0,0,0),('management',276,40,'admin/appearance/settings/handy','admin/appearance/settings/handy','Handy','a:1:{s:8:\"external\";i:0;}','system',-1,0,0,0,0,4,0,1,6,40,276,0,0,0,0,0,0),('management',277,21,'admin/structure/block/list/handy','admin/structure/block/list/handy','Handy','a:1:{s:8:\"external\";i:0;}','system',-1,0,0,0,0,4,0,1,18,21,277,0,0,0,0,0,0),('management',285,18,'admin/structure/views','admin/structure/views','Views','a:2:{s:10:\"attributes\";a:1:{s:5:\"title\";s:35:\"Manage customized lists of content.\";}s:8:\"external\";i:0;}','system',0,0,1,0,0,3,0,1,18,285,0,0,0,0,0,0,0),('management',286,16,'admin/reports/views-plugins','admin/reports/views-plugins','Views plugins','a:2:{s:10:\"attributes\";a:1:{s:5:\"title\";s:38:\"Overview of plugins used in all views.\";}s:8:\"external\";i:0;}','system',0,0,0,0,0,3,0,1,16,286,0,0,0,0,0,0,0),('management',287,285,'admin/structure/views/add','admin/structure/views/add','Add new view','a:1:{s:8:\"external\";i:0;}','system',-1,0,0,0,0,4,0,1,18,285,287,0,0,0,0,0,0),('management',288,285,'admin/structure/views/add-template','admin/structure/views/add-template','Add view from template','a:1:{s:8:\"external\";i:0;}','system',-1,0,0,0,0,4,0,1,18,285,288,0,0,0,0,0,0),('management',289,285,'admin/structure/views/import','admin/structure/views/import','Import','a:1:{s:8:\"external\";i:0;}','system',-1,0,0,0,0,4,0,1,18,285,289,0,0,0,0,0,0),('management',290,230,'admin/reports/fields/list','admin/reports/fields/list','List','a:1:{s:8:\"external\";i:0;}','system',-1,0,0,0,-10,4,0,1,16,230,290,0,0,0,0,0,0),('management',291,285,'admin/structure/views/list','admin/structure/views/list','List','a:1:{s:8:\"external\";i:0;}','system',-1,0,0,0,-10,4,0,1,18,285,291,0,0,0,0,0,0),('management',292,285,'admin/structure/views/settings','admin/structure/views/settings','Settings','a:1:{s:8:\"external\";i:0;}','system',-1,0,0,0,0,4,0,1,18,285,292,0,0,0,0,0,0),('management',293,230,'admin/reports/fields/views-fields','admin/reports/fields/views-fields','Used in views','a:2:{s:10:\"attributes\";a:1:{s:5:\"title\";s:37:\"Overview of fields used in all views.\";}s:8:\"external\";i:0;}','system',-1,0,0,0,0,4,0,1,16,230,293,0,0,0,0,0,0),('management',294,292,'admin/structure/views/settings/advanced','admin/structure/views/settings/advanced','Advanced','a:1:{s:8:\"external\";i:0;}','system',-1,0,0,0,1,5,0,1,18,285,292,294,0,0,0,0,0),('management',295,292,'admin/structure/views/settings/basic','admin/structure/views/settings/basic','Basic','a:1:{s:8:\"external\";i:0;}','system',-1,0,0,0,0,5,0,1,18,285,292,295,0,0,0,0,0),('management',296,285,'admin/structure/views/view/%','admin/structure/views/view/%','','a:1:{s:8:\"external\";i:0;}','system',0,0,0,0,0,4,0,1,18,285,296,0,0,0,0,0,0),('management',297,296,'admin/structure/views/view/%/break-lock','admin/structure/views/view/%/break-lock','Break lock','a:1:{s:8:\"external\";i:0;}','system',-1,0,0,0,0,5,0,1,18,285,296,297,0,0,0,0,0),('management',298,296,'admin/structure/views/view/%/edit','admin/structure/views/view/%/edit','Edit view','a:1:{s:8:\"external\";i:0;}','system',-1,0,0,0,-10,5,0,1,18,285,296,298,0,0,0,0,0),('management',299,296,'admin/structure/views/view/%/clone','admin/structure/views/view/%/clone','Clone','a:1:{s:8:\"external\";i:0;}','system',-1,0,0,0,0,5,0,1,18,285,296,299,0,0,0,0,0),('management',300,296,'admin/structure/views/view/%/delete','admin/structure/views/view/%/delete','Delete','a:1:{s:8:\"external\";i:0;}','system',-1,0,0,0,0,5,0,1,18,285,296,300,0,0,0,0,0),('management',301,296,'admin/structure/views/view/%/export','admin/structure/views/view/%/export','Export','a:1:{s:8:\"external\";i:0;}','system',-1,0,0,0,0,5,0,1,18,285,296,301,0,0,0,0,0),('management',302,296,'admin/structure/views/view/%/revert','admin/structure/views/view/%/revert','Revert','a:1:{s:8:\"external\";i:0;}','system',-1,0,0,0,0,5,0,1,18,285,296,302,0,0,0,0,0),('management',303,285,'admin/structure/views/ajax/preview/%/%','admin/structure/views/ajax/preview/%/%','','a:1:{s:8:\"external\";i:0;}','system',0,0,0,0,0,4,0,1,18,285,303,0,0,0,0,0,0),('management',304,285,'admin/structure/views/nojs/preview/%/%','admin/structure/views/nojs/preview/%/%','','a:1:{s:8:\"external\";i:0;}','system',0,0,0,0,0,4,0,1,18,285,304,0,0,0,0,0,0),('management',305,296,'admin/structure/views/view/%/preview/%','admin/structure/views/view/%/preview/%','','a:1:{s:8:\"external\";i:0;}','system',-1,0,0,0,0,5,0,1,18,285,296,305,0,0,0,0,0),('navigation',306,14,'user/%/imce','user/%/imce','File browser','a:1:{s:8:\"external\";i:0;}','system',-1,0,0,0,10,2,0,14,306,0,0,0,0,0,0,0,0),('management',307,33,'admin/config/media/imce','admin/config/media/imce','IMCE','a:2:{s:10:\"attributes\";a:1:{s:5:\"title\";s:42:\"Control how your image/file browser works.\";}s:8:\"external\";i:0;}','system',0,0,0,0,0,4,0,1,7,33,307,0,0,0,0,0,0),('management',308,307,'admin/config/media/imce/profile','admin/config/media/imce/profile','Add new profile','a:1:{s:8:\"external\";i:0;}','system',-1,0,0,0,0,5,0,1,7,33,307,308,0,0,0,0,0),('management',309,277,'admin/structure/block/list/handy/add','admin/structure/block/list/handy/add','Add block','a:1:{s:8:\"external\";i:0;}','system',-1,0,0,0,0,5,0,1,18,21,277,309,0,0,0,0,0),('management',313,90,'admin/structure/block/list/seven/add','admin/structure/block/list/seven/add','Add block','a:1:{s:8:\"external\";i:0;}','system',-1,0,0,0,0,5,0,1,18,21,90,313,0,0,0,0,0),('management',333,7,'admin/config/date','admin/config/date','Date API','a:1:{s:10:\"attributes\";a:1:{s:5:\"title\";s:42:\"Settings for modules the use the Date API.\";}}','system',0,0,1,1,-10,3,1,1,7,333,0,0,0,0,0,0,0),('management',334,333,'admin/config/date/calendar','admin/config/date/calendar','Calendar','a:2:{s:10:\"attributes\";a:1:{s:5:\"title\";s:24:\"Calendar administration.\";}s:8:\"external\";i:0;}','system',0,0,0,0,0,4,0,1,7,333,334,0,0,0,0,0,0),('management',335,333,'admin/config/date/date_popup','admin/config/date/date_popup','Date Popup','a:2:{s:10:\"attributes\";a:1:{s:5:\"title\";s:34:\"Configure the Date Popup settings.\";}s:8:\"external\";i:0;}','system',0,0,0,0,0,4,0,1,7,333,335,0,0,0,0,0,0),('navigation',336,5,'node/add/events','node/add/events','Events','a:2:{s:10:\"attributes\";a:1:{s:5:\"title\";s:25:\"A content type for events\";}s:8:\"external\";i:0;}','system',0,0,0,0,0,2,0,5,336,0,0,0,0,0,0,0,0),('navigation',340,0,'calendar-node-field-event-date','calendar-node-field-event-date','Calendar','a:0:{}','system',1,0,0,0,0,1,1,340,0,0,0,0,0,0,0,0,0),('navigation',341,340,'calendar-node-field-event-date/year','calendar-node-field-event-date/year','Year','a:1:{s:8:\"external\";i:0;}','system',-1,0,0,0,4,2,0,340,341,0,0,0,0,0,0,0,0),('navigation',342,340,'calendar-node-field-event-date/month','calendar-node-field-event-date/month','Month','a:1:{s:8:\"external\";i:0;}','system',-1,0,0,0,0,2,0,340,342,0,0,0,0,0,0,0,0),('navigation',343,340,'calendar-node-field-event-date/week','calendar-node-field-event-date/week','Week','a:1:{s:8:\"external\";i:0;}','system',-1,0,0,0,2,2,0,340,343,0,0,0,0,0,0,0,0),('navigation',344,340,'calendar-node-field-event-date/day','calendar-node-field-event-date/day','Day','a:1:{s:8:\"external\";i:0;}','system',-1,0,0,0,3,2,0,340,344,0,0,0,0,0,0,0,0),('navigation',351,4,'node/%/webform-results','node/%/webform-results','Results','a:1:{s:8:\"external\";i:0;}','system',-1,0,0,0,2,2,0,4,351,0,0,0,0,0,0,0,0),('navigation',352,5,'node/add/webform','node/add/webform','Webform','a:2:{s:10:\"attributes\";a:1:{s:5:\"title\";s:138:\"Create a new form or questionnaire accessible to users. Submission results and statistics are recorded and accessible to privileged users.\";}s:8:\"external\";i:0;}','system',0,0,0,0,0,2,0,5,352,0,0,0,0,0,0,0,0),('navigation',353,4,'node/%/webform','node/%/webform','Webform','a:1:{s:8:\"external\";i:0;}','system',-1,0,0,0,1,2,0,4,353,0,0,0,0,0,0,0,0),('management',354,8,'admin/content/webform','admin/content/webform','Webforms','a:2:{s:10:\"attributes\";a:1:{s:5:\"title\";s:54:\"View and edit all the available webforms on your site.\";}s:8:\"external\";i:0;}','system',-1,0,0,0,0,3,0,1,8,354,0,0,0,0,0,0,0),('navigation',355,351,'node/%/webform-results/analysis','node/%/webform-results/analysis','Analysis','a:1:{s:8:\"external\";i:0;}','system',-1,0,0,0,5,3,0,4,351,355,0,0,0,0,0,0,0),('navigation',356,351,'node/%/webform-results/clear','node/%/webform-results/clear','Clear','a:1:{s:8:\"external\";i:0;}','system',-1,0,0,0,8,3,0,4,351,356,0,0,0,0,0,0,0),('navigation',357,351,'node/%/webform-results/download','node/%/webform-results/download','Download','a:1:{s:8:\"external\";i:0;}','system',-1,0,0,0,7,3,0,4,351,357,0,0,0,0,0,0,0),('navigation',358,353,'node/%/webform/emails','node/%/webform/emails','E-mails','a:1:{s:8:\"external\";i:0;}','system',-1,0,0,0,1,3,0,4,353,358,0,0,0,0,0,0,0),('navigation',359,353,'node/%/webform/components','node/%/webform/components','Form components','a:1:{s:8:\"external\";i:0;}','system',-1,0,0,0,0,3,0,4,353,359,0,0,0,0,0,0,0),('navigation',360,353,'node/%/webform/configure','node/%/webform/configure','Form settings','a:1:{s:8:\"external\";i:0;}','system',-1,0,0,0,2,3,0,4,353,360,0,0,0,0,0,0,0),('navigation',361,351,'node/%/webform-results/submissions','node/%/webform-results/submissions','Submissions','a:1:{s:8:\"external\";i:0;}','system',-1,0,0,0,4,3,0,4,351,361,0,0,0,0,0,0,0),('navigation',362,351,'node/%/webform-results/table','node/%/webform-results/table','Table','a:1:{s:8:\"external\";i:0;}','system',-1,0,0,0,6,3,0,4,351,362,0,0,0,0,0,0,0),('management',363,24,'admin/config/content/webform','admin/config/content/webform','Webform settings','a:2:{s:10:\"attributes\";a:1:{s:5:\"title\";s:46:\"Global configuration of webform functionality.\";}s:8:\"external\";i:0;}','system',0,0,0,0,0,4,0,1,7,24,363,0,0,0,0,0,0),('navigation',366,4,'node/%/submission/%/delete','node/%/submission/%/delete','Delete','a:1:{s:8:\"external\";i:0;}','system',-1,0,0,0,2,2,0,4,366,0,0,0,0,0,0,0,0),('navigation',367,4,'node/%/submission/%/edit','node/%/submission/%/edit','Edit','a:1:{s:8:\"external\";i:0;}','system',-1,0,0,0,1,2,0,4,367,0,0,0,0,0,0,0,0),('navigation',368,358,'node/%/webform/emails/%','node/%/webform/emails/%','Edit e-mail settings','a:0:{}','system',-1,0,0,0,0,4,0,4,353,358,368,0,0,0,0,0,0),('navigation',369,4,'node/%/submission/%/view','node/%/submission/%/view','View','a:1:{s:8:\"external\";i:0;}','system',-1,0,0,0,0,2,0,4,369,0,0,0,0,0,0,0,0),('navigation',370,359,'node/%/webform/components/%','node/%/webform/components/%','','a:1:{s:8:\"external\";i:0;}','system',-1,0,0,0,0,4,0,4,353,359,370,0,0,0,0,0,0),('navigation',371,370,'node/%/webform/components/%/delete','node/%/webform/components/%/delete','','a:1:{s:8:\"external\";i:0;}','system',-1,0,0,0,0,5,0,4,353,359,370,371,0,0,0,0,0),('navigation',372,370,'node/%/webform/components/%/clone','node/%/webform/components/%/clone','','a:1:{s:8:\"external\";i:0;}','system',-1,0,0,0,0,5,0,4,353,359,370,372,0,0,0,0,0),('navigation',373,368,'node/%/webform/emails/%/delete','node/%/webform/emails/%/delete','Delete e-mail settings','a:0:{}','system',-1,0,0,0,0,5,0,4,353,358,368,373,0,0,0,0,0),('navigation',376,5,'node/add/listing','node/add/listing','Listing','a:1:{s:8:\"external\";i:0;}','system',0,0,0,0,0,2,0,5,376,0,0,0,0,0,0,0,0),('management',389,49,'admin/config/services/gmap','admin/config/services/gmap','GMap','a:2:{s:10:\"attributes\";a:1:{s:5:\"title\";s:23:\"Configure GMap settings\";}s:8:\"external\";i:0;}','system',0,0,0,0,0,4,0,1,7,49,389,0,0,0,0,0,0),('management',390,24,'admin/config/content/location','admin/config/content/location','Location','a:2:{s:10:\"attributes\";a:1:{s:5:\"title\";s:28:\"Settings for Location module\";}s:8:\"external\";i:0;}','system',0,0,0,0,0,4,0,1,7,24,390,0,0,0,0,0,0),('management',391,390,'admin/config/content/location/geocoding','admin/config/content/location/geocoding','Geocoding options','a:1:{s:8:\"external\";i:0;}','system',-1,0,0,0,2,5,0,1,7,24,390,391,0,0,0,0,0),('management',392,390,'admin/config/content/location/util','admin/config/content/location/util','Location utilities','a:1:{s:8:\"external\";i:0;}','system',-1,0,0,0,3,5,0,1,7,24,390,392,0,0,0,0,0),('management',393,390,'admin/config/content/location/main','admin/config/content/location/main','Main settings','a:1:{s:8:\"external\";i:0;}','system',-1,0,0,0,0,5,0,1,7,24,390,393,0,0,0,0,0),('management',394,390,'admin/config/content/location/maplinking','admin/config/content/location/maplinking','Map links','a:1:{s:8:\"external\";i:0;}','system',-1,0,0,0,1,5,0,1,7,24,390,394,0,0,0,0,0),('navigation',399,0,'aggregator','aggregator','Feed aggregator','a:0:{}','system',1,0,1,0,5,1,1,399,0,0,0,0,0,0,0,0,0),('navigation',400,399,'aggregator/categories','aggregator/categories','Categories','a:1:{s:8:\"external\";i:0;}','system',0,0,1,0,0,2,0,399,400,0,0,0,0,0,0,0,0),('navigation',401,399,'aggregator/sources','aggregator/sources','Sources','a:1:{s:8:\"external\";i:0;}','system',0,0,1,0,0,2,0,399,401,0,0,0,0,0,0,0,0),('navigation',402,400,'aggregator/categories/%','aggregator/categories/%','','a:1:{s:8:\"external\";i:0;}','system',0,0,0,0,0,3,0,399,400,402,0,0,0,0,0,0,0),('navigation',403,401,'aggregator/sources/%','aggregator/sources/%','','a:1:{s:8:\"external\";i:0;}','system',0,0,0,0,0,3,0,399,401,403,0,0,0,0,0,0,0),('navigation',404,402,'aggregator/categories/%/categorize','aggregator/categories/%/categorize','Categorize','a:1:{s:8:\"external\";i:0;}','system',-1,0,0,0,0,4,0,399,400,402,404,0,0,0,0,0,0),('navigation',405,403,'aggregator/sources/%/categorize','aggregator/sources/%/categorize','Categorize','a:1:{s:8:\"external\";i:0;}','system',-1,0,0,0,0,4,0,399,401,403,405,0,0,0,0,0,0),('navigation',406,402,'aggregator/categories/%/configure','aggregator/categories/%/configure','Configure','a:1:{s:8:\"external\";i:0;}','system',-1,0,0,0,1,4,0,399,400,402,406,0,0,0,0,0,0),('navigation',407,403,'aggregator/sources/%/configure','aggregator/sources/%/configure','Configure','a:1:{s:8:\"external\";i:0;}','system',-1,0,0,0,1,4,0,399,401,403,407,0,0,0,0,0,0),('navigation',408,402,'aggregator/categories/%/view','aggregator/categories/%/view','View','a:1:{s:8:\"external\";i:0;}','system',-1,0,0,0,-10,4,0,399,400,402,408,0,0,0,0,0,0),('navigation',409,403,'aggregator/sources/%/view','aggregator/sources/%/view','View','a:1:{s:8:\"external\";i:0;}','system',-1,0,0,0,-10,4,0,399,401,403,409,0,0,0,0,0,0),('management',410,49,'admin/config/services/aggregator','admin/config/services/aggregator','Feed aggregator','a:2:{s:10:\"attributes\";a:1:{s:5:\"title\";s:116:\"Configure which content your site aggregates from other sites, how often it polls them, and how they\'re categorized.\";}s:8:\"external\";i:0;}','system',0,0,1,0,10,4,0,1,7,49,410,0,0,0,0,0,0),('management',411,410,'admin/config/services/aggregator/list','admin/config/services/aggregator/list','List','a:1:{s:8:\"external\";i:0;}','system',-1,0,0,0,-10,5,0,1,7,49,410,411,0,0,0,0,0),('management',412,410,'admin/config/services/aggregator/settings','admin/config/services/aggregator/settings','Settings','a:2:{s:10:\"attributes\";a:1:{s:5:\"title\";s:129:\"Configure the behavior of the feed aggregator, including when to discard feed items and how to present feed items and categories.\";}s:8:\"external\";i:0;}','system',-1,0,0,0,0,5,0,1,7,49,410,412,0,0,0,0,0),('management',413,410,'admin/config/services/aggregator/add/category','admin/config/services/aggregator/add/category','Add category','a:1:{s:8:\"external\";i:0;}','system',-1,0,0,0,0,5,0,1,7,49,410,413,0,0,0,0,0),('management',414,410,'admin/config/services/aggregator/add/feed','admin/config/services/aggregator/add/feed','Add feed','a:1:{s:8:\"external\";i:0;}','system',-1,0,0,0,0,5,0,1,7,49,410,414,0,0,0,0,0),('management',415,410,'admin/config/services/aggregator/add/opml','admin/config/services/aggregator/add/opml','Import OPML','a:1:{s:8:\"external\";i:0;}','system',-1,0,0,0,0,5,0,1,7,49,410,415,0,0,0,0,0),('management',416,410,'admin/config/services/aggregator/remove/%','admin/config/services/aggregator/remove/%','Remove items','a:1:{s:8:\"external\";i:0;}','system',0,0,0,0,0,5,0,1,7,49,410,416,0,0,0,0,0),('management',417,410,'admin/config/services/aggregator/update/%','admin/config/services/aggregator/update/%','Update items','a:1:{s:8:\"external\";i:0;}','system',0,0,0,0,0,5,0,1,7,49,410,417,0,0,0,0,0),('management',418,410,'admin/config/services/aggregator/edit/category/%','admin/config/services/aggregator/edit/category/%','Edit category','a:1:{s:8:\"external\";i:0;}','system',0,0,0,0,0,5,0,1,7,49,410,418,0,0,0,0,0),('management',419,410,'admin/config/services/aggregator/edit/feed/%','admin/config/services/aggregator/edit/feed/%','Edit feed','a:1:{s:8:\"external\";i:0;}','system',0,0,0,0,0,5,0,1,7,49,410,419,0,0,0,0,0),('navigation',422,5,'node/add/articles','node/add/articles','Articles','a:2:{s:10:\"attributes\";a:1:{s:5:\"title\";s:23:\"An article content type\";}s:8:\"external\";i:0;}','system',0,0,0,0,0,2,0,5,422,0,0,0,0,0,0,0,0),('management',442,42,'admin/config/system/googleanalytics','admin/config/system/googleanalytics','Google Analytics','a:2:{s:10:\"attributes\";a:1:{s:5:\"title\";s:98:\"Configure tracking behavior to get insights into your website traffic and marketing effectiveness.\";}s:8:\"external\";i:0;}','system',0,0,0,0,0,4,0,1,7,42,442,0,0,0,0,0,0),('management',444,16,'admin/reports/checklistapi','admin/reports/checklistapi','Checklists','a:2:{s:10:\"attributes\";a:1:{s:5:\"title\";s:67:\"Get an overview of your installed checklists with progress details.\";}s:8:\"external\";i:0;}','system',0,0,0,0,0,3,0,1,16,444,0,0,0,0,0,0,0),('management',445,39,'admin/config/search/seo-checklist','admin/config/search/seo-checklist','SEO checklist','a:2:{s:10:\"attributes\";a:1:{s:5:\"title\";s:59:\"Keep track of your Drupal Search Engine Optimization tasks.\";}s:8:\"external\";i:0;}','system',0,0,0,0,0,4,0,1,7,39,445,0,0,0,0,0,0),('management',446,24,'admin/config/content/seo_checker','admin/config/content/seo_checker','SEO Checker','a:2:{s:10:\"attributes\";a:1:{s:5:\"title\";s:18:\"Manage SEO Checker\";}s:8:\"external\";i:0;}','system',0,0,0,0,0,4,0,1,7,24,446,0,0,0,0,0,0),('management',447,446,'admin/config/content/seo_checker/thresholds','admin/config/content/seo_checker/thresholds','SEO Rule Thresholds','a:2:{s:10:\"attributes\";a:1:{s:5:\"title\";s:46:\"Set the tresholds for the different SEO rules.\";}s:8:\"external\";i:0;}','system',-1,0,0,0,-1,5,0,1,7,24,446,447,0,0,0,0,0),('management',494,183,'admin/config/content/wysiwyg/profile','admin/config/content/wysiwyg/profile','List','a:1:{s:8:\"external\";i:0;}','system',-1,0,0,0,0,5,0,1,7,24,183,494,0,0,0,0,0),('management',558,18,'admin/structure/widgets','admin/structure/widgets','Widgets','a:2:{s:10:\"attributes\";a:1:{s:5:\"title\";s:47:\"Configure sets of widgets to display in blocks.\";}s:8:\"external\";i:0;}','system',0,0,0,0,0,3,0,1,18,558,0,0,0,0,0,0,0),('management',559,558,'admin/structure/widgets/definitions','admin/structure/widgets/definitions','Definitions','a:2:{s:10:\"attributes\";a:1:{s:5:\"title\";s:47:\"Configure sets of widgets to display in blocks.\";}s:8:\"external\";i:0;}','system',-1,0,1,0,1,4,0,1,18,558,559,0,0,0,0,0,0),('management',560,558,'admin/structure/widgets/sets','admin/structure/widgets/sets','Sets','a:2:{s:10:\"attributes\";a:1:{s:5:\"title\";s:41:\"List the current widget sets on the site.\";}s:8:\"external\";i:0;}','system',-1,0,1,0,0,4,0,1,18,558,560,0,0,0,0,0,0),('management',561,559,'admin/structure/widgets/definitions/add','admin/structure/widgets/definitions/add','Add widget definition','a:2:{s:10:\"attributes\";a:1:{s:5:\"title\";s:28:\"Add a new widget definition.\";}s:8:\"external\";i:0;}','system',-1,0,0,0,2,5,0,1,18,558,559,561,0,0,0,0,0),('management',562,560,'admin/structure/widgets/sets/add','admin/structure/widgets/sets/add','Add widget set','a:2:{s:10:\"attributes\";a:1:{s:5:\"title\";s:21:\"Add a new widget set.\";}s:8:\"external\";i:0;}','system',-1,0,0,0,2,5,0,1,18,558,560,562,0,0,0,0,0),('management',563,559,'admin/structure/widgets/definitions/list','admin/structure/widgets/definitions/list','Definitions','a:2:{s:10:\"attributes\";a:1:{s:5:\"title\";s:41:\"List the current widget sets on the site.\";}s:8:\"external\";i:0;}','system',-1,0,0,0,1,5,0,1,18,558,559,563,0,0,0,0,0),('management',564,560,'admin/structure/widgets/sets/list','admin/structure/widgets/sets/list','List','a:2:{s:10:\"attributes\";a:1:{s:5:\"title\";s:41:\"List the current widget sets on the site.\";}s:8:\"external\";i:0;}','system',-1,0,0,0,0,5,0,1,18,558,560,564,0,0,0,0,0),('management',565,559,'admin/structure/widgets/definitions/edit/%','admin/structure/widgets/definitions/edit/%','Edit widget definition','a:2:{s:10:\"attributes\";a:1:{s:5:\"title\";s:31:\"Configure an widget definition.\";}s:8:\"external\";i:0;}','system',0,0,0,0,0,5,0,1,18,558,559,565,0,0,0,0,0),('management',566,560,'admin/structure/widgets/sets/edit/%','admin/structure/widgets/sets/edit/%','Edit widget set','a:2:{s:10:\"attributes\";a:1:{s:5:\"title\";s:24:\"Configure an widget set.\";}s:8:\"external\";i:0;}','system',-1,0,1,0,0,5,0,1,18,558,560,566,0,0,0,0,0),('management',567,559,'admin/structure/widgets/definitions/preview/%','admin/structure/widgets/definitions/preview/%','Preview widget definition','a:2:{s:10:\"attributes\";a:1:{s:5:\"title\";s:31:\"Configure an widget definition.\";}s:8:\"external\";i:0;}','system',0,0,0,0,0,5,0,1,18,558,559,567,0,0,0,0,0),('management',570,560,'admin/structure/widgets/sets/export/%','admin/structure/widgets/sets/export/%','Export widget set','a:2:{s:10:\"attributes\";a:1:{s:5:\"title\";s:21:\"Export an widget set.\";}s:8:\"external\";i:0;}','system',0,0,0,0,0,5,0,1,18,558,560,570,0,0,0,0,0),('management',571,559,'admin/structure/widgets/definitions/export/%','admin/structure/widgets/definitions/export/%','Export widget definition','a:2:{s:10:\"attributes\";a:1:{s:5:\"title\";s:28:\"Export an widget definition.\";}s:8:\"external\";i:0;}','system',0,0,0,0,0,5,0,1,18,558,559,571,0,0,0,0,0),('management',572,560,'admin/structure/widgets/sets/delete/%','admin/structure/widgets/sets/delete/%','Delete widget set','a:2:{s:10:\"attributes\";a:1:{s:5:\"title\";s:21:\"Delete an widget set.\";}s:8:\"external\";i:0;}','system',0,0,0,0,0,5,0,1,18,558,560,572,0,0,0,0,0),('management',573,560,'admin/structure/widgets/sets/revert/%','admin/structure/widgets/sets/revert/%','Revert style','a:2:{s:10:\"attributes\";a:1:{s:5:\"title\";s:21:\"Revert an widget set.\";}s:8:\"external\";i:0;}','system',0,0,0,0,0,5,0,1,18,558,560,573,0,0,0,0,0),('management',575,566,'admin/structure/widgets/sets/edit/%/add/%','admin/structure/widgets/sets/edit/%/add/%','Add widget','a:2:{s:10:\"attributes\";a:1:{s:5:\"title\";s:26:\"Add a new widget to a set.\";}s:8:\"external\";i:0;}','system',0,0,0,0,0,6,0,1,18,558,560,566,575,0,0,0,0),('management',576,566,'admin/structure/widgets/sets/edit/%/elements/%','admin/structure/widgets/sets/edit/%/elements/%','Edit widget element','a:2:{s:10:\"attributes\";a:1:{s:5:\"title\";s:37:\"Edit an existing widget within a set.\";}s:8:\"external\";i:0;}','system',0,0,1,0,0,6,0,1,18,558,560,566,576,0,0,0,0),('management',577,576,'admin/structure/widgets/sets/edit/%/elements/%/delete','admin/structure/widgets/sets/edit/%/elements/%/delete','Delete widget','a:2:{s:10:\"attributes\";a:1:{s:5:\"title\";s:37:\"Delete an existing widget from a set.\";}s:8:\"external\";i:0;}','system',0,0,0,0,0,7,0,1,18,558,560,566,576,577,0,0,0),('management',578,39,'admin/config/search/metatags','admin/config/search/metatags','Metatag','a:2:{s:10:\"attributes\";a:1:{s:5:\"title\";s:27:\"Configure Metatag defaults.\";}s:8:\"external\";i:0;}','system',0,0,0,0,0,4,0,1,7,39,578,0,0,0,0,0,0),('management',579,578,'admin/config/search/metatags/bulk-revert','admin/config/search/metatags/bulk-revert','Bulk revert','a:1:{s:8:\"external\";i:0;}','system',-1,0,0,0,40,5,0,1,7,39,578,579,0,0,0,0,0),('management',580,578,'admin/config/search/metatags/config','admin/config/search/metatags/config','Defaults','a:1:{s:8:\"external\";i:0;}','system',-1,0,1,0,-10,5,0,1,7,39,578,580,0,0,0,0,0),('management',581,580,'admin/config/search/metatags/config/%','admin/config/search/metatags/config/%','','a:1:{s:8:\"external\";i:0;}','system',0,0,1,0,0,6,0,1,7,39,578,580,581,0,0,0,0),('management',582,580,'admin/config/search/metatags/config/add','admin/config/search/metatags/config/add','Add a Metatag default','a:1:{s:8:\"external\";i:0;}','system',-1,0,0,0,0,6,0,1,7,39,578,580,582,0,0,0,0),('management',583,581,'admin/config/search/metatags/config/%/delete','admin/config/search/metatags/config/%/delete','Delete','a:1:{s:8:\"external\";i:0;}','system',0,0,0,0,0,7,0,1,7,39,578,580,581,583,0,0,0),('management',584,581,'admin/config/search/metatags/config/%/disable','admin/config/search/metatags/config/%/disable','Disable','a:1:{s:8:\"external\";i:0;}','system',0,0,0,0,0,7,0,1,7,39,578,580,581,584,0,0,0),('management',585,581,'admin/config/search/metatags/config/%/edit','admin/config/search/metatags/config/%/edit','Edit','a:1:{s:8:\"external\";i:0;}','system',-1,0,0,0,-10,7,0,1,7,39,578,580,581,585,0,0,0),('management',586,581,'admin/config/search/metatags/config/%/enable','admin/config/search/metatags/config/%/enable','Enable','a:1:{s:8:\"external\";i:0;}','system',0,0,0,0,0,7,0,1,7,39,578,580,581,586,0,0,0),('management',587,581,'admin/config/search/metatags/config/%/export','admin/config/search/metatags/config/%/export','Export','a:1:{s:8:\"external\";i:0;}','system',-1,0,0,0,10,7,0,1,7,39,578,580,581,587,0,0,0),('management',588,581,'admin/config/search/metatags/config/%/revert','admin/config/search/metatags/config/%/revert','Revert','a:1:{s:8:\"external\";i:0;}','system',-1,0,0,0,0,7,0,1,7,39,578,580,581,588,0,0,0),('navigation',715,5,'node/add/right-sidebar','node/add/right-sidebar','Right Sidebar','a:2:{s:10:\"attributes\";a:1:{s:5:\"title\";s:52:\"For content you want to appear in the right sidebar.\";}s:8:\"external\";i:0;}','system',0,0,0,0,0,2,0,5,715,0,0,0,0,0,0,0,0),('management',725,82,'admin/structure/block/list/bartik/add','admin/structure/block/list/bartik/add','Add block','a:1:{s:8:\"external\";i:0;}','system',-1,0,0,0,0,5,0,1,18,21,82,725,0,0,0,0,0),('navigation',728,5,'node/add/left-sidebar','node/add/left-sidebar','Left Sidebar','a:2:{s:10:\"attributes\";a:1:{s:5:\"title\";s:28:\"Content for the left sidebar\";}s:8:\"external\";i:0;}','system',0,0,0,0,0,2,0,5,728,0,0,0,0,0,0,0,0),('management',792,40,'admin/appearance/settings/kmcs','admin/appearance/settings/kmcs','kmcs','a:1:{s:8:\"external\";i:0;}','system',-1,0,0,0,0,4,0,1,6,40,792,0,0,0,0,0,0),('management',793,21,'admin/structure/block/list/kmcs','admin/structure/block/list/kmcs','kmcs','a:1:{s:8:\"external\";i:0;}','system',-1,0,0,0,-10,4,0,1,18,21,793,0,0,0,0,0,0),('main-menu',795,0,'node/115','node/%','About','a:2:{s:10:\"attributes\";a:0:{}s:8:\"external\";i:0;}','menu',0,0,0,1,2,1,1,795,0,0,0,0,0,0,0,0,0),('main-menu',796,0,'node/116','node/%','Testimonials','a:2:{s:10:\"attributes\";a:1:{s:5:\"title\";s:73:\"testimonials-keepsake-memories-Goderich-Clinton-Kincardine-Exeter-Ontario\";}s:8:\"external\";i:0;}','menu',0,0,0,0,1,1,0,796,0,0,0,0,0,0,0,0,0),('main-menu',799,0,'node/117','node/%','Home','a:2:{s:8:\"external\";i:0;s:10:\"attributes\";a:1:{s:5:\"title\";s:27:\"Home Page Keepsake Memories\";}}','menu',0,0,0,0,1,1,0,799,0,0,0,0,0,0,0,0,0),('main-menu',800,0,'node/118','node/%','Contact','a:2:{s:8:\"external\";i:0;s:10:\"attributes\";a:1:{s:5:\"title\";s:25:\"Contact Keepsake Memories\";}}','menu',0,0,0,0,5,1,0,800,0,0,0,0,0,0,0,0,0),('main-menu',801,0,'node/119','node/%','Services & Rates','a:1:{s:8:\"external\";i:0;}','menu',0,0,0,0,3,1,0,801,0,0,0,0,0,0,0,0,0),('management',805,33,'admin/config/media/colorbox','admin/config/media/colorbox','Colorbox','a:2:{s:10:\"attributes\";a:1:{s:5:\"title\";s:25:\"Adjust Colorbox settings.\";}s:8:\"external\";i:0;}','system',0,0,0,0,0,4,0,1,7,33,805,0,0,0,0,0,0),('navigation',806,5,'node/add/gallery','node/add/gallery','Gallery','a:2:{s:10:\"attributes\";a:1:{s:5:\"title\";s:19:\"Basic Image Gallery\";}s:8:\"external\";i:0;}','system',0,0,0,0,0,2,0,5,806,0,0,0,0,0,0,0,0),('management',860,195,'admin/structure/menu/manage/menu-rbnet','admin/structure/menu/manage/%','Rbnet','a:0:{}','menu',0,0,0,0,0,4,0,1,18,195,860,0,0,0,0,0,0),('menu-rbnet',863,0,'articles','articles','Latest News','a:1:{s:10:\"attributes\";a:1:{s:5:\"title\";s:13:\"Articles page\";}}','menu',0,0,0,1,0,1,1,863,0,0,0,0,0,0,0,0,0),('management',864,195,'admin/structure/menu/manage/menu-epp-menu','admin/structure/menu/manage/%','EPP menu','a:0:{}','menu',0,0,0,0,0,4,0,1,18,195,864,0,0,0,0,0,0),('management',881,0,'user','user','User','a:2:{s:10:\"attributes\";a:1:{s:5:\"title\";s:12:\"User account\";}s:8:\"external\";i:0;}','menu',1,0,0,1,-49,1,1,881,0,0,0,0,0,0,0,0,0),('management',882,881,'user','user','My account','a:1:{s:10:\"attributes\";a:1:{s:5:\"title\";s:16:\"Account settings\";}}','menu',1,0,0,0,-50,2,1,881,882,0,0,0,0,0,0,0,0),('management',883,881,'user/logout','user/logout','Logout','a:2:{s:10:\"attributes\";a:1:{s:5:\"title\";s:6:\"Logout\";}s:8:\"external\";i:0;}','menu',1,0,0,0,0,2,1,881,883,0,0,0,0,0,0,0,0),('navigation',884,5,'node/add/simple-image-slider','node/add/simple-image-slider','Simple image Slider','a:2:{s:10:\"attributes\";a:1:{s:5:\"title\";s:33:\"Content for a simple image slider\";}s:8:\"external\";i:0;}','system',0,0,0,0,0,2,0,5,884,0,0,0,0,0,0,0,0),('management',948,16,'admin/reports/updates','admin/reports/updates','Available updates','a:2:{s:10:\"attributes\";a:1:{s:5:\"title\";s:82:\"Get a status report about available updates for your installed modules and themes.\";}s:8:\"external\";i:0;}','system',0,0,0,0,-50,3,0,1,16,948,0,0,0,0,0,0,0),('management',949,6,'admin/appearance/install','admin/appearance/install','Install new theme','a:1:{s:8:\"external\";i:0;}','system',-1,0,0,0,25,3,0,1,6,949,0,0,0,0,0,0,0),('management',950,13,'admin/modules/install','admin/modules/install','Install new module','a:1:{s:8:\"external\";i:0;}','system',-1,0,0,0,25,3,0,1,13,950,0,0,0,0,0,0,0),('management',951,13,'admin/modules/update','admin/modules/update','Update','a:1:{s:8:\"external\";i:0;}','system',-1,0,0,0,10,3,0,1,13,951,0,0,0,0,0,0,0),('management',952,6,'admin/appearance/update','admin/appearance/update','Update','a:1:{s:8:\"external\";i:0;}','system',-1,0,0,0,10,3,0,1,6,952,0,0,0,0,0,0,0),('management',953,948,'admin/reports/updates/install','admin/reports/updates/install','Install new module or theme','a:1:{s:8:\"external\";i:0;}','system',-1,0,0,0,25,4,0,1,16,948,953,0,0,0,0,0,0),('management',954,948,'admin/reports/updates/update','admin/reports/updates/update','Update','a:1:{s:8:\"external\";i:0;}','system',-1,0,0,0,10,4,0,1,16,948,954,0,0,0,0,0,0),('management',955,948,'admin/reports/updates/list','admin/reports/updates/list','List','a:1:{s:8:\"external\";i:0;}','system',-1,0,0,0,0,4,0,1,16,948,955,0,0,0,0,0,0),('management',956,948,'admin/reports/updates/settings','admin/reports/updates/settings','Settings','a:1:{s:8:\"external\";i:0;}','system',-1,0,0,0,50,4,0,1,16,948,956,0,0,0,0,0,0),('management',957,578,'admin/config/search/metatags/settings','admin/config/search/metatags/settings','Settings','a:1:{s:8:\"external\";i:0;}','system',-1,0,0,0,30,5,0,1,7,39,578,957,0,0,0,0,0),('management',958,58,'admin/config/regional/date-time/date-views','admin/config/regional/date-time/date-views','Date views','a:2:{s:10:\"attributes\";a:1:{s:5:\"title\";s:34:\"Configure settings for date views.\";}s:8:\"external\";i:0;}','system',-1,0,0,0,0,5,0,1,7,37,58,958,0,0,0,0,0),('management',1014,195,'admin/structure/menu/manage/menu-obra-menu','admin/structure/menu/manage/%','OBRA menu','a:0:{}','menu',0,0,0,0,0,4,0,1,18,195,1014,0,0,0,0,0,0),('menu-obra-menu',1015,0,'<front>','','Home','a:1:{s:10:\"attributes\";a:1:{s:5:\"title\";s:0:\"\";}}','menu',0,1,0,0,-50,1,1,1015,0,0,0,0,0,0,0,0,0),('menu-obra-menu',1017,0,'shows','shows','Events','a:1:{s:10:\"attributes\";a:1:{s:5:\"title\";s:0:\"\";}}','menu',0,0,1,1,-49,1,1,1017,0,0,0,0,0,0,0,0,0),('menu-obra-menu',1018,1017,'calendar-node-field-event-date/month','calendar-node-field-event-date/month','Event Calender','a:2:{s:10:\"attributes\";a:1:{s:5:\"title\";s:0:\"\";}s:8:\"external\";i:0;}','menu',0,0,0,0,-50,2,1,1017,1018,0,0,0,0,0,0,0,0),('menu-obra-menu',1020,0,'https://docs.google.com/spreadsheets/d/1oqqTFHXzQ-H-WBR9sw5ZL8BNz8gq6jgZ2fxsZauUf0o/edit#gid=639766604','','Points','a:2:{s:10:\"attributes\";a:1:{s:5:\"title\";s:0:\"\";}s:8:\"external\";i:1;}','menu',0,1,0,0,-46,1,1,1020,0,0,0,0,0,0,0,0,0),('menu-obra-menu',1085,0,'show_results','show_results','Results','a:1:{s:10:\"attributes\";a:1:{s:5:\"title\";s:0:\"\";}}','menu',0,0,0,0,-48,1,1,1085,0,0,0,0,0,0,0,0,0),('navigation',1125,5,'node/add/bootstrap-carousel','node/add/bootstrap-carousel','Carousel','a:2:{s:10:\"attributes\";a:1:{s:5:\"title\";s:49:\"Create a new Carousel using Bootstrap Javascript.\";}s:8:\"external\";i:0;}','system',0,0,0,0,0,2,0,5,1125,0,0,0,0,0,0,0,0),('management',1127,27,'admin/config/development/jquery_update','admin/config/development/jquery_update','jQuery update','a:2:{s:10:\"attributes\";a:1:{s:5:\"title\";s:83:\"Configure settings related to the jQuery upgrade, the library path and compression.\";}s:8:\"external\";i:0;}','system',0,0,0,0,0,4,0,1,7,27,1127,0,0,0,0,0,0),('management',1150,195,'admin/structure/menu/manage/menu-first-light','admin/structure/menu/manage/%','First Light','a:0:{}','menu',0,0,0,0,0,4,0,1,18,195,1150,0,0,0,0,0,0),('navigation',1153,0,'aggregator/categories/1','aggregator/categories/%','Games','a:0:{}','aggregator',1,0,0,0,0,1,1,1153,0,0,0,0,0,0,0,0,0),('menu-first-light',1156,0,'aggregator/sources/1','aggregator/sources/%','News','a:1:{s:10:\"attributes\";a:1:{s:5:\"title\";s:0:\"\";}}','menu',0,0,0,0,-50,1,1,1156,0,0,0,0,0,0,0,0,0),('menu-first-light',1159,0,'calendar-node-field-event-date/month','calendar-node-field-event-date/month','Events','a:1:{s:10:\"attributes\";a:1:{s:5:\"title\";s:0:\"\";}}','menu',0,0,0,0,-49,1,1,1159,0,0,0,0,0,0,0,0,0),('menu-first-light',1163,0,'articles ','articles','Articles/Guides','a:1:{s:10:\"attributes\";a:1:{s:5:\"title\";s:0:\"\";}}','menu',0,0,0,0,-48,1,1,1163,0,0,0,0,0,0,0,0,0),('main-menu',1164,0,'node/121','node/%','Portfolio','a:2:{s:8:\"external\";i:0;s:10:\"attributes\";a:1:{s:5:\"title\";s:26:\"Portfolio of Keepsake Work\";}}','menu',0,0,0,0,4,1,0,1164,0,0,0,0,0,0,0,0,0),('navigation',1205,0,'admin/content','admin/content','Content','a:1:{s:10:\"attributes\";a:1:{s:5:\"title\";s:0:\"\";}}','menu',0,0,0,0,0,1,1,1205,0,0,0,0,0,0,0,0,0),('management',1208,46,'admin/config/user-interface/parallax_bg','admin/config/user-interface/parallax_bg','Parallax Backgound','a:2:{s:10:\"attributes\";a:1:{s:5:\"title\";s:54:\"Add a Parallax Background effect to any tagged element\";}s:8:\"external\";i:0;}','system',0,0,0,0,0,4,0,1,7,46,1208,0,0,0,0,0,0),('management',1214,46,'admin/config/user-interface/void_menu','admin/config/user-interface/void_menu','Void Menu','a:2:{s:10:\"attributes\";a:1:{s:5:\"title\";s:20:\"Configure Void Menu.\";}s:8:\"external\";i:0;}','system',0,0,0,0,0,4,0,1,7,46,1214,0,0,0,0,0,0),('management',1220,195,'admin/structure/menu/manage/menu-brodie-tree-service','admin/structure/menu/manage/%','Brodie Tree Service','a:1:{s:8:\"external\";i:0;}','menu',0,0,0,0,0,4,0,1,18,195,1220,0,0,0,0,0,0),('navigation',1223,5,'node/add/carousel','node/add/carousel','Carousel Content','a:2:{s:10:\"attributes\";a:1:{s:5:\"title\";s:31:\"A carousel for bootstrap themes\";}s:8:\"external\";i:0;}','system',0,0,0,0,0,2,0,5,1223,0,0,0,0,0,0,0,0),('management',1228,18,'admin/structure/ds','admin/structure/ds','Display Suite','a:2:{s:10:\"attributes\";a:1:{s:5:\"title\";s:65:\"Manage layouts for entities and configure fields, view modes etc.\";}s:8:\"external\";i:0;}','system',0,0,0,0,0,3,0,1,18,1228,0,0,0,0,0,0,0),('navigation',1229,4,'node/%/display','node/%/display','Manage display','a:2:{s:10:\"attributes\";a:1:{s:5:\"title\";s:31:\"Manage display of this content.\";}s:8:\"external\";i:0;}','system',-1,0,0,0,0,2,0,4,1229,0,0,0,0,0,0,0,0),('navigation',1230,14,'user/%/display','user/%/display','Manage display','a:2:{s:10:\"attributes\";a:1:{s:5:\"title\";s:36:\"Manage display of this user profile.\";}s:8:\"external\";i:0;}','system',-1,0,0,0,0,2,0,14,1230,0,0,0,0,0,0,0,0),('management',1231,1228,'admin/structure/ds/classes','admin/structure/ds/classes','CSS classes','a:2:{s:10:\"attributes\";a:1:{s:5:\"title\";s:52:\"Define extra CSS class names for regions and fields.\";}s:8:\"external\";i:0;}','system',-1,0,0,0,0,4,0,1,18,1228,1231,0,0,0,0,0,0),('management',1232,1228,'admin/structure/ds/change-layout','admin/structure/ds/change-layout','Change layout','a:2:{s:10:\"attributes\";a:1:{s:5:\"title\";s:45:\"Act on layout change to move fields elsewhere\";}s:8:\"external\";i:0;}','system',-1,0,0,0,0,4,0,1,18,1228,1232,0,0,0,0,0,0),('management',1233,1228,'admin/structure/ds/disable','admin/structure/ds/disable','Disable layout','a:2:{s:10:\"attributes\";a:1:{s:5:\"title\";s:33:\"Disable layout and field settings\";}s:8:\"external\";i:0;}','system',-1,0,0,0,0,4,0,1,18,1228,1233,0,0,0,0,0,0),('management',1234,1228,'admin/structure/ds/list','admin/structure/ds/list','Displays','a:1:{s:8:\"external\";i:0;}','system',-1,0,0,0,-10,4,0,1,18,1228,1234,0,0,0,0,0,0),('management',1235,1228,'admin/structure/ds/enable','admin/structure/ds/enable','Enable layout','a:2:{s:10:\"attributes\";a:1:{s:5:\"title\";s:32:\"Enable layout and field settings\";}s:8:\"external\";i:0;}','system',-1,0,0,0,0,4,0,1,18,1228,1235,0,0,0,0,0,0),('management',1236,1228,'admin/structure/ds/fields','admin/structure/ds/fields','Fields','a:2:{s:10:\"attributes\";a:1:{s:5:\"title\";s:30:\"Manage fields for all content.\";}s:8:\"external\";i:0;}','system',-1,0,0,0,-8,4,0,1,18,1228,1236,0,0,0,0,0,0),('navigation',1237,229,'taxonomy/term/%/display','taxonomy/term/%/display','Manage display','a:2:{s:10:\"attributes\";a:1:{s:5:\"title\";s:28:\"Manage display of this term.\";}s:8:\"external\";i:0;}','system',-1,0,0,0,11,2,0,229,1237,0,0,0,0,0,0,0,0),('management',1238,1228,'admin/structure/ds/revert-layout','admin/structure/ds/revert-layout','Revert layout','a:2:{s:10:\"attributes\";a:1:{s:5:\"title\";s:33:\"Revert layout and field settings.\";}s:8:\"external\";i:0;}','system',-1,0,0,0,0,4,0,1,18,1228,1238,0,0,0,0,0,0),('management',1239,1228,'admin/structure/ds/view_modes','admin/structure/ds/view_modes','View modes','a:2:{s:10:\"attributes\";a:1:{s:5:\"title\";s:34:\"Manage view modes for all content.\";}s:8:\"external\";i:0;}','system',-1,0,0,0,-9,4,0,1,18,1228,1239,0,0,0,0,0,0),('management',1240,1236,'admin/structure/ds/fields/manage_block','admin/structure/ds/fields/manage_block','Add a block field','a:2:{s:10:\"attributes\";a:1:{s:5:\"title\";s:20:\"Manage a block field\";}s:8:\"external\";i:0;}','system',-1,0,0,0,2,5,0,1,18,1228,1236,1240,0,0,0,0,0),('management',1241,1236,'admin/structure/ds/fields/manage_custom','admin/structure/ds/fields/manage_custom','Add a code field','a:2:{s:10:\"attributes\";a:1:{s:5:\"title\";s:14:\"Manage a field\";}s:8:\"external\";i:0;}','system',-1,0,0,0,0,5,0,1,18,1228,1236,1241,0,0,0,0,0),('management',1242,1236,'admin/structure/ds/fields/manage_ctools','admin/structure/ds/fields/manage_ctools','Add a dynamic field','a:2:{s:10:\"attributes\";a:1:{s:5:\"title\";s:22:\"Manage a dynamic field\";}s:8:\"external\";i:0;}','system',-1,0,0,0,1,5,0,1,18,1228,1236,1242,0,0,0,0,0),('management',1243,1236,'admin/structure/ds/fields/manage_preprocess','admin/structure/ds/fields/manage_preprocess','Add a preprocess field','a:2:{s:10:\"attributes\";a:1:{s:5:\"title\";s:25:\"Manage a preprocess field\";}s:8:\"external\";i:0;}','system',-1,0,0,0,3,5,0,1,18,1228,1236,1243,0,0,0,0,0),('management',1244,1239,'admin/structure/ds/view_modes/manage','admin/structure/ds/view_modes/manage','Add a view mode','a:2:{s:10:\"attributes\";a:1:{s:5:\"title\";s:18:\"Manage a view mode\";}s:8:\"external\";i:0;}','system',-1,0,0,0,0,5,0,1,18,1228,1239,1244,0,0,0,0,0),('management',1245,1236,'admin/structure/ds/fields/delete','admin/structure/ds/fields/delete','Delete a field','a:2:{s:10:\"attributes\";a:1:{s:5:\"title\";s:15:\"Delete a field.\";}s:8:\"external\";i:0;}','system',-1,0,0,0,0,5,0,1,18,1228,1236,1245,0,0,0,0,0),('management',1246,1239,'admin/structure/ds/view_modes/delete','admin/structure/ds/view_modes/delete','Delete a view mode','a:2:{s:10:\"attributes\";a:1:{s:5:\"title\";s:26:\"Delete a custom view mode.\";}s:8:\"external\";i:0;}','system',-1,0,0,0,0,5,0,1,18,1228,1239,1246,0,0,0,0,0),('management',1247,1234,'admin/structure/ds/list/emergency','admin/structure/ds/list/emergency','Emergency','a:2:{s:10:\"attributes\";a:1:{s:5:\"title\";s:59:\"In case you have errors via Display Suite, visit this page.\";}s:8:\"external\";i:0;}','system',-1,0,0,0,100,5,0,1,18,1228,1234,1247,0,0,0,0,0),('management',1248,1234,'admin/structure/ds/list/list','admin/structure/ds/list/list','List','a:1:{s:8:\"external\";i:0;}','system',-1,0,0,0,-10,5,0,1,18,1228,1234,1248,0,0,0,0,0),('management',1249,1236,'admin/structure/ds/fields/revert','admin/structure/ds/fields/revert','Revert a custom field','a:2:{s:10:\"attributes\";a:1:{s:5:\"title\";s:22:\"Revert a custom field.\";}s:8:\"external\";i:0;}','system',-1,0,0,0,0,5,0,1,18,1228,1236,1249,0,0,0,0,0),('management',1250,1239,'admin/structure/ds/view_modes/revert','admin/structure/ds/view_modes/revert','Revert a view mode','a:2:{s:10:\"attributes\";a:1:{s:5:\"title\";s:19:\"Revert a view mode.\";}s:8:\"external\";i:0;}','system',-1,0,0,0,0,5,0,1,18,1228,1239,1250,0,0,0,0,0),('management',1309,195,'admin/structure/menu/manage/menu-howick-homes','admin/structure/menu/manage/%','Howick Homes','a:1:{s:8:\"external\";i:0;}','menu',0,0,0,0,0,4,0,1,18,195,1309,0,0,0,0,0,0),('menu-howick-homes',1327,0,'articles','articles','House for Sale','a:2:{s:10:\"attributes\";a:1:{s:5:\"title\";s:0:\"\";}s:8:\"external\";i:0;}','menu',0,0,1,0,-45,1,1,1327,0,0,0,0,0,0,0,0,0),('main-menu',1336,0,'node/291','node/%','Special Occasions','a:1:{s:8:\"external\";i:0;}','menu',0,0,0,0,3,1,0,1336,0,0,0,0,0,0,0,0,0),('management',1358,195,'admin/structure/menu/manage/menu-royal','admin/structure/menu/manage/%','Royal','a:1:{s:8:\"external\";i:0;}','menu',0,0,0,0,0,4,0,1,18,195,1358,0,0,0,0,0,0),('menu-howick-homes',1380,1327,'https://onedrive.live.com/?id=5FA81318C293DDD5%21159&cid=5FA81318C293DDD5&group=0&authkey=%21AJIMs6333EdYark','','Tour the New Home','a:2:{s:8:\"external\";i:1;s:10:\"attributes\";a:1:{s:5:\"title\";s:0:\"\";}}','menu',0,1,0,0,1,2,1,1327,1380,0,0,0,0,0,0,0,0),('management',1442,234,'admin/structure/taxonomy/%/display','admin/structure/taxonomy/%/display','Manage display','a:1:{s:8:\"external\";i:0;}','system',-1,0,0,0,2,5,0,1,18,231,234,1442,0,0,0,0,0),('management',1443,51,'admin/config/people/accounts/display','admin/config/people/accounts/display','Manage display','a:1:{s:8:\"external\";i:0;}','system',-1,0,0,0,2,5,0,1,7,34,51,1443,0,0,0,0,0),('management',1444,234,'admin/structure/taxonomy/%/fields','admin/structure/taxonomy/%/fields','Manage fields','a:1:{s:8:\"external\";i:0;}','system',-1,0,1,0,1,5,0,1,18,231,234,1444,0,0,0,0,0),('management',1445,51,'admin/config/people/accounts/fields','admin/config/people/accounts/fields','Manage fields','a:1:{s:8:\"external\";i:0;}','system',-1,0,1,0,1,5,0,1,7,34,51,1445,0,0,0,0,0),('management',1446,1442,'admin/structure/taxonomy/%/display/default','admin/structure/taxonomy/%/display/default','Default','a:1:{s:8:\"external\";i:0;}','system',-1,0,0,0,-10,6,0,1,18,231,234,1442,1446,0,0,0,0),('management',1447,1443,'admin/config/people/accounts/display/default','admin/config/people/accounts/display/default','Default','a:1:{s:8:\"external\";i:0;}','system',-1,0,0,0,-10,6,0,1,7,34,51,1443,1447,0,0,0,0),('management',1448,84,'admin/structure/types/manage/%/display','admin/structure/types/manage/%/display','Manage display','a:1:{s:8:\"external\";i:0;}','system',-1,0,0,0,2,5,0,1,18,25,84,1448,0,0,0,0,0),('management',1449,84,'admin/structure/types/manage/%/fields','admin/structure/types/manage/%/fields','Manage fields','a:1:{s:8:\"external\";i:0;}','system',-1,0,1,0,1,5,0,1,18,25,84,1449,0,0,0,0,0),('management',1450,1442,'admin/structure/taxonomy/%/display/full','admin/structure/taxonomy/%/display/full','Taxonomy term page','a:1:{s:8:\"external\";i:0;}','system',-1,0,0,0,0,6,0,1,18,231,234,1442,1450,0,0,0,0),('management',1451,1442,'admin/structure/taxonomy/%/display/token','admin/structure/taxonomy/%/display/token','Tokens','a:1:{s:8:\"external\";i:0;}','system',-1,0,0,0,1,6,0,1,18,231,234,1442,1451,0,0,0,0),('management',1452,1443,'admin/config/people/accounts/display/token','admin/config/people/accounts/display/token','Tokens','a:1:{s:8:\"external\";i:0;}','system',-1,0,0,0,1,6,0,1,7,34,51,1443,1452,0,0,0,0),('management',1453,1443,'admin/config/people/accounts/display/full','admin/config/people/accounts/display/full','User account','a:1:{s:8:\"external\";i:0;}','system',-1,0,0,0,0,6,0,1,7,34,51,1443,1453,0,0,0,0),('management',1454,1444,'admin/structure/taxonomy/%/fields/%','admin/structure/taxonomy/%/fields/%','','a:1:{s:8:\"external\";i:0;}','system',0,0,0,0,0,6,0,1,18,231,234,1444,1454,0,0,0,0),('management',1455,1445,'admin/config/people/accounts/fields/%','admin/config/people/accounts/fields/%','','a:1:{s:8:\"external\";i:0;}','system',0,0,0,0,0,6,0,1,7,34,51,1445,1455,0,0,0,0),('management',1456,1448,'admin/structure/types/manage/%/display/default','admin/structure/types/manage/%/display/default','Default','a:1:{s:8:\"external\";i:0;}','system',-1,0,0,0,-10,6,0,1,18,25,84,1448,1456,0,0,0,0),('management',1457,1448,'admin/structure/types/manage/%/display/full','admin/structure/types/manage/%/display/full','Full content','a:1:{s:8:\"external\";i:0;}','system',-1,0,0,0,0,6,0,1,18,25,84,1448,1457,0,0,0,0),('management',1458,1448,'admin/structure/types/manage/%/display/rss','admin/structure/types/manage/%/display/rss','RSS','a:1:{s:8:\"external\";i:0;}','system',-1,0,0,0,2,6,0,1,18,25,84,1448,1458,0,0,0,0),('management',1459,1448,'admin/structure/types/manage/%/display/search_result','admin/structure/types/manage/%/display/search_result','Search result highlighting input','a:1:{s:8:\"external\";i:0;}','system',-1,0,0,0,4,6,0,1,18,25,84,1448,1459,0,0,0,0),('management',1460,1448,'admin/structure/types/manage/%/display/teaser','admin/structure/types/manage/%/display/teaser','Teaser','a:1:{s:8:\"external\";i:0;}','system',-1,0,0,0,1,6,0,1,18,25,84,1448,1460,0,0,0,0),('management',1461,1448,'admin/structure/types/manage/%/display/revision','admin/structure/types/manage/%/display/revision','Revision','a:1:{s:8:\"external\";i:0;}','system',-1,0,0,0,6,6,0,1,18,25,84,1448,1461,0,0,0,0),('management',1462,1448,'admin/structure/types/manage/%/display/search_index','admin/structure/types/manage/%/display/search_index','Search index','a:1:{s:8:\"external\";i:0;}','system',-1,0,0,0,3,6,0,1,18,25,84,1448,1462,0,0,0,0),('management',1463,1448,'admin/structure/types/manage/%/display/token','admin/structure/types/manage/%/display/token','Tokens','a:1:{s:8:\"external\";i:0;}','system',-1,0,0,0,5,6,0,1,18,25,84,1448,1463,0,0,0,0),('management',1464,1449,'admin/structure/types/manage/%/fields/%','admin/structure/types/manage/%/fields/%','','a:1:{s:8:\"external\";i:0;}','system',0,0,0,0,0,6,0,1,18,25,84,1449,1464,0,0,0,0),('management',1465,1454,'admin/structure/taxonomy/%/fields/%/delete','admin/structure/taxonomy/%/fields/%/delete','Delete','a:1:{s:8:\"external\";i:0;}','system',-1,0,0,0,10,7,0,1,18,231,234,1444,1454,1465,0,0,0),('management',1466,1454,'admin/structure/taxonomy/%/fields/%/edit','admin/structure/taxonomy/%/fields/%/edit','Edit','a:1:{s:8:\"external\";i:0;}','system',-1,0,0,0,0,7,0,1,18,231,234,1444,1454,1466,0,0,0),('management',1467,1454,'admin/structure/taxonomy/%/fields/%/field-settings','admin/structure/taxonomy/%/fields/%/field-settings','Field settings','a:1:{s:8:\"external\";i:0;}','system',-1,0,0,0,0,7,0,1,18,231,234,1444,1454,1467,0,0,0),('management',1468,1454,'admin/structure/taxonomy/%/fields/%/widget-type','admin/structure/taxonomy/%/fields/%/widget-type','Widget type','a:1:{s:8:\"external\";i:0;}','system',-1,0,0,0,0,7,0,1,18,231,234,1444,1454,1468,0,0,0),('management',1469,1455,'admin/config/people/accounts/fields/%/delete','admin/config/people/accounts/fields/%/delete','Delete','a:1:{s:8:\"external\";i:0;}','system',-1,0,0,0,10,7,0,1,7,34,51,1445,1455,1469,0,0,0),('management',1470,1455,'admin/config/people/accounts/fields/%/edit','admin/config/people/accounts/fields/%/edit','Edit','a:1:{s:8:\"external\";i:0;}','system',-1,0,0,0,0,7,0,1,7,34,51,1445,1455,1470,0,0,0),('management',1471,1455,'admin/config/people/accounts/fields/%/field-settings','admin/config/people/accounts/fields/%/field-settings','Field settings','a:1:{s:8:\"external\";i:0;}','system',-1,0,0,0,0,7,0,1,7,34,51,1445,1455,1471,0,0,0),('management',1472,1455,'admin/config/people/accounts/fields/%/widget-type','admin/config/people/accounts/fields/%/widget-type','Widget type','a:1:{s:8:\"external\";i:0;}','system',-1,0,0,0,0,7,0,1,7,34,51,1445,1455,1472,0,0,0),('management',1473,1464,'admin/structure/types/manage/%/fields/%/delete','admin/structure/types/manage/%/fields/%/delete','Delete','a:1:{s:8:\"external\";i:0;}','system',-1,0,0,0,10,7,0,1,18,25,84,1449,1464,1473,0,0,0),('management',1474,1464,'admin/structure/types/manage/%/fields/%/edit','admin/structure/types/manage/%/fields/%/edit','Edit','a:1:{s:8:\"external\";i:0;}','system',-1,0,0,0,0,7,0,1,18,25,84,1449,1464,1474,0,0,0),('management',1475,1464,'admin/structure/types/manage/%/fields/%/field-settings','admin/structure/types/manage/%/fields/%/field-settings','Field settings','a:1:{s:8:\"external\";i:0;}','system',-1,0,0,0,0,7,0,1,18,25,84,1449,1464,1475,0,0,0),('management',1476,1464,'admin/structure/types/manage/%/fields/%/widget-type','admin/structure/types/manage/%/fields/%/widget-type','Widget type','a:1:{s:8:\"external\";i:0;}','system',-1,0,0,0,0,7,0,1,18,25,84,1449,1464,1476,0,0,0),('navigation',1479,3,'filter/tips/%','filter/tips/%','Compose tips','a:1:{s:8:\"external\";i:0;}','system',0,0,0,0,0,2,0,3,1479,0,0,0,0,0,0,0,0);

--
-- Table structure for table `menu_router`
--

CREATE TABLE `menu_router` (
  `path` varchar(255) NOT NULL DEFAULT '' COMMENT 'Primary Key: the Drupal path this entry describes',
  `load_functions` blob NOT NULL COMMENT 'A serialized array of function names (like node_load) to be called to load an object corresponding to a part of the current path.',
  `to_arg_functions` blob NOT NULL COMMENT 'A serialized array of function names (like user_uid_optional_to_arg) to be called to replace a part of the router path with another string.',
  `access_callback` varchar(255) NOT NULL DEFAULT '' COMMENT 'The callback which determines the access to this router path. Defaults to user_access.',
  `access_arguments` blob COMMENT 'A serialized array of arguments for the access callback.',
  `page_callback` varchar(255) NOT NULL DEFAULT '' COMMENT 'The name of the function that renders the page.',
  `page_arguments` blob COMMENT 'A serialized array of arguments for the page callback.',
  `delivery_callback` varchar(255) NOT NULL DEFAULT '' COMMENT 'The name of the function that sends the result of the page_callback function to the browser.',
  `fit` int(11) NOT NULL DEFAULT '0' COMMENT 'A numeric representation of how specific the path is.',
  `number_parts` smallint(6) NOT NULL DEFAULT '0' COMMENT 'Number of parts in this router path.',
  `context` int(11) NOT NULL DEFAULT '0' COMMENT 'Only for local tasks (tabs) - the context of a local task to control its placement.',
  `tab_parent` varchar(255) NOT NULL DEFAULT '' COMMENT 'Only for local tasks (tabs) - the router path of the parent page (which may also be a local task).',
  `tab_root` varchar(255) NOT NULL DEFAULT '' COMMENT 'Router path of the closest non-tab parent page. For pages that are not local tasks, this will be the same as the path.',
  `title` varchar(255) NOT NULL DEFAULT '' COMMENT 'The title for the current page, or the title for the tab if this is a local task.',
  `title_callback` varchar(255) NOT NULL DEFAULT '' COMMENT 'A function which will alter the title. Defaults to t()',
  `title_arguments` varchar(255) NOT NULL DEFAULT '' COMMENT 'A serialized array of arguments for the title callback. If empty, the title will be used as the sole argument for the title callback.',
  `theme_callback` varchar(255) NOT NULL DEFAULT '' COMMENT 'A function which returns the name of the theme that will be used to render this page. If left empty, the default theme will be used.',
  `theme_arguments` varchar(255) NOT NULL DEFAULT '' COMMENT 'A serialized array of arguments for the theme callback.',
  `type` int(11) NOT NULL DEFAULT '0' COMMENT 'Numeric representation of the type of the menu item, like MENU_LOCAL_TASK.',
  `description` text NOT NULL COMMENT 'A description of this item.',
  `position` varchar(255) NOT NULL DEFAULT '' COMMENT 'The position of the block (left or right) on the system administration page for this item.',
  `weight` int(11) NOT NULL DEFAULT '0' COMMENT 'Weight of the element. Lighter weights are higher up, heavier weights go down.',
  `include_file` mediumtext COMMENT 'The file to include for this element, usually the page callback function lives in this file.',
  PRIMARY KEY (`path`),
  KEY `fit` (`fit`),
  KEY `tab_parent` (`tab_parent`(64),`weight`,`title`),
  KEY `tab_root_weight_title` (`tab_root`(64),`weight`,`title`)
) ENGINE=InnoDB DEFAULT CHARSET=utf8 COMMENT='Maps paths to various callbacks (access, page and title)';

--
-- Dumping data for table `menu_router`
--

INSERT INTO `menu_router` VALUES ('<void1>','','','1','a:0:{}','_void_menu_menu','a:0:{}','',1,1,0,'','<void1>','','t','','','a:0:{}',0,'','',0,''),('<void2>','','','1','a:0:{}','_void_menu_menu','a:0:{}','',1,1,0,'','<void2>','','t','','','a:0:{}',0,'','',0,''),('<void3>','','','1','a:0:{}','_void_menu_menu','a:0:{}','',1,1,0,'','<void3>','','t','','','a:0:{}',0,'','',0,''),('<void4>','','','1','a:0:{}','_void_menu_menu','a:0:{}','',1,1,0,'','<void4>','','t','','','a:0:{}',0,'','',0,''),('<void5>','','','1','a:0:{}','_void_menu_menu','a:0:{}','',1,1,0,'','<void5>','','t','','','a:0:{}',0,'','',0,''),('<void6>','','','1','a:0:{}','_void_menu_menu','a:0:{}','',1,1,0,'','<void6>','','t','','','a:0:{}',0,'','',0,''),('<void7>','','','1','a:0:{}','_void_menu_menu','a:0:{}','',1,1,0,'','<void7>','','t','','','a:0:{}',0,'','',0,''),('<void8>','','','1','a:0:{}','_void_menu_menu','a:0:{}','',1,1,0,'','<void8>','','t','','','a:0:{}',0,'','',0,''),('<void9>','','','1','a:0:{}','_void_menu_menu','a:0:{}','',1,1,0,'','<void9>','','t','','','a:0:{}',0,'','',0,''),('<void>','','','1','a:0:{}','_void_menu_menu','a:0:{}','',1,1,0,'','<void>','','t','','','a:0:{}',0,'','',0,''),('admin','','','user_access','a:1:{i:0;s:27:\"access administration pages\";}','system_admin_menu_block_page','a:0:{}','',1,1,0,'','admin','Administration','t','','','a:0:{}',6,'','',9,'modules/system/system.admin.inc'),('admin/appearance','','','user_access','a:1:{i:0;s:17:\"administer themes\";}','system_themes_page','a:0:{}','',3,2,0,'','admin/appearance','Appearance','t','','','a:0:{}',6,'Select and configure your themes.','left',-6,'modules/system/system.admin.inc'),('admin/appearance/default','','','user_access','a:1:{i:0;s:17:\"administer themes\";}','system_theme_default','a:0:{}','',7,3,0,'','admin/appearance/default','Set default theme','t','','','a:0:{}',0,'','',0,'modules/system/system.admin.inc'),('admin/appearance/disable','','','user_access','a:1:{i:0;s:17:\"administer themes\";}','system_theme_disable','a:0:{}','',7,3,0,'','admin/appearance/disable','Disable theme','t','','','a:0:{}',0,'','',0,'modules/system/system.admin.inc'),('admin/appearance/enable','','','user_access','a:1:{i:0;s:17:\"administer themes\";}','system_theme_enable','a:0:{}','',7,3,0,'','admin/appearance/enable','Enable theme','t','','','a:0:{}',0,'','',0,'modules/system/system.admin.inc'),('admin/appearance/install','','','update_manager_access','a:0:{}','drupal_get_form','a:2:{i:0;s:27:\"update_manager_install_form\";i:1;s:5:\"theme\";}','',7,3,1,'admin/appearance','admin/appearance','Install new theme','t','','','a:0:{}',388,'','',25,'modules/update/update.manager.inc'),('admin/appearance/list','','','user_access','a:1:{i:0;s:17:\"administer themes\";}','system_themes_page','a:0:{}','',7,3,1,'admin/appearance','admin/appearance','List','t','','','a:0:{}',140,'Select and configure your theme','',-1,'modules/system/system.admin.inc'),('admin/appearance/settings','','','user_access','a:1:{i:0;s:17:\"administer themes\";}','drupal_get_form','a:1:{i:0;s:21:\"system_theme_settings\";}','',7,3,1,'admin/appearance','admin/appearance','Settings','t','','','a:0:{}',132,'Configure default and theme specific settings.','',20,'modules/system/system.admin.inc'),('admin/appearance/settings/bartik','','','_system_themes_access','a:1:{i:0;O:8:\"stdClass\":12:{s:8:\"filename\";s:25:\"themes/bartik/bartik.info\";s:4:\"name\";s:6:\"bartik\";s:4:\"type\";s:5:\"theme\";s:5:\"owner\";s:45:\"themes/engines/phptemplate/phptemplate.engine\";s:6:\"status\";s:1:\"1\";s:9:\"bootstrap\";s:1:\"0\";s:14:\"schema_version\";s:2:\"-1\";s:6:\"weight\";s:1:\"0\";s:4:\"info\";a:18:{s:4:\"name\";s:6:\"Bartik\";s:11:\"description\";s:48:\"A flexible, recolorable theme with many regions.\";s:7:\"package\";s:4:\"Core\";s:7:\"version\";s:4:\"7.43\";s:4:\"core\";s:3:\"7.x\";s:11:\"stylesheets\";a:2:{s:3:\"all\";a:3:{s:14:\"css/layout.css\";s:28:\"themes/bartik/css/layout.css\";s:13:\"css/style.css\";s:27:\"themes/bartik/css/style.css\";s:14:\"css/colors.css\";s:28:\"themes/bartik/css/colors.css\";}s:5:\"print\";a:1:{s:13:\"css/print.css\";s:27:\"themes/bartik/css/print.css\";}}s:7:\"regions\";a:17:{s:6:\"header\";s:6:\"Header\";s:4:\"help\";s:4:\"Help\";s:8:\"page_top\";s:8:\"Page top\";s:11:\"page_bottom\";s:11:\"Page bottom\";s:11:\"highlighted\";s:11:\"Highlighted\";s:8:\"featured\";s:8:\"Featured\";s:7:\"content\";s:7:\"Content\";s:13:\"sidebar_first\";s:13:\"Sidebar first\";s:14:\"sidebar_second\";s:14:\"Sidebar second\";s:14:\"triptych_first\";s:14:\"Triptych first\";s:15:\"triptych_middle\";s:15:\"Triptych middle\";s:13:\"triptych_last\";s:13:\"Triptych last\";s:18:\"footer_firstcolumn\";s:19:\"Footer first column\";s:19:\"footer_secondcolumn\";s:20:\"Footer second column\";s:18:\"footer_thirdcolumn\";s:19:\"Footer third column\";s:19:\"footer_fourthcolumn\";s:20:\"Footer fourth column\";s:6:\"footer\";s:6:\"Footer\";}s:8:\"settings\";a:1:{s:20:\"shortcut_module_link\";s:1:\"0\";}s:7:\"project\";s:6:\"drupal\";s:9:\"datestamp\";s:10:\"1456343506\";s:6:\"engine\";s:11:\"phptemplate\";s:8:\"features\";a:9:{i:0;s:4:\"logo\";i:1;s:7:\"favicon\";i:2;s:4:\"name\";i:3;s:6:\"slogan\";i:4;s:17:\"node_user_picture\";i:5;s:20:\"comment_user_picture\";i:6;s:25:\"comment_user_verification\";i:7;s:9:\"main_menu\";i:8;s:14:\"secondary_menu\";}s:10:\"screenshot\";s:28:\"themes/bartik/screenshot.png\";s:3:\"php\";s:5:\"5.2.4\";s:7:\"scripts\";a:0:{}s:5:\"mtime\";i:1456329106;s:14:\"regions_hidden\";a:2:{i:0;s:8:\"page_top\";i:1;s:11:\"page_bottom\";}s:28:\"overlay_supplemental_regions\";a:1:{i:0;s:8:\"page_top\";}}s:6:\"prefix\";s:11:\"phptemplate\";s:11:\"stylesheets\";a:2:{s:3:\"all\";a:3:{s:14:\"css/layout.css\";s:28:\"themes/bartik/css/layout.css\";s:13:\"css/style.css\";s:27:\"themes/bartik/css/style.css\";s:14:\"css/colors.css\";s:28:\"themes/bartik/css/colors.css\";}s:5:\"print\";a:1:{s:13:\"css/print.css\";s:27:\"themes/bartik/css/print.css\";}}s:6:\"engine\";s:11:\"phptemplate\";}}','drupal_get_form','a:2:{i:0;s:21:\"system_theme_settings\";i:1;s:6:\"bartik\";}','',15,4,1,'admin/appearance/settings','admin/appearance','Bartik','t','','','a:0:{}',132,'','',0,'modules/system/system.admin.inc'),('admin/appearance/settings/garland','','','_system_themes_access','a:1:{i:0;O:8:\"stdClass\":12:{s:8:\"filename\";s:27:\"themes/garland/garland.info\";s:4:\"name\";s:7:\"garland\";s:4:\"type\";s:5:\"theme\";s:5:\"owner\";s:45:\"themes/engines/phptemplate/phptemplate.engine\";s:6:\"status\";s:1:\"1\";s:9:\"bootstrap\";s:1:\"0\";s:14:\"schema_version\";s:2:\"-1\";s:6:\"weight\";s:1:\"0\";s:4:\"info\";a:18:{s:4:\"name\";s:7:\"Garland\";s:11:\"description\";s:111:\"A multi-column theme which can be configured to modify colors and switch between fixed and fluid width layouts.\";s:7:\"package\";s:4:\"Core\";s:7:\"version\";s:4:\"7.43\";s:4:\"core\";s:3:\"7.x\";s:11:\"stylesheets\";a:2:{s:3:\"all\";a:1:{s:9:\"style.css\";s:24:\"themes/garland/style.css\";}s:5:\"print\";a:1:{s:9:\"print.css\";s:24:\"themes/garland/print.css\";}}s:8:\"settings\";a:1:{s:13:\"garland_width\";s:5:\"fluid\";}s:7:\"project\";s:6:\"drupal\";s:9:\"datestamp\";s:10:\"1456343506\";s:6:\"engine\";s:11:\"phptemplate\";s:7:\"regions\";a:9:{s:13:\"sidebar_first\";s:12:\"Left sidebar\";s:14:\"sidebar_second\";s:13:\"Right sidebar\";s:7:\"content\";s:7:\"Content\";s:6:\"header\";s:6:\"Header\";s:6:\"footer\";s:6:\"Footer\";s:11:\"highlighted\";s:11:\"Highlighted\";s:4:\"help\";s:4:\"Help\";s:8:\"page_top\";s:8:\"Page top\";s:11:\"page_bottom\";s:11:\"Page bottom\";}s:8:\"features\";a:9:{i:0;s:4:\"logo\";i:1;s:7:\"favicon\";i:2;s:4:\"name\";i:3;s:6:\"slogan\";i:4;s:17:\"node_user_picture\";i:5;s:20:\"comment_user_picture\";i:6;s:25:\"comment_user_verification\";i:7;s:9:\"main_menu\";i:8;s:14:\"secondary_menu\";}s:10:\"screenshot\";s:29:\"themes/garland/screenshot.png\";s:3:\"php\";s:5:\"5.2.4\";s:7:\"scripts\";a:0:{}s:5:\"mtime\";i:1456329106;s:14:\"regions_hidden\";a:2:{i:0;s:8:\"page_top\";i:1;s:11:\"page_bottom\";}s:28:\"overlay_supplemental_regions\";a:1:{i:0;s:8:\"page_top\";}}s:6:\"prefix\";s:11:\"phptemplate\";s:11:\"stylesheets\";a:2:{s:3:\"all\";a:1:{s:9:\"style.css\";s:24:\"themes/garland/style.css\";}s:5:\"print\";a:1:{s:9:\"print.css\";s:24:\"themes/garland/print.css\";}}s:6:\"engine\";s:11:\"phptemplate\";}}','drupal_get_form','a:2:{i:0;s:21:\"system_theme_settings\";i:1;s:7:\"garland\";}','',15,4,1,'admin/appearance/settings','admin/appearance','Garland','t','','','a:0:{}',132,'','',0,'modules/system/system.admin.inc'),('admin/appearance/settings/global','','','user_access','a:1:{i:0;s:17:\"administer themes\";}','drupal_get_form','a:1:{i:0;s:21:\"system_theme_settings\";}','',15,4,1,'admin/appearance/settings','admin/appearance','Global settings','t','','','a:0:{}',140,'','',-1,'modules/system/system.admin.inc'),('admin/appearance/settings/handy','','','_system_themes_access','a:1:{i:0;O:8:\"stdClass\":14:{s:8:\"filename\";s:33:\"sites/all/themes/Handy/handy.info\";s:4:\"name\";s:5:\"handy\";s:4:\"type\";s:5:\"theme\";s:5:\"owner\";s:45:\"themes/engines/phptemplate/phptemplate.engine\";s:6:\"status\";s:1:\"1\";s:9:\"bootstrap\";s:1:\"0\";s:14:\"schema_version\";s:2:\"-1\";s:6:\"weight\";s:1:\"0\";s:4:\"info\";a:14:{s:4:\"name\";s:5:\"Handy\";s:11:\"description\";s:32:\"Handy is a base theme for drupal\";s:7:\"version\";s:3:\"2.0\";s:4:\"core\";s:3:\"7.x\";s:10:\"screenshot\";s:37:\"sites/all/themes/Handy/screenshot.jpg\";s:11:\"stylesheets\";a:1:{s:3:\"all\";a:10:{s:13:\"css/reset.css\";s:36:\"sites/all/themes/Handy/css/reset.css\";s:11:\"css/col.css\";s:34:\"sites/all/themes/Handy/css/col.css\";s:15:\"css/default.css\";s:38:\"sites/all/themes/Handy/css/default.css\";s:11:\"css/480.css\";s:34:\"sites/all/themes/Handy/css/480.css\";s:11:\"css/768.css\";s:34:\"sites/all/themes/Handy/css/768.css\";s:12:\"css/1024.css\";s:35:\"sites/all/themes/Handy/css/1024.css\";s:12:\"css/menu.css\";s:35:\"sites/all/themes/Handy/css/menu.css\";s:15:\"css/gallery.css\";s:38:\"sites/all/themes/Handy/css/gallery.css\";s:16:\"css/calender.css\";s:39:\"sites/all/themes/Handy/css/calender.css\";s:14:\"css/slider.css\";s:37:\"sites/all/themes/Handy/css/slider.css\";}}s:7:\"scripts\";a:2:{s:30:\"js/jquery-migrate-1.2.1.min.js\";s:53:\"sites/all/themes/Handy/js/jquery-migrate-1.2.1.min.js\";s:10:\"js/menu.js\";s:33:\"sites/all/themes/Handy/js/menu.js\";}s:8:\"features\";a:6:{i:0;s:4:\"logo\";i:1;s:4:\"name\";i:2;s:6:\"slogan\";i:3;s:9:\"main_menu\";i:4;s:14:\"secondary_menu\";i:5;s:7:\"favicon\";}s:7:\"regions\";a:13:{s:8:\"page_top\";s:8:\"Page top\";s:6:\"header\";s:6:\"Header\";s:4:\"menu\";s:4:\"menu\";s:9:\"highlight\";s:9:\"Highlight\";s:4:\"help\";s:4:\"Help\";s:7:\"content\";s:7:\"Content\";s:13:\"sidebar_first\";s:13:\"First sidebar\";s:14:\"sidebar_second\";s:14:\"Second sidebar\";s:11:\"footer_left\";s:11:\"Footer left\";s:13:\"footer_center\";s:13:\"Footer center\";s:12:\"footer_right\";s:12:\"Footer right\";s:6:\"footer\";s:13:\"Footer bottom\";s:11:\"page_bottom\";s:11:\"Page bottom\";}s:6:\"engine\";s:11:\"phptemplate\";s:3:\"php\";s:5:\"5.2.4\";s:5:\"mtime\";i:1461780142;s:14:\"regions_hidden\";a:2:{i:0;s:8:\"page_top\";i:1;s:11:\"page_bottom\";}s:28:\"overlay_supplemental_regions\";a:1:{i:0;s:8:\"page_top\";}}s:6:\"prefix\";s:11:\"phptemplate\";s:10:\"sub_themes\";a:1:{s:4:\"kmcs\";s:4:\"kmcs\";}s:11:\"stylesheets\";a:1:{s:3:\"all\";a:10:{s:13:\"css/reset.css\";s:36:\"sites/all/themes/Handy/css/reset.css\";s:11:\"css/col.css\";s:34:\"sites/all/themes/Handy/css/col.css\";s:15:\"css/default.css\";s:38:\"sites/all/themes/Handy/css/default.css\";s:11:\"css/480.css\";s:34:\"sites/all/themes/Handy/css/480.css\";s:11:\"css/768.css\";s:34:\"sites/all/themes/Handy/css/768.css\";s:12:\"css/1024.css\";s:35:\"sites/all/themes/Handy/css/1024.css\";s:12:\"css/menu.css\";s:35:\"sites/all/themes/Handy/css/menu.css\";s:15:\"css/gallery.css\";s:38:\"sites/all/themes/Handy/css/gallery.css\";s:16:\"css/calender.css\";s:39:\"sites/all/themes/Handy/css/calender.css\";s:14:\"css/slider.css\";s:37:\"sites/all/themes/Handy/css/slider.css\";}}s:7:\"scripts\";a:2:{s:30:\"js/jquery-migrate-1.2.1.min.js\";s:53:\"sites/all/themes/Handy/js/jquery-migrate-1.2.1.min.js\";s:10:\"js/menu.js\";s:33:\"sites/all/themes/Handy/js/menu.js\";}s:6:\"engine\";s:11:\"phptemplate\";}}','drupal_get_form','a:2:{i:0;s:21:\"system_theme_settings\";i:1;s:5:\"handy\";}','',15,4,1,'admin/appearance/settings','admin/appearance','Handy','t','','','a:0:{}',132,'','',0,'modules/system/system.admin.inc'),('admin/appearance/settings/kmcs','','','_system_themes_access','a:1:{i:0;O:8:\"stdClass\":14:{s:8:\"filename\";s:31:\"sites/all/themes/kmcs/kmcs.info\";s:4:\"name\";s:4:\"kmcs\";s:4:\"type\";s:5:\"theme\";s:5:\"owner\";s:45:\"themes/engines/phptemplate/phptemplate.engine\";s:6:\"status\";s:1:\"1\";s:9:\"bootstrap\";s:1:\"0\";s:14:\"schema_version\";s:2:\"-1\";s:6:\"weight\";s:1:\"0\";s:4:\"info\";a:15:{s:4:\"name\";s:4:\"kmcs\";s:11:\"description\";s:17:\"Keepsake Memories\";s:7:\"version\";s:1:\"1\";s:4:\"core\";s:3:\"7.x\";s:10:\"screenshot\";s:36:\"sites/all/themes/kmcs/screenshot.jpg\";s:10:\"base theme\";s:5:\"handy\";s:11:\"stylesheets\";a:1:{s:3:\"all\";a:1:{s:14:\"css/global.css\";s:36:\"sites/all/themes/kmcs/css/global.css\";}}s:8:\"features\";a:5:{i:0;s:4:\"logo\";i:1;s:4:\"name\";i:2;s:6:\"slogan\";i:3;s:9:\"main_menu\";i:4;s:14:\"secondary_menu\";}s:7:\"regions\";a:12:{s:8:\"page_top\";s:8:\"Page top\";s:6:\"header\";s:6:\"Header\";s:9:\"highlight\";s:9:\"Highlight\";s:4:\"help\";s:4:\"Help\";s:7:\"content\";s:7:\"Content\";s:13:\"sidebar_first\";s:13:\"First sidebar\";s:14:\"sidebar_second\";s:14:\"Second sidebar\";s:11:\"footer_left\";s:11:\"Footer Left\";s:13:\"footer_center\";s:13:\"Footer Center\";s:12:\"footer_right\";s:12:\"Footer Right\";s:6:\"footer\";s:6:\"Footer\";s:11:\"page_bottom\";s:11:\"Page bottom\";}s:6:\"engine\";s:11:\"phptemplate\";s:3:\"php\";s:5:\"5.2.4\";s:7:\"scripts\";a:0:{}s:5:\"mtime\";i:1461780142;s:14:\"regions_hidden\";a:2:{i:0;s:8:\"page_top\";i:1;s:11:\"page_bottom\";}s:28:\"overlay_supplemental_regions\";a:1:{i:0;s:8:\"page_top\";}}s:11:\"base_themes\";a:1:{s:5:\"handy\";s:5:\"Handy\";}s:6:\"prefix\";s:11:\"phptemplate\";s:11:\"stylesheets\";a:1:{s:3:\"all\";a:1:{s:14:\"css/global.css\";s:36:\"sites/all/themes/kmcs/css/global.css\";}}s:6:\"engine\";s:11:\"phptemplate\";s:10:\"base_theme\";s:5:\"handy\";}}','drupal_get_form','a:2:{i:0;s:21:\"system_theme_settings\";i:1;s:4:\"kmcs\";}','',15,4,1,'admin/appearance/settings','admin/appearance','kmcs','t','','','a:0:{}',132,'','',0,'modules/system/system.admin.inc'),('admin/appearance/settings/seven','','','_system_themes_access','a:1:{i:0;O:8:\"stdClass\":12:{s:8:\"filename\";s:23:\"themes/seven/seven.info\";s:4:\"name\";s:5:\"seven\";s:4:\"type\";s:5:\"theme\";s:5:\"owner\";s:45:\"themes/engines/phptemplate/phptemplate.engine\";s:6:\"status\";s:1:\"1\";s:9:\"bootstrap\";s:1:\"0\";s:14:\"schema_version\";s:2:\"-1\";s:6:\"weight\";s:1:\"0\";s:4:\"info\";a:18:{s:4:\"name\";s:5:\"Seven\";s:11:\"description\";s:65:\"A simple one-column, tableless, fluid width administration theme.\";s:7:\"package\";s:4:\"Core\";s:7:\"version\";s:4:\"7.43\";s:4:\"core\";s:3:\"7.x\";s:11:\"stylesheets\";a:1:{s:6:\"screen\";a:2:{s:9:\"reset.css\";s:22:\"themes/seven/reset.css\";s:9:\"style.css\";s:22:\"themes/seven/style.css\";}}s:8:\"settings\";a:1:{s:20:\"shortcut_module_link\";s:1:\"1\";}s:7:\"regions\";a:5:{s:7:\"content\";s:7:\"Content\";s:4:\"help\";s:4:\"Help\";s:8:\"page_top\";s:8:\"Page top\";s:11:\"page_bottom\";s:11:\"Page bottom\";s:13:\"sidebar_first\";s:13:\"First sidebar\";}s:14:\"regions_hidden\";a:3:{i:0;s:13:\"sidebar_first\";i:1;s:8:\"page_top\";i:2;s:11:\"page_bottom\";}s:7:\"project\";s:6:\"drupal\";s:9:\"datestamp\";s:10:\"1456343506\";s:6:\"engine\";s:11:\"phptemplate\";s:8:\"features\";a:9:{i:0;s:4:\"logo\";i:1;s:7:\"favicon\";i:2;s:4:\"name\";i:3;s:6:\"slogan\";i:4;s:17:\"node_user_picture\";i:5;s:20:\"comment_user_picture\";i:6;s:25:\"comment_user_verification\";i:7;s:9:\"main_menu\";i:8;s:14:\"secondary_menu\";}s:10:\"screenshot\";s:27:\"themes/seven/screenshot.png\";s:3:\"php\";s:5:\"5.2.4\";s:7:\"scripts\";a:0:{}s:5:\"mtime\";i:1456329106;s:28:\"overlay_supplemental_regions\";a:1:{i:0;s:8:\"page_top\";}}s:6:\"prefix\";s:11:\"phptemplate\";s:11:\"stylesheets\";a:1:{s:6:\"screen\";a:2:{s:9:\"reset.css\";s:22:\"themes/seven/reset.css\";s:9:\"style.css\";s:22:\"themes/seven/style.css\";}}s:6:\"engine\";s:11:\"phptemplate\";}}','drupal_get_form','a:2:{i:0;s:21:\"system_theme_settings\";i:1;s:5:\"seven\";}','',15,4,1,'admin/appearance/settings','admin/appearance','Seven','t','','','a:0:{}',132,'','',0,'modules/system/system.admin.inc'),('admin/appearance/settings/stark','','','_system_themes_access','a:1:{i:0;O:8:\"stdClass\":12:{s:8:\"filename\";s:23:\"themes/stark/stark.info\";s:4:\"name\";s:5:\"stark\";s:4:\"type\";s:5:\"theme\";s:5:\"owner\";s:45:\"themes/engines/phptemplate/phptemplate.engine\";s:6:\"status\";s:1:\"0\";s:9:\"bootstrap\";s:1:\"0\";s:14:\"schema_version\";s:2:\"-1\";s:6:\"weight\";s:1:\"0\";s:4:\"info\";a:17:{s:4:\"name\";s:5:\"Stark\";s:11:\"description\";s:208:\"This theme demonstrates Drupal\'s default HTML markup and CSS styles. To learn how to build your own theme and override Drupal\'s default code, see the <a href=\"http://drupal.org/theme-guide\">Theming Guide</a>.\";s:7:\"package\";s:4:\"Core\";s:7:\"version\";s:4:\"7.43\";s:4:\"core\";s:3:\"7.x\";s:11:\"stylesheets\";a:1:{s:3:\"all\";a:1:{s:10:\"layout.css\";s:23:\"themes/stark/layout.css\";}}s:7:\"project\";s:6:\"drupal\";s:9:\"datestamp\";s:10:\"1456343506\";s:6:\"engine\";s:11:\"phptemplate\";s:7:\"regions\";a:9:{s:13:\"sidebar_first\";s:12:\"Left sidebar\";s:14:\"sidebar_second\";s:13:\"Right sidebar\";s:7:\"content\";s:7:\"Content\";s:6:\"header\";s:6:\"Header\";s:6:\"footer\";s:6:\"Footer\";s:11:\"highlighted\";s:11:\"Highlighted\";s:4:\"help\";s:4:\"Help\";s:8:\"page_top\";s:8:\"Page top\";s:11:\"page_bottom\";s:11:\"Page bottom\";}s:8:\"features\";a:9:{i:0;s:4:\"logo\";i:1;s:7:\"favicon\";i:2;s:4:\"name\";i:3;s:6:\"slogan\";i:4;s:17:\"node_user_picture\";i:5;s:20:\"comment_user_picture\";i:6;s:25:\"comment_user_verification\";i:7;s:9:\"main_menu\";i:8;s:14:\"secondary_menu\";}s:10:\"screenshot\";s:27:\"themes/stark/screenshot.png\";s:3:\"php\";s:5:\"5.2.4\";s:7:\"scripts\";a:0:{}s:5:\"mtime\";i:1456329106;s:14:\"regions_hidden\";a:2:{i:0;s:8:\"page_top\";i:1;s:11:\"page_bottom\";}s:28:\"overlay_supplemental_regions\";a:1:{i:0;s:8:\"page_top\";}}s:6:\"prefix\";s:11:\"phptemplate\";s:11:\"stylesheets\";a:1:{s:3:\"all\";a:1:{s:10:\"layout.css\";s:23:\"themes/stark/layout.css\";}}s:6:\"engine\";s:11:\"phptemplate\";}}','drupal_get_form','a:2:{i:0;s:21:\"system_theme_settings\";i:1;s:5:\"stark\";}','',15,4,1,'admin/appearance/settings','admin/appearance','Stark','t','','','a:0:{}',132,'','',0,'modules/system/system.admin.inc'),('admin/appearance/update','','','update_manager_access','a:0:{}','drupal_get_form','a:2:{i:0;s:26:\"update_manager_update_form\";i:1;s:5:\"theme\";}','',7,3,1,'admin/appearance','admin/appearance','Update','t','','','a:0:{}',132,'','',10,'modules/update/update.manager.inc'),('admin/compact','','','user_access','a:1:{i:0;s:27:\"access administration pages\";}','system_admin_compact_page','a:0:{}','',3,2,0,'','admin/compact','Compact mode','t','','','a:0:{}',0,'','',0,'modules/system/system.admin.inc'),('admin/config','','','user_access','a:1:{i:0;s:27:\"access administration pages\";}','system_admin_config_page','a:0:{}','',3,2,0,'','admin/config','Configuration','t','','','a:0:{}',6,'Administer settings.','',0,'modules/system/system.admin.inc'),('admin/config/content','','','user_access','a:1:{i:0;s:27:\"access administration pages\";}','system_admin_menu_block_page','a:0:{}','',7,3,0,'','admin/config/content','Content authoring','t','','','a:0:{}',6,'Settings related to formatting and authoring content.','left',-15,'modules/system/system.admin.inc'),('admin/config/content/formats','','','user_access','a:1:{i:0;s:18:\"administer filters\";}','drupal_get_form','a:1:{i:0;s:21:\"filter_admin_overview\";}','',15,4,0,'','admin/config/content/formats','Text formats','t','','','a:0:{}',6,'Configure how content input by users is filtered, including allowed HTML tags. Also allows enabling of module-provided filters.','',0,'modules/filter/filter.admin.inc'),('admin/config/content/formats/%','a:1:{i:4;s:18:\"filter_format_load\";}','','user_access','a:1:{i:0;s:18:\"administer filters\";}','filter_admin_format_page','a:1:{i:0;i:4;}','',30,5,0,'','admin/config/content/formats/%','','filter_admin_format_title','a:1:{i:0;i:4;}','','a:0:{}',6,'','',0,'modules/filter/filter.admin.inc'),('admin/config/content/formats/%/disable','a:1:{i:4;s:18:\"filter_format_load\";}','','_filter_disable_format_access','a:1:{i:0;i:4;}','drupal_get_form','a:2:{i:0;s:20:\"filter_admin_disable\";i:1;i:4;}','',61,6,0,'','admin/config/content/formats/%/disable','Disable text format','t','','','a:0:{}',6,'','',0,'modules/filter/filter.admin.inc'),('admin/config/content/formats/add','','','user_access','a:1:{i:0;s:18:\"administer filters\";}','filter_admin_format_page','a:0:{}','',31,5,1,'admin/config/content/formats','admin/config/content/formats','Add text format','t','','','a:0:{}',388,'','',1,'modules/filter/filter.admin.inc'),('admin/config/content/formats/list','','','user_access','a:1:{i:0;s:18:\"administer filters\";}','drupal_get_form','a:1:{i:0;s:21:\"filter_admin_overview\";}','',31,5,1,'admin/config/content/formats','admin/config/content/formats','List','t','','','a:0:{}',140,'','',0,'modules/filter/filter.admin.inc'),('admin/config/content/location','','','user_access','a:1:{i:0;s:29:\"administer site configuration\";}','drupal_get_form','a:1:{i:0;s:23:\"location_admin_settings\";}','',15,4,0,'','admin/config/content/location','Location','t','','','a:0:{}',6,'Settings for Location module','',0,'sites/all/modules/location/location.admin.inc'),('admin/config/content/location/geocoding','','','user_access','a:1:{i:0;s:29:\"administer site configuration\";}','drupal_get_form','a:1:{i:0;s:31:\"location_geocoding_options_form\";}','',31,5,1,'admin/config/content/location','admin/config/content/location','Geocoding options','t','','','a:0:{}',132,'','',2,'sites/all/modules/location/location.admin.inc'),('admin/config/content/location/geocoding/%/%','a:2:{i:5;N;i:6;N;}','','user_access','a:1:{i:0;s:29:\"administer site configuration\";}','location_geocoding_parameters_page','a:2:{i:0;i:5;i:1;i:6;}','',124,7,0,'','admin/config/content/location/geocoding/%/%','','t','','','a:0:{}',0,'','',0,''),('admin/config/content/location/main','','','user_access','a:1:{i:0;s:29:\"administer site configuration\";}','drupal_get_form','a:1:{i:0;s:23:\"location_admin_settings\";}','',31,5,1,'admin/config/content/location','admin/config/content/location','Main settings','t','','','a:0:{}',140,'','',0,'sites/all/modules/location/location.admin.inc'),('admin/config/content/location/maplinking','','','user_access','a:1:{i:0;s:29:\"administer site configuration\";}','drupal_get_form','a:1:{i:0;s:30:\"location_map_link_options_form\";}','',31,5,1,'admin/config/content/location','admin/config/content/location','Map links','t','','','a:0:{}',132,'','',1,'sites/all/modules/location/location.admin.inc'),('admin/config/content/location/util','','','user_access','a:1:{i:0;s:29:\"administer site configuration\";}','drupal_get_form','a:1:{i:0;s:18:\"location_util_form\";}','',31,5,1,'admin/config/content/location','admin/config/content/location','Location utilities','t','','','a:0:{}',132,'','',3,'sites/all/modules/location/location.admin.inc'),('admin/config/content/seo_checker','','','user_access','a:1:{i:0;s:36:\"administer seo_checker configuration\";}','drupal_get_form','a:1:{i:0;s:20:\"seo_checker_settings\";}','',15,4,0,'','admin/config/content/seo_checker','SEO Checker','t','','','a:0:{}',6,'Manage SEO Checker','',0,''),('admin/config/content/seo_checker/thresholds','','','user_access','a:1:{i:0;s:36:\"administer seo_checker configuration\";}','drupal_get_form','a:1:{i:0;s:20:\"seo_checker_settings\";}','',31,5,1,'admin/config/content/seo_checker','admin/config/content/seo_checker','SEO Rule Thresholds','t','','','a:0:{}',140,'Set the tresholds for the different SEO rules.','',-1,''),('admin/config/content/webform','','','user_access','a:1:{i:0;s:29:\"administer site configuration\";}','drupal_get_form','a:1:{i:0;s:22:\"webform_admin_settings\";}','',15,4,0,'','admin/config/content/webform','Webform settings','t','','','a:0:{}',6,'Global configuration of webform functionality.','',0,'sites/all/modules/webform/includes/webform.admin.inc'),('admin/config/content/wysiwyg','','','user_access','a:1:{i:0;s:18:\"administer filters\";}','drupal_get_form','a:1:{i:0;s:24:\"wysiwyg_profile_overview\";}','',15,4,0,'','admin/config/content/wysiwyg','Wysiwyg profiles','t','','','a:0:{}',6,'Configure client-side editors.','',0,'sites/all/modules/wysiwyg/wysiwyg.admin.inc'),('admin/config/content/wysiwyg/profile','','','user_access','a:1:{i:0;s:18:\"administer filters\";}','drupal_get_form','a:1:{i:0;s:24:\"wysiwyg_profile_overview\";}','',31,5,1,'admin/config/content/wysiwyg','admin/config/content/wysiwyg','List','t','','','a:0:{}',140,'','',0,'sites/all/modules/wysiwyg/wysiwyg.admin.inc'),('admin/config/content/wysiwyg/profile/%/delete','a:1:{i:5;s:20:\"wysiwyg_profile_load\";}','','user_access','a:1:{i:0;s:18:\"administer filters\";}','drupal_get_form','a:2:{i:0;s:30:\"wysiwyg_profile_delete_confirm\";i:1;i:5;}','',125,7,1,'admin/config/content/wysiwyg/profile/%wysiwyg_profile','admin/config/content/wysiwyg/profile','Remove','t','','','a:0:{}',132,'','',10,'sites/all/modules/wysiwyg/wysiwyg.admin.inc'),('admin/config/content/wysiwyg/profile/%/edit','a:1:{i:5;s:20:\"wysiwyg_profile_load\";}','','user_access','a:1:{i:0;s:18:\"administer filters\";}','drupal_get_form','a:2:{i:0;s:20:\"wysiwyg_profile_form\";i:1;i:5;}','',125,7,1,'admin/config/content/wysiwyg/profile/%wysiwyg_profile','admin/config/content/wysiwyg/profile','Edit','t','','','a:0:{}',132,'','',0,'sites/all/modules/wysiwyg/wysiwyg.admin.inc'),('admin/config/date','','','user_access','a:1:{i:0;s:29:\"administer site configuration\";}','system_admin_menu_block_page','a:0:{}','',7,3,0,'','admin/config/date','Date API','t','','','a:0:{}',6,'Settings for modules the use the Date API.','left',-10,'modules/system/system.admin.inc'),('admin/config/date/calendar','','','user_access','a:1:{i:0;s:29:\"administer site configuration\";}','drupal_get_form','a:1:{i:0;s:23:\"calendar_admin_settings\";}','',15,4,0,'','admin/config/date/calendar','Calendar','t','','','a:0:{}',6,'Calendar administration.','',0,''),('admin/config/date/date_popup','','','user_access','a:1:{i:0;s:29:\"administer site configuration\";}','drupal_get_form','a:1:{i:0;s:19:\"date_popup_settings\";}','',15,4,0,'','admin/config/date/date_popup','Date Popup','t','','','a:0:{}',6,'Configure the Date Popup settings.','',0,''),('admin/config/development','','','user_access','a:1:{i:0;s:27:\"access administration pages\";}','system_admin_menu_block_page','a:0:{}','',7,3,0,'','admin/config/development','Development','t','','','a:0:{}',6,'Development tools.','right',-10,'modules/system/system.admin.inc'),('admin/config/development/jquery_update','','','user_access','a:1:{i:0;s:29:\"administer site configuration\";}','drupal_get_form','a:1:{i:0;s:27:\"jquery_update_settings_form\";}','',15,4,0,'','admin/config/development/jquery_update','jQuery update','t','','','a:0:{}',6,'Configure settings related to the jQuery upgrade, the library path and compression.','',0,''),('admin/config/development/logging','','','user_access','a:1:{i:0;s:29:\"administer site configuration\";}','drupal_get_form','a:1:{i:0;s:23:\"system_logging_settings\";}','',15,4,0,'','admin/config/development/logging','Logging and errors','t','','','a:0:{}',6,'Settings for logging and alerts modules. Various modules can route Drupal\'s system events to different destinations, such as syslog, database, email, etc.','',-15,'modules/system/system.admin.inc'),('admin/config/development/maintenance','','','user_access','a:1:{i:0;s:29:\"administer site configuration\";}','drupal_get_form','a:1:{i:0;s:28:\"system_site_maintenance_mode\";}','',15,4,0,'','admin/config/development/maintenance','Maintenance mode','t','','','a:0:{}',6,'Take the site offline for maintenance or bring it back online.','',-10,'modules/system/system.admin.inc'),('admin/config/development/performance','','','user_access','a:1:{i:0;s:29:\"administer site configuration\";}','drupal_get_form','a:1:{i:0;s:27:\"system_performance_settings\";}','',15,4,0,'','admin/config/development/performance','Performance','t','','','a:0:{}',6,'Enable or disable page caching for anonymous users and set CSS and JS bandwidth optimization options.','',-20,'modules/system/system.admin.inc'),('admin/config/media','','','user_access','a:1:{i:0;s:27:\"access administration pages\";}','system_admin_menu_block_page','a:0:{}','',7,3,0,'','admin/config/media','Media','t','','','a:0:{}',6,'Media tools.','left',-10,'modules/system/system.admin.inc'),('admin/config/media/colorbox','','','user_access','a:1:{i:0;s:29:\"administer site configuration\";}','drupal_get_form','a:1:{i:0;s:23:\"colorbox_admin_settings\";}','',15,4,0,'','admin/config/media/colorbox','Colorbox','t','','','a:0:{}',6,'Adjust Colorbox settings.','',0,'sites/all/modules/colorbox/colorbox.admin.inc'),('admin/config/media/file-system','','','user_access','a:1:{i:0;s:29:\"administer site configuration\";}','drupal_get_form','a:1:{i:0;s:27:\"system_file_system_settings\";}','',15,4,0,'','admin/config/media/file-system','File system','t','','','a:0:{}',6,'Tell Drupal where to store uploaded files and how they are accessed.','',-10,'modules/system/system.admin.inc'),('admin/config/media/image-styles','','','user_access','a:1:{i:0;s:23:\"administer image styles\";}','image_style_list','a:0:{}','',15,4,0,'','admin/config/media/image-styles','Image styles','t','','','a:0:{}',6,'Configure styles that can be used for resizing or adjusting images on display.','',0,'modules/image/image.admin.inc'),('admin/config/media/image-styles/add','','','user_access','a:1:{i:0;s:23:\"administer image styles\";}','drupal_get_form','a:1:{i:0;s:20:\"image_style_add_form\";}','',31,5,1,'admin/config/media/image-styles','admin/config/media/image-styles','Add style','t','','','a:0:{}',388,'Add a new image style.','',2,'modules/image/image.admin.inc'),('admin/config/media/image-styles/delete/%','a:1:{i:5;a:1:{s:16:\"image_style_load\";a:2:{i:0;N;i:1;s:1:\"1\";}}}','','user_access','a:1:{i:0;s:23:\"administer image styles\";}','drupal_get_form','a:2:{i:0;s:23:\"image_style_delete_form\";i:1;i:5;}','',62,6,0,'','admin/config/media/image-styles/delete/%','Delete style','t','','','a:0:{}',6,'Delete an image style.','',0,'modules/image/image.admin.inc'),('admin/config/media/image-styles/edit/%','a:1:{i:5;s:16:\"image_style_load\";}','','user_access','a:1:{i:0;s:23:\"administer image styles\";}','drupal_get_form','a:2:{i:0;s:16:\"image_style_form\";i:1;i:5;}','',62,6,0,'','admin/config/media/image-styles/edit/%','Edit style','t','','','a:0:{}',6,'Configure an image style.','',0,'modules/image/image.admin.inc'),('admin/config/media/image-styles/edit/%/add/%','a:2:{i:5;a:1:{s:16:\"image_style_load\";a:1:{i:0;i:5;}}i:7;a:1:{s:28:\"image_effect_definition_load\";a:1:{i:0;i:5;}}}','','user_access','a:1:{i:0;s:23:\"administer image styles\";}','drupal_get_form','a:3:{i:0;s:17:\"image_effect_form\";i:1;i:5;i:2;i:7;}','',250,8,0,'','admin/config/media/image-styles/edit/%/add/%','Add image effect','t','','','a:0:{}',6,'Add a new effect to a style.','',0,'modules/image/image.admin.inc'),('admin/config/media/image-styles/edit/%/effects/%','a:2:{i:5;a:1:{s:16:\"image_style_load\";a:2:{i:0;i:5;i:1;s:1:\"3\";}}i:7;a:1:{s:17:\"image_effect_load\";a:2:{i:0;i:5;i:1;s:1:\"3\";}}}','','user_access','a:1:{i:0;s:23:\"administer image styles\";}','drupal_get_form','a:3:{i:0;s:17:\"image_effect_form\";i:1;i:5;i:2;i:7;}','',250,8,0,'','admin/config/media/image-styles/edit/%/effects/%','Edit image effect','t','','','a:0:{}',6,'Edit an existing effect within a style.','',0,'modules/image/image.admin.inc'),('admin/config/media/image-styles/edit/%/effects/%/delete','a:2:{i:5;a:1:{s:16:\"image_style_load\";a:2:{i:0;i:5;i:1;s:1:\"3\";}}i:7;a:1:{s:17:\"image_effect_load\";a:2:{i:0;i:5;i:1;s:1:\"3\";}}}','','user_access','a:1:{i:0;s:23:\"administer image styles\";}','drupal_get_form','a:3:{i:0;s:24:\"image_effect_delete_form\";i:1;i:5;i:2;i:7;}','',501,9,0,'','admin/config/media/image-styles/edit/%/effects/%/delete','Delete image effect','t','','','a:0:{}',6,'Delete an existing effect from a style.','',0,'modules/image/image.admin.inc'),('admin/config/media/image-styles/list','','','user_access','a:1:{i:0;s:23:\"administer image styles\";}','image_style_list','a:0:{}','',31,5,1,'admin/config/media/image-styles','admin/config/media/image-styles','List','t','','','a:0:{}',140,'List the current image styles on the site.','',1,'modules/image/image.admin.inc'),('admin/config/media/image-styles/revert/%','a:1:{i:5;a:1:{s:16:\"image_style_load\";a:2:{i:0;N;i:1;s:1:\"2\";}}}','','user_access','a:1:{i:0;s:23:\"administer image styles\";}','drupal_get_form','a:2:{i:0;s:23:\"image_style_revert_form\";i:1;i:5;}','',62,6,0,'','admin/config/media/image-styles/revert/%','Revert style','t','','','a:0:{}',6,'Revert an image style.','',0,'modules/image/image.admin.inc'),('admin/config/media/image-toolkit','','','user_access','a:1:{i:0;s:29:\"administer site configuration\";}','drupal_get_form','a:1:{i:0;s:29:\"system_image_toolkit_settings\";}','',15,4,0,'','admin/config/media/image-toolkit','Image toolkit','t','','','a:0:{}',6,'Choose which image toolkit to use if you have installed optional toolkits.','',20,'modules/system/system.admin.inc'),('admin/config/media/imce','','','user_access','a:1:{i:0;s:15:\"administer imce\";}','imce_admin','a:0:{}','',15,4,0,'','admin/config/media/imce','IMCE','t','','','a:0:{}',6,'Control how your image/file browser works.','',0,'sites/all/modules/imce/inc/imce.admin.inc'),('admin/config/media/imce/profile','','','user_access','a:1:{i:0;s:15:\"administer imce\";}','imce_profile_operations','a:0:{}','',31,5,0,'','admin/config/media/imce/profile','Add new profile','t','','','a:0:{}',4,'','',0,'sites/all/modules/imce/inc/imce.admin.inc'),('admin/config/people','','','user_access','a:1:{i:0;s:27:\"access administration pages\";}','system_admin_menu_block_page','a:0:{}','',7,3,0,'','admin/config/people','People','t','','','a:0:{}',6,'Configure user accounts.','left',-20,'modules/system/system.admin.inc'),('admin/config/people/accounts','','','user_access','a:1:{i:0;s:16:\"administer users\";}','drupal_get_form','a:1:{i:0;s:19:\"user_admin_settings\";}','',15,4,0,'','admin/config/people/accounts','Account settings','t','','','a:0:{}',6,'Configure default behavior of users, including registration requirements, e-mails, fields, and user pictures.','',-10,'modules/user/user.admin.inc'),('admin/config/people/accounts/display','','','user_access','a:1:{i:0;s:16:\"administer users\";}','drupal_get_form','a:4:{i:0;s:30:\"field_ui_display_overview_form\";i:1;s:4:\"user\";i:2;s:4:\"user\";i:3;s:7:\"default\";}','',31,5,1,'admin/config/people/accounts','admin/config/people/accounts','Manage display','t','','','a:0:{}',132,'','',2,'modules/field_ui/field_ui.admin.inc'),('admin/config/people/accounts/display/default','','','_field_ui_view_mode_menu_access','a:5:{i:0;s:4:\"user\";i:1;s:4:\"user\";i:2;s:7:\"default\";i:3;s:11:\"user_access\";i:4;s:16:\"administer users\";}','drupal_get_form','a:4:{i:0;s:30:\"field_ui_display_overview_form\";i:1;s:4:\"user\";i:2;s:4:\"user\";i:3;s:7:\"default\";}','',63,6,1,'admin/config/people/accounts/display','admin/config/people/accounts','Default','t','','','a:0:{}',140,'','',-10,'modules/field_ui/field_ui.admin.inc'),('admin/config/people/accounts/display/full','','','_field_ui_view_mode_menu_access','a:5:{i:0;s:4:\"user\";i:1;s:4:\"user\";i:2;s:4:\"full\";i:3;s:11:\"user_access\";i:4;s:16:\"administer users\";}','drupal_get_form','a:4:{i:0;s:30:\"field_ui_display_overview_form\";i:1;s:4:\"user\";i:2;s:4:\"user\";i:3;s:4:\"full\";}','',63,6,1,'admin/config/people/accounts/display','admin/config/people/accounts','User account','t','','','a:0:{}',132,'','',0,'modules/field_ui/field_ui.admin.inc'),('admin/config/people/accounts/display/token','','','_field_ui_view_mode_menu_access','a:5:{i:0;s:4:\"user\";i:1;s:4:\"user\";i:2;s:5:\"token\";i:3;s:11:\"user_access\";i:4;s:16:\"administer users\";}','drupal_get_form','a:4:{i:0;s:30:\"field_ui_display_overview_form\";i:1;s:4:\"user\";i:2;s:4:\"user\";i:3;s:5:\"token\";}','',63,6,1,'admin/config/people/accounts/display','admin/config/people/accounts','Tokens','t','','','a:0:{}',132,'','',1,'modules/field_ui/field_ui.admin.inc'),('admin/config/people/accounts/fields','','','user_access','a:1:{i:0;s:16:\"administer users\";}','drupal_get_form','a:3:{i:0;s:28:\"field_ui_field_overview_form\";i:1;s:4:\"user\";i:2;s:4:\"user\";}','',31,5,1,'admin/config/people/accounts','admin/config/people/accounts','Manage fields','t','','','a:0:{}',132,'','',1,'modules/field_ui/field_ui.admin.inc'),('admin/config/people/accounts/fields/%','a:1:{i:5;a:1:{s:18:\"field_ui_menu_load\";a:4:{i:0;s:4:\"user\";i:1;s:4:\"user\";i:2;s:1:\"0\";i:3;s:4:\"%map\";}}}','','user_access','a:1:{i:0;s:16:\"administer users\";}','drupal_get_form','a:2:{i:0;s:24:\"field_ui_field_edit_form\";i:1;i:5;}','',62,6,0,'','admin/config/people/accounts/fields/%','','field_ui_menu_title','a:1:{i:0;i:5;}','','a:0:{}',6,'','',0,'modules/field_ui/field_ui.admin.inc'),('admin/config/people/accounts/fields/%/delete','a:1:{i:5;a:1:{s:18:\"field_ui_menu_load\";a:4:{i:0;s:4:\"user\";i:1;s:4:\"user\";i:2;s:1:\"0\";i:3;s:4:\"%map\";}}}','','user_access','a:1:{i:0;s:16:\"administer users\";}','drupal_get_form','a:2:{i:0;s:26:\"field_ui_field_delete_form\";i:1;i:5;}','',125,7,1,'admin/config/people/accounts/fields/%','admin/config/people/accounts/fields/%','Delete','t','','','a:0:{}',132,'','',10,'modules/field_ui/field_ui.admin.inc'),('admin/config/people/accounts/fields/%/edit','a:1:{i:5;a:1:{s:18:\"field_ui_menu_load\";a:4:{i:0;s:4:\"user\";i:1;s:4:\"user\";i:2;s:1:\"0\";i:3;s:4:\"%map\";}}}','','user_access','a:1:{i:0;s:16:\"administer users\";}','drupal_get_form','a:2:{i:0;s:24:\"field_ui_field_edit_form\";i:1;i:5;}','',125,7,1,'admin/config/people/accounts/fields/%','admin/config/people/accounts/fields/%','Edit','t','','','a:0:{}',140,'','',0,'modules/field_ui/field_ui.admin.inc'),('admin/config/people/accounts/fields/%/field-settings','a:1:{i:5;a:1:{s:18:\"field_ui_menu_load\";a:4:{i:0;s:4:\"user\";i:1;s:4:\"user\";i:2;s:1:\"0\";i:3;s:4:\"%map\";}}}','','user_access','a:1:{i:0;s:16:\"administer users\";}','drupal_get_form','a:2:{i:0;s:28:\"field_ui_field_settings_form\";i:1;i:5;}','',125,7,1,'admin/config/people/accounts/fields/%','admin/config/people/accounts/fields/%','Field settings','t','','','a:0:{}',132,'','',0,'modules/field_ui/field_ui.admin.inc'),('admin/config/people/accounts/fields/%/widget-type','a:1:{i:5;a:1:{s:18:\"field_ui_menu_load\";a:4:{i:0;s:4:\"user\";i:1;s:4:\"user\";i:2;s:1:\"0\";i:3;s:4:\"%map\";}}}','','user_access','a:1:{i:0;s:16:\"administer users\";}','drupal_get_form','a:2:{i:0;s:25:\"field_ui_widget_type_form\";i:1;i:5;}','',125,7,1,'admin/config/people/accounts/fields/%','admin/config/people/accounts/fields/%','Widget type','t','','','a:0:{}',132,'','',0,'modules/field_ui/field_ui.admin.inc'),('admin/config/people/accounts/settings','','','user_access','a:1:{i:0;s:16:\"administer users\";}','drupal_get_form','a:1:{i:0;s:19:\"user_admin_settings\";}','',31,5,1,'admin/config/people/accounts','admin/config/people/accounts','Settings','t','','','a:0:{}',140,'','',-10,'modules/user/user.admin.inc'),('admin/config/people/ip-blocking','','','user_access','a:1:{i:0;s:18:\"block IP addresses\";}','system_ip_blocking','a:0:{}','',15,4,0,'','admin/config/people/ip-blocking','IP address blocking','t','','','a:0:{}',6,'Manage blocked IP addresses.','',10,'modules/system/system.admin.inc'),('admin/config/people/ip-blocking/delete/%','a:1:{i:5;s:15:\"blocked_ip_load\";}','','user_access','a:1:{i:0;s:18:\"block IP addresses\";}','drupal_get_form','a:2:{i:0;s:25:\"system_ip_blocking_delete\";i:1;i:5;}','',62,6,0,'','admin/config/people/ip-blocking/delete/%','Delete IP address','t','','','a:0:{}',6,'','',0,'modules/system/system.admin.inc'),('admin/config/regional','','','user_access','a:1:{i:0;s:27:\"access administration pages\";}','system_admin_menu_block_page','a:0:{}','',7,3,0,'','admin/config/regional','Regional and language','t','','','a:0:{}',6,'Regional settings, localization and translation.','left',-5,'modules/system/system.admin.inc'),('admin/config/regional/date-time','','','user_access','a:1:{i:0;s:29:\"administer site configuration\";}','drupal_get_form','a:1:{i:0;s:25:\"system_date_time_settings\";}','',15,4,0,'','admin/config/regional/date-time','Date and time','t','','','a:0:{}',6,'Configure display formats for date and time.','',-15,'modules/system/system.admin.inc'),('admin/config/regional/date-time/date-views','','','user_access','a:1:{i:0;s:29:\"administer site configuration\";}','drupal_get_form','a:1:{i:0;s:19:\"date_views_settings\";}','',31,5,1,'admin/config/regional/date-time','admin/config/regional/date-time','Date views','t','','','a:0:{}',132,'Configure settings for date views.','',0,''),('admin/config/regional/date-time/formats','','','user_access','a:1:{i:0;s:29:\"administer site configuration\";}','system_date_time_formats','a:0:{}','',31,5,1,'admin/config/regional/date-time','admin/config/regional/date-time','Formats','t','','','a:0:{}',132,'Configure display format strings for date and time.','',-9,'modules/system/system.admin.inc'),('admin/config/regional/date-time/formats/%/delete','a:1:{i:5;N;}','','user_access','a:1:{i:0;s:29:\"administer site configuration\";}','drupal_get_form','a:2:{i:0;s:30:\"system_date_delete_format_form\";i:1;i:5;}','',125,7,0,'','admin/config/regional/date-time/formats/%/delete','Delete date format','t','','','a:0:{}',6,'Allow users to delete a configured date format.','',0,'modules/system/system.admin.inc'),('admin/config/regional/date-time/formats/%/edit','a:1:{i:5;N;}','','user_access','a:1:{i:0;s:29:\"administer site configuration\";}','drupal_get_form','a:2:{i:0;s:34:\"system_configure_date_formats_form\";i:1;i:5;}','',125,7,0,'','admin/config/regional/date-time/formats/%/edit','Edit date format','t','','','a:0:{}',6,'Allow users to edit a configured date format.','',0,'modules/system/system.admin.inc'),('admin/config/regional/date-time/formats/add','','','user_access','a:1:{i:0;s:29:\"administer site configuration\";}','drupal_get_form','a:1:{i:0;s:34:\"system_configure_date_formats_form\";}','',63,6,1,'admin/config/regional/date-time/formats','admin/config/regional/date-time','Add format','t','','','a:0:{}',388,'Allow users to add additional date formats.','',-10,'modules/system/system.admin.inc'),('admin/config/regional/date-time/formats/lookup','','','user_access','a:1:{i:0;s:29:\"administer site configuration\";}','system_date_time_lookup','a:0:{}','',63,6,0,'','admin/config/regional/date-time/formats/lookup','Date and time lookup','t','','','a:0:{}',0,'','',0,'modules/system/system.admin.inc'),('admin/config/regional/date-time/types','','','user_access','a:1:{i:0;s:29:\"administer site configuration\";}','drupal_get_form','a:1:{i:0;s:25:\"system_date_time_settings\";}','',31,5,1,'admin/config/regional/date-time','admin/config/regional/date-time','Types','t','','','a:0:{}',140,'Configure display formats for date and time.','',-10,'modules/system/system.admin.inc'),('admin/config/regional/date-time/types/%/delete','a:1:{i:5;N;}','','user_access','a:1:{i:0;s:29:\"administer site configuration\";}','drupal_get_form','a:2:{i:0;s:35:\"system_delete_date_format_type_form\";i:1;i:5;}','',125,7,0,'','admin/config/regional/date-time/types/%/delete','Delete date type','t','','','a:0:{}',6,'Allow users to delete a configured date type.','',0,'modules/system/system.admin.inc'),('admin/config/regional/date-time/types/add','','','user_access','a:1:{i:0;s:29:\"administer site configuration\";}','drupal_get_form','a:1:{i:0;s:32:\"system_add_date_format_type_form\";}','',63,6,1,'admin/config/regional/date-time/types','admin/config/regional/date-time','Add date type','t','','','a:0:{}',388,'Add new date type.','',-10,'modules/system/system.admin.inc'),('admin/config/regional/settings','','','user_access','a:1:{i:0;s:29:\"administer site configuration\";}','drupal_get_form','a:1:{i:0;s:24:\"system_regional_settings\";}','',15,4,0,'','admin/config/regional/settings','Regional settings','t','','','a:0:{}',6,'Settings for the site\'s default time zone and country.','',-20,'modules/system/system.admin.inc'),('admin/config/search','','','user_access','a:1:{i:0;s:27:\"access administration pages\";}','system_admin_menu_block_page','a:0:{}','',7,3,0,'','admin/config/search','Search and metadata','t','','','a:0:{}',6,'Local site search, metadata and SEO.','left',-10,'modules/system/system.admin.inc'),('admin/config/search/clean-urls','','','user_access','a:1:{i:0;s:29:\"administer site configuration\";}','drupal_get_form','a:1:{i:0;s:25:\"system_clean_url_settings\";}','',15,4,0,'','admin/config/search/clean-urls','Clean URLs','t','','','a:0:{}',6,'Enable or disable clean URLs for your site.','',5,'modules/system/system.admin.inc'),('admin/config/search/clean-urls/check','','','1','a:0:{}','drupal_json_output','a:1:{i:0;a:1:{s:6:\"status\";b:1;}}','',31,5,0,'','admin/config/search/clean-urls/check','Clean URL check','t','','','a:0:{}',0,'','',0,'modules/system/system.admin.inc'),('admin/config/search/metatags','','','user_access','a:1:{i:0;s:20:\"administer meta tags\";}','metatag_config_overview','a:0:{}','',15,4,0,'','admin/config/search/metatags','Metatag','t','','','a:0:{}',6,'Configure Metatag defaults.','',0,'sites/all/modules/metatag/metatag.admin.inc'),('admin/config/search/metatags/bulk-revert','','','user_access','a:1:{i:0;s:20:\"administer meta tags\";}','drupal_get_form','a:1:{i:0;s:24:\"metatag_bulk_revert_form\";}','',31,5,1,'admin/config/search/metatags','admin/config/search/metatags','Bulk revert','t','','','a:0:{}',132,'','',40,'sites/all/modules/metatag/metatag.admin.inc'),('admin/config/search/metatags/config','','','user_access','a:1:{i:0;s:20:\"administer meta tags\";}','metatag_config_overview','a:0:{}','',31,5,1,'admin/config/search/metatags','admin/config/search/metatags','Defaults','t','','','a:0:{}',140,'','',-10,'sites/all/modules/metatag/metatag.admin.inc'),('admin/config/search/metatags/config/%','a:1:{i:5;s:19:\"metatag_config_load\";}','','user_access','a:1:{i:0;s:20:\"administer meta tags\";}','drupal_get_form','a:2:{i:0;s:24:\"metatag_config_edit_form\";i:1;i:5;}','',62,6,0,'','admin/config/search/metatags/config/%','','metatag_config_title','a:1:{i:0;i:5;}','','a:0:{}',6,'','',0,'sites/all/modules/metatag/metatag.admin.inc'),('admin/config/search/metatags/config/%/delete','a:1:{i:5;s:19:\"metatag_config_load\";}','','metatag_config_access','a:2:{i:0;s:6:\"delete\";i:1;i:5;}','drupal_get_form','a:2:{i:0;s:26:\"metatag_config_delete_form\";i:1;i:5;}','',125,7,0,'','admin/config/search/metatags/config/%/delete','Delete','t','','','a:0:{}',6,'','',0,'sites/all/modules/metatag/metatag.admin.inc'),('admin/config/search/metatags/config/%/disable','a:1:{i:5;s:19:\"metatag_config_load\";}','','metatag_config_access','a:2:{i:0;s:7:\"disable\";i:1;i:5;}','metatag_config_disable','a:1:{i:0;i:5;}','',125,7,0,'','admin/config/search/metatags/config/%/disable','Disable','t','','','a:0:{}',6,'','',0,'sites/all/modules/metatag/metatag.admin.inc'),('admin/config/search/metatags/config/%/edit','a:1:{i:5;s:19:\"metatag_config_load\";}','','user_access','a:1:{i:0;s:20:\"administer meta tags\";}','drupal_get_form','a:2:{i:0;s:24:\"metatag_config_edit_form\";i:1;i:5;}','',125,7,1,'admin/config/search/metatags/config/%','admin/config/search/metatags/config/%','Edit','t','','','a:0:{}',140,'','',-10,'sites/all/modules/metatag/metatag.admin.inc'),('admin/config/search/metatags/config/%/enable','a:1:{i:5;s:19:\"metatag_config_load\";}','','metatag_config_access','a:2:{i:0;s:6:\"enable\";i:1;i:5;}','metatag_config_enable','a:1:{i:0;i:5;}','',125,7,0,'','admin/config/search/metatags/config/%/enable','Enable','t','','','a:0:{}',6,'','',0,'sites/all/modules/metatag/metatag.admin.inc'),('admin/config/search/metatags/config/%/export','a:1:{i:5;s:19:\"metatag_config_load\";}','','user_access','a:1:{i:0;s:20:\"administer meta tags\";}','metatag_config_export_form','a:1:{i:0;i:5;}','',125,7,1,'admin/config/search/metatags/config/%','admin/config/search/metatags/config/%','Export','t','','','a:0:{}',132,'','',10,'sites/all/modules/metatag/metatag.admin.inc'),('admin/config/search/metatags/config/%/revert','a:1:{i:5;s:19:\"metatag_config_load\";}','','metatag_config_access','a:2:{i:0;s:6:\"revert\";i:1;i:5;}','drupal_get_form','a:2:{i:0;s:26:\"metatag_config_delete_form\";i:1;i:5;}','',125,7,1,'admin/config/search/metatags/config/%','admin/config/search/metatags/config/%','Revert','t','','','a:0:{}',132,'','',0,'sites/all/modules/metatag/metatag.admin.inc'),('admin/config/search/metatags/config/add','','','user_access','a:1:{i:0;s:20:\"administer meta tags\";}','drupal_get_form','a:1:{i:0;s:23:\"metatag_config_add_form\";}','',63,6,1,'admin/config/search/metatags/config','admin/config/search/metatags','Add a Metatag default','t','','','a:0:{}',388,'','',0,'sites/all/modules/metatag/metatag.admin.inc'),('admin/config/search/metatags/settings','','','user_access','a:1:{i:0;s:20:\"administer meta tags\";}','drupal_get_form','a:1:{i:0;s:27:\"metatag_admin_settings_form\";}','',31,5,1,'admin/config/search/metatags','admin/config/search/metatags','Settings','t','','','a:0:{}',132,'','',30,'sites/all/modules/metatag/metatag.admin.inc'),('admin/config/search/path','','','user_access','a:1:{i:0;s:22:\"administer url aliases\";}','path_admin_overview','a:0:{}','',15,4,0,'','admin/config/search/path','URL aliases','t','','','a:0:{}',6,'Change your site\'s URL paths by aliasing them.','',-5,'modules/path/path.admin.inc'),('admin/config/search/path/add','','','user_access','a:1:{i:0;s:22:\"administer url aliases\";}','path_admin_edit','a:0:{}','',31,5,1,'admin/config/search/path','admin/config/search/path','Add alias','t','','','a:0:{}',388,'','',0,'modules/path/path.admin.inc'),('admin/config/search/path/delete/%','a:1:{i:5;s:9:\"path_load\";}','','user_access','a:1:{i:0;s:22:\"administer url aliases\";}','drupal_get_form','a:2:{i:0;s:25:\"path_admin_delete_confirm\";i:1;i:5;}','',62,6,0,'','admin/config/search/path/delete/%','Delete alias','t','','','a:0:{}',6,'','',0,'modules/path/path.admin.inc'),('admin/config/search/path/edit/%','a:1:{i:5;s:9:\"path_load\";}','','user_access','a:1:{i:0;s:22:\"administer url aliases\";}','path_admin_edit','a:1:{i:0;i:5;}','',62,6,0,'','admin/config/search/path/edit/%','Edit alias','t','','','a:0:{}',6,'','',0,'modules/path/path.admin.inc'),('admin/config/search/path/list','','','user_access','a:1:{i:0;s:22:\"administer url aliases\";}','path_admin_overview','a:0:{}','',31,5,1,'admin/config/search/path','admin/config/search/path','List','t','','','a:0:{}',140,'','',-10,'modules/path/path.admin.inc'),('admin/config/search/seo-checklist','','','checklistapi_checklist_access','a:1:{i:0;s:13:\"seo_checklist\";}','drupal_get_form','a:2:{i:0;s:27:\"checklistapi_checklist_form\";i:1;s:13:\"seo_checklist\";}','',15,4,0,'','admin/config/search/seo-checklist','SEO checklist','t','','','a:0:{}',6,'Keep track of your Drupal Search Engine Optimization tasks.','',0,'sites/all/modules/checklistapi/checklistapi.pages.inc'),('admin/config/search/seo-checklist/clear','','','checklistapi_checklist_access','a:2:{i:0;s:13:\"seo_checklist\";i:1;s:4:\"edit\";}','drupal_get_form','a:2:{i:0;s:36:\"checklistapi_checklist_clear_confirm\";i:1;s:13:\"seo_checklist\";}','',31,5,0,'','admin/config/search/seo-checklist/clear','Clear','t','','','a:0:{}',0,'','',0,'sites/all/modules/checklistapi/checklistapi.pages.inc'),('admin/config/search/seo-checklist/compact','','','checklistapi_checklist_access','a:1:{i:0;s:13:\"seo_checklist\";}','checklistapi_compact_page','a:0:{}','',31,5,0,'','admin/config/search/seo-checklist/compact','Compact mode','t','','','a:0:{}',0,'','',0,'sites/all/modules/checklistapi/checklistapi.pages.inc'),('admin/config/search/settings','','','user_access','a:1:{i:0;s:17:\"administer search\";}','drupal_get_form','a:1:{i:0;s:21:\"search_admin_settings\";}','',15,4,0,'','admin/config/search/settings','Search settings','t','','','a:0:{}',6,'Configure relevance settings for search and other indexing options.','',-10,'modules/search/search.admin.inc'),('admin/config/search/settings/reindex','','','user_access','a:1:{i:0;s:17:\"administer search\";}','drupal_get_form','a:1:{i:0;s:22:\"search_reindex_confirm\";}','',31,5,0,'','admin/config/search/settings/reindex','Clear index','t','','','a:0:{}',4,'','',0,'modules/search/search.admin.inc'),('admin/config/services','','','user_access','a:1:{i:0;s:27:\"access administration pages\";}','system_admin_menu_block_page','a:0:{}','',7,3,0,'','admin/config/services','Web services','t','','','a:0:{}',6,'Tools related to web services.','right',0,'modules/system/system.admin.inc'),('admin/config/services/aggregator','','','user_access','a:1:{i:0;s:21:\"administer news feeds\";}','aggregator_admin_overview','a:0:{}','',15,4,0,'','admin/config/services/aggregator','Feed aggregator','t','','','a:0:{}',6,'Configure which content your site aggregates from other sites, how often it polls them, and how they\'re categorized.','',10,'modules/aggregator/aggregator.admin.inc'),('admin/config/services/aggregator/add/category','','','user_access','a:1:{i:0;s:21:\"administer news feeds\";}','drupal_get_form','a:1:{i:0;s:24:\"aggregator_form_category\";}','',63,6,1,'admin/config/services/aggregator','admin/config/services/aggregator','Add category','t','','','a:0:{}',388,'','',0,'modules/aggregator/aggregator.admin.inc'),('admin/config/services/aggregator/add/feed','','','user_access','a:1:{i:0;s:21:\"administer news feeds\";}','drupal_get_form','a:1:{i:0;s:20:\"aggregator_form_feed\";}','',63,6,1,'admin/config/services/aggregator','admin/config/services/aggregator','Add feed','t','','','a:0:{}',388,'','',0,'modules/aggregator/aggregator.admin.inc'),('admin/config/services/aggregator/add/opml','','','user_access','a:1:{i:0;s:21:\"administer news feeds\";}','drupal_get_form','a:1:{i:0;s:20:\"aggregator_form_opml\";}','',63,6,1,'admin/config/services/aggregator','admin/config/services/aggregator','Import OPML','t','','','a:0:{}',388,'','',0,'modules/aggregator/aggregator.admin.inc'),('admin/config/services/aggregator/edit/category/%','a:1:{i:6;s:24:\"aggregator_category_load\";}','','user_access','a:1:{i:0;s:21:\"administer news feeds\";}','drupal_get_form','a:2:{i:0;s:24:\"aggregator_form_category\";i:1;i:6;}','',126,7,0,'','admin/config/services/aggregator/edit/category/%','Edit category','t','','','a:0:{}',6,'','',0,'modules/aggregator/aggregator.admin.inc'),('admin/config/services/aggregator/edit/feed/%','a:1:{i:6;s:20:\"aggregator_feed_load\";}','','user_access','a:1:{i:0;s:21:\"administer news feeds\";}','drupal_get_form','a:2:{i:0;s:20:\"aggregator_form_feed\";i:1;i:6;}','',126,7,0,'','admin/config/services/aggregator/edit/feed/%','Edit feed','t','','','a:0:{}',6,'','',0,'modules/aggregator/aggregator.admin.inc'),('admin/config/services/aggregator/list','','','user_access','a:1:{i:0;s:21:\"administer news feeds\";}','aggregator_admin_overview','a:0:{}','',31,5,1,'admin/config/services/aggregator','admin/config/services/aggregator','List','t','','','a:0:{}',140,'','',-10,'modules/aggregator/aggregator.admin.inc'),('admin/config/services/aggregator/remove/%','a:1:{i:5;s:20:\"aggregator_feed_load\";}','','user_access','a:1:{i:0;s:21:\"administer news feeds\";}','drupal_get_form','a:2:{i:0;s:28:\"aggregator_admin_remove_feed\";i:1;i:5;}','',62,6,0,'','admin/config/services/aggregator/remove/%','Remove items','t','','','a:0:{}',6,'','',0,'modules/aggregator/aggregator.admin.inc'),('admin/config/services/aggregator/settings','','','user_access','a:1:{i:0;s:21:\"administer news feeds\";}','drupal_get_form','a:1:{i:0;s:21:\"aggregator_admin_form\";}','',31,5,1,'admin/config/services/aggregator','admin/config/services/aggregator','Settings','t','','','a:0:{}',132,'Configure the behavior of the feed aggregator, including when to discard feed items and how to present feed items and categories.','',0,'modules/aggregator/aggregator.admin.inc'),('admin/config/services/aggregator/update/%','a:1:{i:5;s:20:\"aggregator_feed_load\";}','','user_access','a:1:{i:0;s:21:\"administer news feeds\";}','aggregator_admin_refresh_feed','a:1:{i:0;i:5;}','',62,6,0,'','admin/config/services/aggregator/update/%','Update items','t','','','a:0:{}',6,'','',0,'modules/aggregator/aggregator.admin.inc'),('admin/config/services/gmap','','','user_access','a:1:{i:0;s:29:\"administer site configuration\";}','drupal_get_form','a:1:{i:0;s:19:\"gmap_admin_settings\";}','',15,4,0,'','admin/config/services/gmap','GMap','t','','','a:0:{}',6,'Configure GMap settings','',0,'sites/all/modules/gmap/gmap_settings_ui.inc'),('admin/config/services/rss-publishing','','','user_access','a:1:{i:0;s:29:\"administer site configuration\";}','drupal_get_form','a:1:{i:0;s:25:\"system_rss_feeds_settings\";}','',15,4,0,'','admin/config/services/rss-publishing','RSS publishing','t','','','a:0:{}',6,'Configure the site description, the number of items per feed and whether feeds should be titles/teasers/full-text.','',0,'modules/system/system.admin.inc'),('admin/config/system','','','user_access','a:1:{i:0;s:27:\"access administration pages\";}','system_admin_menu_block_page','a:0:{}','',7,3,0,'','admin/config/system','System','t','','','a:0:{}',6,'General system related configuration.','right',-20,'modules/system/system.admin.inc'),('admin/config/system/actions','','','user_access','a:1:{i:0;s:18:\"administer actions\";}','system_actions_manage','a:0:{}','',15,4,0,'','admin/config/system/actions','Actions','t','','','a:0:{}',6,'Manage the actions defined for your site.','',0,'modules/system/system.admin.inc'),('admin/config/system/actions/configure','','','user_access','a:1:{i:0;s:18:\"administer actions\";}','drupal_get_form','a:1:{i:0;s:24:\"system_actions_configure\";}','',31,5,0,'','admin/config/system/actions/configure','Configure an advanced action','t','','','a:0:{}',4,'','',0,'modules/system/system.admin.inc'),('admin/config/system/actions/delete/%','a:1:{i:5;s:12:\"actions_load\";}','','user_access','a:1:{i:0;s:18:\"administer actions\";}','drupal_get_form','a:2:{i:0;s:26:\"system_actions_delete_form\";i:1;i:5;}','',62,6,0,'','admin/config/system/actions/delete/%','Delete action','t','','','a:0:{}',6,'Delete an action.','',0,'modules/system/system.admin.inc'),('admin/config/system/actions/manage','','','user_access','a:1:{i:0;s:18:\"administer actions\";}','system_actions_manage','a:0:{}','',31,5,1,'admin/config/system/actions','admin/config/system/actions','Manage actions','t','','','a:0:{}',140,'Manage the actions defined for your site.','',-2,'modules/system/system.admin.inc'),('admin/config/system/actions/orphan','','','user_access','a:1:{i:0;s:18:\"administer actions\";}','system_actions_remove_orphans','a:0:{}','',31,5,0,'','admin/config/system/actions/orphan','Remove orphans','t','','','a:0:{}',0,'','',0,'modules/system/system.admin.inc'),('admin/config/system/backup_migrate','','','user_access','a:1:{i:0;s:25:\"access backup and migrate\";}','backup_migrate_menu_callback','a:3:{i:0;s:0:\"\";i:1;s:37:\"backup_migrate_ui_manual_backup_quick\";i:2;b:1;}','',15,4,0,'','admin/config/system/backup_migrate','Backup and Migrate','t','','','a:0:{}',6,'Backup/restore your database or migrate data to or from another Drupal site.','',0,''),('admin/config/system/backup_migrate/destination','','','user_access','a:1:{i:0;s:29:\"administer backup and migrate\";}','backup_migrate_menu_callback','a:3:{i:0;s:4:\"crud\";i:1;s:27:\"backup_migrate_crud_ui_list\";i:2;b:1;}','',31,5,1,'admin/config/system/backup_migrate','admin/config/system/backup_migrate','Destinations','t','','','a:0:{}',132,'','',2,''),('admin/config/system/backup_migrate/destination/deletefile','','','user_access','a:1:{i:0;s:19:\"delete backup files\";}','backup_migrate_menu_callback','a:3:{i:0;s:12:\"destinations\";i:1;s:41:\"backup_migrate_ui_destination_delete_file\";i:2;b:1;}','',63,6,0,'','admin/config/system/backup_migrate/destination/deletefile','Delete File','t','','','a:0:{}',0,'Delete a backup file','',0,''),('admin/config/system/backup_migrate/destination/downloadfile','','','user_access','a:1:{i:0;s:19:\"access backup files\";}','backup_migrate_menu_callback','a:3:{i:0;s:12:\"destinations\";i:1;s:43:\"backup_migrate_ui_destination_download_file\";i:2;b:1;}','',63,6,0,'','admin/config/system/backup_migrate/destination/downloadfile','Download File','t','','','a:0:{}',0,'Download a backup file','',0,''),('admin/config/system/backup_migrate/destination/list','','','user_access','a:1:{i:0;s:29:\"administer backup and migrate\";}','backup_migrate_menu_callback','a:3:{i:0;s:4:\"crud\";i:1;s:27:\"backup_migrate_crud_ui_list\";i:2;b:1;}','',63,6,1,'admin/config/system/backup_migrate/destination','admin/config/system/backup_migrate','List !type','t','a:1:{s:5:\"!type\";s:12:\"Destinations\";}','','a:0:{}',140,'','',1,''),('admin/config/system/backup_migrate/destination/list/add','','','user_access','a:1:{i:0;s:29:\"administer backup and migrate\";}','backup_migrate_menu_callback','a:3:{i:0;s:4:\"crud\";i:1;s:29:\"backup_migrate_crud_ui_create\";i:2;b:1;}','',127,7,1,'admin/config/system/backup_migrate/destination/list','admin/config/system/backup_migrate','Add !type','t','a:1:{s:5:\"!type\";s:11:\"Destination\";}','','a:0:{}',388,'','',2,''),('admin/config/system/backup_migrate/destination/list/delete','','','user_access','a:1:{i:0;s:29:\"administer backup and migrate\";}','backup_migrate_menu_callback','a:3:{i:0;s:4:\"crud\";i:1;s:29:\"backup_migrate_crud_ui_delete\";i:2;b:1;}','',127,7,0,'','admin/config/system/backup_migrate/destination/list/delete','Delete !type','t','a:1:{s:5:\"!type\";s:11:\"Destination\";}','','a:0:{}',0,'','',0,''),('admin/config/system/backup_migrate/destination/list/edit','','','user_access','a:1:{i:0;s:29:\"administer backup and migrate\";}','backup_migrate_menu_callback','a:3:{i:0;s:4:\"crud\";i:1;s:27:\"backup_migrate_crud_ui_edit\";i:2;b:1;}','',127,7,0,'','admin/config/system/backup_migrate/destination/list/edit','Edit !type','t','a:1:{s:5:\"!type\";s:11:\"Destination\";}','','a:0:{}',0,'','',0,''),('admin/config/system/backup_migrate/destination/list/export','','','user_access','a:1:{i:0;s:29:\"administer backup and migrate\";}','backup_migrate_menu_callback','a:3:{i:0;s:4:\"crud\";i:1;s:29:\"backup_migrate_crud_ui_export\";i:2;b:1;}','',127,7,0,'','admin/config/system/backup_migrate/destination/list/export','Export !type','t','a:1:{s:5:\"!type\";s:11:\"Destination\";}','','a:0:{}',0,'','',0,''),('admin/config/system/backup_migrate/destination/list/files','','','user_access','a:1:{i:0;s:19:\"access backup files\";}','backup_migrate_menu_callback','a:3:{i:0;s:12:\"destinations\";i:1;s:43:\"backup_migrate_ui_destination_display_files\";i:2;b:1;}','',127,7,1,'admin/config/system/backup_migrate/destination/list','admin/config/system/backup_migrate','Destination Files','t','','','a:0:{}',132,'','',0,''),('admin/config/system/backup_migrate/destination/restorefile','','','user_access','a:1:{i:0;s:19:\"restore from backup\";}','backup_migrate_menu_callback','a:3:{i:0;s:12:\"destinations\";i:1;s:42:\"backup_migrate_ui_destination_restore_file\";i:2;b:1;}','',63,6,0,'','admin/config/system/backup_migrate/destination/restorefile','Restore from backup','t','','','a:0:{}',0,'Restore database from a backup file on the server','',0,''),('admin/config/system/backup_migrate/export','','','user_access','a:1:{i:0;s:25:\"access backup and migrate\";}','backup_migrate_menu_callback','a:3:{i:0;s:0:\"\";i:1;s:37:\"backup_migrate_ui_manual_backup_quick\";i:2;b:1;}','',31,5,1,'admin/config/system/backup_migrate','admin/config/system/backup_migrate','Backup','t','','','a:0:{}',140,'Backup the database.','',0,''),('admin/config/system/backup_migrate/export/advanced','','','user_access','a:1:{i:0;s:14:\"perform backup\";}','backup_migrate_menu_callback','a:3:{i:0;s:0:\"\";i:1;s:40:\"backup_migrate_ui_manual_backup_advanced\";i:2;b:1;}','',63,6,1,'admin/config/system/backup_migrate/export','admin/config/system/backup_migrate','Advanced Backup','t','','','a:0:{}',132,'Backup the database.','',1,''),('admin/config/system/backup_migrate/export/quick','','','user_access','a:1:{i:0;s:25:\"access backup and migrate\";}','backup_migrate_menu_callback','a:3:{i:0;s:0:\"\";i:1;s:37:\"backup_migrate_ui_manual_backup_quick\";i:2;b:1;}','',63,6,1,'admin/config/system/backup_migrate/export','admin/config/system/backup_migrate','Quick Backup','t','','','a:0:{}',140,'Backup the database.','',0,''),('admin/config/system/backup_migrate/nodesquirrel','','','user_access','a:1:{i:0;s:29:\"administer backup and migrate\";}','backup_migrate_menu_callback','a:2:{i:0;s:25:\"destinations.nodesquirrel\";i:1;s:26:\"nodesquirrel_settings_page\";}','',31,5,1,'admin/config/system/backup_migrate','admin/config/system/backup_migrate','NodeSquirrel','t','','','a:0:{}',132,'','',10,''),('admin/config/system/backup_migrate/profile','','','user_access','a:1:{i:0;s:29:\"administer backup and migrate\";}','backup_migrate_menu_callback','a:3:{i:0;s:4:\"crud\";i:1;s:27:\"backup_migrate_crud_ui_list\";i:2;b:1;}','',31,5,1,'admin/config/system/backup_migrate','admin/config/system/backup_migrate','Profiles','t','','','a:0:{}',132,'','',2,''),('admin/config/system/backup_migrate/profile/list','','','user_access','a:1:{i:0;s:29:\"administer backup and migrate\";}','backup_migrate_menu_callback','a:3:{i:0;s:4:\"crud\";i:1;s:27:\"backup_migrate_crud_ui_list\";i:2;b:1;}','',63,6,1,'admin/config/system/backup_migrate/profile','admin/config/system/backup_migrate','List !type','t','a:1:{s:5:\"!type\";s:8:\"Profiles\";}','','a:0:{}',140,'','',1,''),('admin/config/system/backup_migrate/profile/list/add','','','user_access','a:1:{i:0;s:29:\"administer backup and migrate\";}','backup_migrate_menu_callback','a:3:{i:0;s:4:\"crud\";i:1;s:29:\"backup_migrate_crud_ui_create\";i:2;b:1;}','',127,7,1,'admin/config/system/backup_migrate/profile/list','admin/config/system/backup_migrate','Add !type','t','a:1:{s:5:\"!type\";s:7:\"Profile\";}','','a:0:{}',388,'','',2,''),('admin/config/system/backup_migrate/profile/list/delete','','','user_access','a:1:{i:0;s:29:\"administer backup and migrate\";}','backup_migrate_menu_callback','a:3:{i:0;s:4:\"crud\";i:1;s:29:\"backup_migrate_crud_ui_delete\";i:2;b:1;}','',127,7,0,'','admin/config/system/backup_migrate/profile/list/delete','Delete !type','t','a:1:{s:5:\"!type\";s:7:\"Profile\";}','','a:0:{}',0,'','',0,''),('admin/config/system/backup_migrate/profile/list/edit','','','user_access','a:1:{i:0;s:29:\"administer backup and migrate\";}','backup_migrate_menu_callback','a:3:{i:0;s:4:\"crud\";i:1;s:27:\"backup_migrate_crud_ui_edit\";i:2;b:1;}','',127,7,0,'','admin/config/system/backup_migrate/profile/list/edit','Edit !type','t','a:1:{s:5:\"!type\";s:7:\"Profile\";}','','a:0:{}',0,'','',0,''),('admin/config/system/backup_migrate/profile/list/export','','','user_access','a:1:{i:0;s:29:\"administer backup and migrate\";}','backup_migrate_menu_callback','a:3:{i:0;s:4:\"crud\";i:1;s:29:\"backup_migrate_crud_ui_export\";i:2;b:1;}','',127,7,0,'','admin/config/system/backup_migrate/profile/list/export','Export !type','t','a:1:{s:5:\"!type\";s:7:\"Profile\";}','','a:0:{}',0,'','',0,''),('admin/config/system/backup_migrate/restore','','','user_access','a:1:{i:0;s:19:\"restore from backup\";}','backup_migrate_menu_callback','a:3:{i:0;s:0:\"\";i:1;s:32:\"backup_migrate_ui_manual_restore\";i:2;b:1;}','',31,5,1,'admin/config/system/backup_migrate','admin/config/system/backup_migrate','Restore','t','','','a:0:{}',132,'Restore the database from a previous backup','',1,''),('admin/config/system/backup_migrate/schedule','','','user_access','a:1:{i:0;s:29:\"administer backup and migrate\";}','backup_migrate_menu_callback','a:3:{i:0;s:4:\"crud\";i:1;s:27:\"backup_migrate_crud_ui_list\";i:2;b:1;}','',31,5,1,'admin/config/system/backup_migrate','admin/config/system/backup_migrate','Schedules','t','','','a:0:{}',132,'','',2,''),('admin/config/system/backup_migrate/schedule/list','','','user_access','a:1:{i:0;s:29:\"administer backup and migrate\";}','backup_migrate_menu_callback','a:3:{i:0;s:4:\"crud\";i:1;s:27:\"backup_migrate_crud_ui_list\";i:2;b:1;}','',63,6,1,'admin/config/system/backup_migrate/schedule','admin/config/system/backup_migrate','List !type','t','a:1:{s:5:\"!type\";s:9:\"Schedules\";}','','a:0:{}',140,'','',1,''),('admin/config/system/backup_migrate/schedule/list/add','','','user_access','a:1:{i:0;s:29:\"administer backup and migrate\";}','backup_migrate_menu_callback','a:3:{i:0;s:4:\"crud\";i:1;s:29:\"backup_migrate_crud_ui_create\";i:2;b:1;}','',127,7,1,'admin/config/system/backup_migrate/schedule/list','admin/config/system/backup_migrate','Add !type','t','a:1:{s:5:\"!type\";s:8:\"Schedule\";}','','a:0:{}',388,'','',2,''),('admin/config/system/backup_migrate/schedule/list/delete','','','user_access','a:1:{i:0;s:29:\"administer backup and migrate\";}','backup_migrate_menu_callback','a:3:{i:0;s:4:\"crud\";i:1;s:29:\"backup_migrate_crud_ui_delete\";i:2;b:1;}','',127,7,0,'','admin/config/system/backup_migrate/schedule/list/delete','Delete !type','t','a:1:{s:5:\"!type\";s:8:\"Schedule\";}','','a:0:{}',0,'','',0,''),('admin/config/system/backup_migrate/schedule/list/edit','','','user_access','a:1:{i:0;s:29:\"administer backup and migrate\";}','backup_migrate_menu_callback','a:3:{i:0;s:4:\"crud\";i:1;s:27:\"backup_migrate_crud_ui_edit\";i:2;b:1;}','',127,7,0,'','admin/config/system/backup_migrate/schedule/list/edit','Edit !type','t','a:1:{s:5:\"!type\";s:8:\"Schedule\";}','','a:0:{}',0,'','',0,''),('admin/config/system/backup_migrate/schedule/list/export','','','user_access','a:1:{i:0;s:29:\"administer backup and migrate\";}','backup_migrate_menu_callback','a:3:{i:0;s:4:\"crud\";i:1;s:29:\"backup_migrate_crud_ui_export\";i:2;b:1;}','',127,7,0,'','admin/config/system/backup_migrate/schedule/list/export','Export !type','t','a:1:{s:5:\"!type\";s:8:\"Schedule\";}','','a:0:{}',0,'','',0,''),('admin/config/system/cron','','','user_access','a:1:{i:0;s:29:\"administer site configuration\";}','drupal_get_form','a:1:{i:0;s:20:\"system_cron_settings\";}','',15,4,0,'','admin/config/system/cron','Cron','t','','','a:0:{}',6,'Manage automatic site maintenance tasks.','',20,'modules/system/system.admin.inc'),('admin/config/system/googleanalytics','','','user_access','a:1:{i:0;s:27:\"administer google analytics\";}','drupal_get_form','a:1:{i:0;s:35:\"googleanalytics_admin_settings_form\";}','',15,4,0,'','admin/config/system/googleanalytics','Google Analytics','t','','','a:0:{}',6,'Configure tracking behavior to get insights into your website traffic and marketing effectiveness.','',0,'sites/all/modules/google_analytics/googleanalytics.admin.inc'),('admin/config/system/site-information','','','user_access','a:1:{i:0;s:29:\"administer site configuration\";}','drupal_get_form','a:1:{i:0;s:32:\"system_site_information_settings\";}','',15,4,0,'','admin/config/system/site-information','Site information','t','','','a:0:{}',6,'Change site name, e-mail address, slogan, default front page, and number of posts per page, error pages.','',-20,'modules/system/system.admin.inc'),('admin/config/user-interface','','','user_access','a:1:{i:0;s:27:\"access administration pages\";}','system_admin_menu_block_page','a:0:{}','',7,3,0,'','admin/config/user-interface','User interface','t','','','a:0:{}',6,'Tools that enhance the user interface.','right',-15,'modules/system/system.admin.inc'),('admin/config/user-interface/parallax_bg','','','user_access','a:1:{i:0;s:29:\"administer site configuration\";}','drupal_get_form','a:1:{i:0;s:17:\"parallax_bg_admin\";}','',15,4,0,'','admin/config/user-interface/parallax_bg','Parallax Backgound','t','','','a:0:{}',6,'Add a Parallax Background effect to any tagged element','',0,''),('admin/config/user-interface/shortcut','','','user_access','a:1:{i:0;s:20:\"administer shortcuts\";}','shortcut_set_admin','a:0:{}','',15,4,0,'','admin/config/user-interface/shortcut','Shortcuts','t','','','a:0:{}',6,'Add and modify shortcut sets.','',0,'modules/shortcut/shortcut.admin.inc'),('admin/config/user-interface/shortcut/%','a:1:{i:4;s:17:\"shortcut_set_load\";}','','shortcut_set_edit_access','a:1:{i:0;i:4;}','drupal_get_form','a:2:{i:0;s:22:\"shortcut_set_customize\";i:1;i:4;}','',30,5,0,'','admin/config/user-interface/shortcut/%','Edit shortcuts','shortcut_set_title_callback','a:1:{i:0;i:4;}','','a:0:{}',6,'','',0,'modules/shortcut/shortcut.admin.inc'),('admin/config/user-interface/shortcut/%/add-link','a:1:{i:4;s:17:\"shortcut_set_load\";}','','shortcut_set_edit_access','a:1:{i:0;i:4;}','drupal_get_form','a:2:{i:0;s:17:\"shortcut_link_add\";i:1;i:4;}','',61,6,1,'admin/config/user-interface/shortcut/%','admin/config/user-interface/shortcut/%','Add shortcut','t','','','a:0:{}',388,'','',0,'modules/shortcut/shortcut.admin.inc'),('admin/config/user-interface/shortcut/%/add-link-inline','a:1:{i:4;s:17:\"shortcut_set_load\";}','','shortcut_set_edit_access','a:1:{i:0;i:4;}','shortcut_link_add_inline','a:1:{i:0;i:4;}','',61,6,0,'','admin/config/user-interface/shortcut/%/add-link-inline','Add shortcut','t','','','a:0:{}',0,'','',0,'modules/shortcut/shortcut.admin.inc'),('admin/config/user-interface/shortcut/%/delete','a:1:{i:4;s:17:\"shortcut_set_load\";}','','shortcut_set_delete_access','a:1:{i:0;i:4;}','drupal_get_form','a:2:{i:0;s:24:\"shortcut_set_delete_form\";i:1;i:4;}','',61,6,0,'','admin/config/user-interface/shortcut/%/delete','Delete shortcut set','t','','','a:0:{}',6,'','',0,'modules/shortcut/shortcut.admin.inc'),('admin/config/user-interface/shortcut/%/edit','a:1:{i:4;s:17:\"shortcut_set_load\";}','','shortcut_set_edit_access','a:1:{i:0;i:4;}','drupal_get_form','a:2:{i:0;s:22:\"shortcut_set_edit_form\";i:1;i:4;}','',61,6,1,'admin/config/user-interface/shortcut/%','admin/config/user-interface/shortcut/%','Edit set name','t','','','a:0:{}',132,'','',10,'modules/shortcut/shortcut.admin.inc'),('admin/config/user-interface/shortcut/%/links','a:1:{i:4;s:17:\"shortcut_set_load\";}','','shortcut_set_edit_access','a:1:{i:0;i:4;}','drupal_get_form','a:2:{i:0;s:22:\"shortcut_set_customize\";i:1;i:4;}','',61,6,1,'admin/config/user-interface/shortcut/%','admin/config/user-interface/shortcut/%','List links','t','','','a:0:{}',140,'','',0,'modules/shortcut/shortcut.admin.inc'),('admin/config/user-interface/shortcut/add-set','','','user_access','a:1:{i:0;s:20:\"administer shortcuts\";}','drupal_get_form','a:1:{i:0;s:21:\"shortcut_set_add_form\";}','',31,5,1,'admin/config/user-interface/shortcut','admin/config/user-interface/shortcut','Add shortcut set','t','','','a:0:{}',388,'','',0,'modules/shortcut/shortcut.admin.inc'),('admin/config/user-interface/shortcut/link/%','a:1:{i:5;s:14:\"menu_link_load\";}','','shortcut_link_access','a:1:{i:0;i:5;}','drupal_get_form','a:2:{i:0;s:18:\"shortcut_link_edit\";i:1;i:5;}','',62,6,0,'','admin/config/user-interface/shortcut/link/%','Edit shortcut','t','','','a:0:{}',6,'','',0,'modules/shortcut/shortcut.admin.inc'),('admin/config/user-interface/shortcut/link/%/delete','a:1:{i:5;s:14:\"menu_link_load\";}','','shortcut_link_access','a:1:{i:0;i:5;}','drupal_get_form','a:2:{i:0;s:20:\"shortcut_link_delete\";i:1;i:5;}','',125,7,0,'','admin/config/user-interface/shortcut/link/%/delete','Delete shortcut','t','','','a:0:{}',6,'','',0,'modules/shortcut/shortcut.admin.inc'),('admin/config/user-interface/void_menu','','','user_access','a:1:{i:0;s:29:\"administer site configuration\";}','drupal_get_form','a:1:{i:0;s:29:\"void_menu_admin_settings_form\";}','',15,4,0,'','admin/config/user-interface/void_menu','Void Menu','t','','','a:0:{}',6,'Configure Void Menu.','',0,''),('admin/config/workflow','','','user_access','a:1:{i:0;s:27:\"access administration pages\";}','system_admin_menu_block_page','a:0:{}','',7,3,0,'','admin/config/workflow','Workflow','t','','','a:0:{}',6,'Content workflow, editorial workflow tools.','right',5,'modules/system/system.admin.inc'),('admin/content','','','user_access','a:1:{i:0;s:23:\"access content overview\";}','drupal_get_form','a:1:{i:0;s:18:\"node_admin_content\";}','',3,2,0,'','admin/content','Content','t','','','a:0:{}',6,'Find and manage content.','',-10,'modules/node/node.admin.inc'),('admin/content/node','','','user_access','a:1:{i:0;s:23:\"access content overview\";}','drupal_get_form','a:1:{i:0;s:18:\"node_admin_content\";}','',7,3,1,'admin/content','admin/content','Content','t','','','a:0:{}',140,'','',-10,'modules/node/node.admin.inc'),('admin/content/webform','','','user_access','a:1:{i:0;s:26:\"access all webform results\";}','webform_admin_content','a:0:{}','',7,3,1,'admin/content','admin/content','Webforms','t','','','a:0:{}',132,'View and edit all the available webforms on your site.','',0,'sites/all/modules/webform/includes/webform.admin.inc'),('admin/index','','','user_access','a:1:{i:0;s:27:\"access administration pages\";}','system_admin_index','a:0:{}','',3,2,1,'admin','admin','Index','t','','','a:0:{}',132,'','',-18,'modules/system/system.admin.inc'),('admin/modules','','','user_access','a:1:{i:0;s:18:\"administer modules\";}','drupal_get_form','a:1:{i:0;s:14:\"system_modules\";}','',3,2,0,'','admin/modules','Modules','t','','','a:0:{}',6,'Extend site functionality.','',-2,'modules/system/system.admin.inc'),('admin/modules/install','','','update_manager_access','a:0:{}','drupal_get_form','a:2:{i:0;s:27:\"update_manager_install_form\";i:1;s:6:\"module\";}','',7,3,1,'admin/modules','admin/modules','Install new module','t','','','a:0:{}',388,'','',25,'modules/update/update.manager.inc'),('admin/modules/list','','','user_access','a:1:{i:0;s:18:\"administer modules\";}','drupal_get_form','a:1:{i:0;s:14:\"system_modules\";}','',7,3,1,'admin/modules','admin/modules','List','t','','','a:0:{}',140,'','',0,'modules/system/system.admin.inc'),('admin/modules/list/confirm','','','user_access','a:1:{i:0;s:18:\"administer modules\";}','drupal_get_form','a:1:{i:0;s:14:\"system_modules\";}','',15,4,0,'','admin/modules/list/confirm','List','t','','','a:0:{}',4,'','',0,'modules/system/system.admin.inc'),('admin/modules/uninstall','','','user_access','a:1:{i:0;s:18:\"administer modules\";}','drupal_get_form','a:1:{i:0;s:24:\"system_modules_uninstall\";}','',7,3,1,'admin/modules','admin/modules','Uninstall','t','','','a:0:{}',132,'','',20,'modules/system/system.admin.inc'),('admin/modules/uninstall/confirm','','','user_access','a:1:{i:0;s:18:\"administer modules\";}','drupal_get_form','a:1:{i:0;s:24:\"system_modules_uninstall\";}','',15,4,0,'','admin/modules/uninstall/confirm','Uninstall','t','','','a:0:{}',4,'','',0,'modules/system/system.admin.inc'),('admin/modules/update','','','update_manager_access','a:0:{}','drupal_get_form','a:2:{i:0;s:26:\"update_manager_update_form\";i:1;s:6:\"module\";}','',7,3,1,'admin/modules','admin/modules','Update','t','','','a:0:{}',132,'','',10,'modules/update/update.manager.inc'),('admin/people','','','user_access','a:1:{i:0;s:16:\"administer users\";}','user_admin','a:1:{i:0;s:4:\"list\";}','',3,2,0,'','admin/people','People','t','','','a:0:{}',6,'Manage user accounts, roles, and permissions.','left',-4,'modules/user/user.admin.inc'),('admin/people/create','','','user_access','a:1:{i:0;s:16:\"administer users\";}','user_admin','a:1:{i:0;s:6:\"create\";}','',7,3,1,'admin/people','admin/people','Add user','t','','','a:0:{}',388,'','',0,'modules/user/user.admin.inc'),('admin/people/people','','','user_access','a:1:{i:0;s:16:\"administer users\";}','user_admin','a:1:{i:0;s:4:\"list\";}','',7,3,1,'admin/people','admin/people','List','t','','','a:0:{}',140,'Find and manage people interacting with your site.','',-10,'modules/user/user.admin.inc'),('admin/people/permissions','','','user_access','a:1:{i:0;s:22:\"administer permissions\";}','drupal_get_form','a:1:{i:0;s:22:\"user_admin_permissions\";}','',7,3,1,'admin/people','admin/people','Permissions','t','','','a:0:{}',132,'Determine access to features by selecting permissions for roles.','',0,'modules/user/user.admin.inc'),('admin/people/permissions/list','','','user_access','a:1:{i:0;s:22:\"administer permissions\";}','drupal_get_form','a:1:{i:0;s:22:\"user_admin_permissions\";}','',15,4,1,'admin/people/permissions','admin/people','Permissions','t','','','a:0:{}',140,'Determine access to features by selecting permissions for roles.','',-8,'modules/user/user.admin.inc'),('admin/people/permissions/roles','','','user_access','a:1:{i:0;s:22:\"administer permissions\";}','drupal_get_form','a:1:{i:0;s:16:\"user_admin_roles\";}','',15,4,1,'admin/people/permissions','admin/people','Roles','t','','','a:0:{}',132,'List, edit, or add user roles.','',-5,'modules/user/user.admin.inc'),('admin/people/permissions/roles/delete/%','a:1:{i:5;s:14:\"user_role_load\";}','','user_role_edit_access','a:1:{i:0;i:5;}','drupal_get_form','a:2:{i:0;s:30:\"user_admin_role_delete_confirm\";i:1;i:5;}','',62,6,0,'','admin/people/permissions/roles/delete/%','Delete role','t','','','a:0:{}',6,'','',0,'modules/user/user.admin.inc'),('admin/people/permissions/roles/edit/%','a:1:{i:5;s:14:\"user_role_load\";}','','user_role_edit_access','a:1:{i:0;i:5;}','drupal_get_form','a:2:{i:0;s:15:\"user_admin_role\";i:1;i:5;}','',62,6,0,'','admin/people/permissions/roles/edit/%','Edit role','t','','','a:0:{}',6,'','',0,'modules/user/user.admin.inc'),('admin/reports','','','user_access','a:1:{i:0;s:19:\"access site reports\";}','system_admin_menu_block_page','a:0:{}','',3,2,0,'','admin/reports','Reports','t','','','a:0:{}',6,'View reports, updates, and errors.','left',5,'modules/system/system.admin.inc'),('admin/reports/checklistapi','','','user_access','a:1:{i:0;s:35:\"view checklistapi checklists report\";}','checklistapi_report_form','a:0:{}','',7,3,0,'','admin/reports/checklistapi','Checklists','t','','','a:0:{}',6,'Get an overview of your installed checklists with progress details.','',0,'sites/all/modules/checklistapi/checklistapi.admin.inc'),('admin/reports/fields','','','user_access','a:1:{i:0;s:24:\"administer content types\";}','field_ui_fields_list','a:0:{}','',7,3,0,'','admin/reports/fields','Field list','t','','','a:0:{}',6,'Overview of fields on all entity types.','',0,'modules/field_ui/field_ui.admin.inc'),('admin/reports/fields/list','','','user_access','a:1:{i:0;s:24:\"administer content types\";}','field_ui_fields_list','a:0:{}','',15,4,1,'admin/reports/fields','admin/reports/fields','List','t','','','a:0:{}',140,'','',-10,'modules/field_ui/field_ui.admin.inc'),('admin/reports/fields/views-fields','','','user_access','a:1:{i:0;s:16:\"administer views\";}','views_ui_field_list','a:0:{}','',15,4,1,'admin/reports/fields','admin/reports/fields','Used in views','t','','','a:0:{}',132,'Overview of fields used in all views.','',0,'sites/all/modules/views/includes/admin.inc'),('admin/reports/status','','','user_access','a:1:{i:0;s:29:\"administer site configuration\";}','system_status','a:0:{}','',7,3,0,'','admin/reports/status','Status report','t','','','a:0:{}',6,'Get a status report about your site\'s operation and any detected problems.','',-60,'modules/system/system.admin.inc'),('admin/reports/status/php','','','user_access','a:1:{i:0;s:29:\"administer site configuration\";}','system_php','a:0:{}','',15,4,0,'','admin/reports/status/php','PHP','t','','','a:0:{}',0,'','',0,'modules/system/system.admin.inc'),('admin/reports/status/rebuild','','','user_access','a:1:{i:0;s:27:\"access administration pages\";}','drupal_get_form','a:1:{i:0;s:30:\"node_configure_rebuild_confirm\";}','',15,4,0,'','admin/reports/status/rebuild','Rebuild permissions','t','','','a:0:{}',0,'','',0,'modules/node/node.admin.inc'),('admin/reports/status/run-cron','','','user_access','a:1:{i:0;s:29:\"administer site configuration\";}','system_run_cron','a:0:{}','',15,4,0,'','admin/reports/status/run-cron','Run cron','t','','','a:0:{}',0,'','',0,'modules/system/system.admin.inc'),('admin/reports/updates','','','user_access','a:1:{i:0;s:29:\"administer site configuration\";}','update_status','a:0:{}','',7,3,0,'','admin/reports/updates','Available updates','t','','','a:0:{}',6,'Get a status report about available updates for your installed modules and themes.','',-50,'modules/update/update.report.inc'),('admin/reports/updates/check','','','user_access','a:1:{i:0;s:29:\"administer site configuration\";}','update_manual_status','a:0:{}','',15,4,0,'','admin/reports/updates/check','Manual update check','t','','','a:0:{}',0,'','',0,'modules/update/update.fetch.inc'),('admin/reports/updates/install','','','update_manager_access','a:0:{}','drupal_get_form','a:2:{i:0;s:27:\"update_manager_install_form\";i:1;s:6:\"report\";}','',15,4,1,'admin/reports/updates','admin/reports/updates','Install new module or theme','t','','','a:0:{}',388,'','',25,'modules/update/update.manager.inc'),('admin/reports/updates/list','','','user_access','a:1:{i:0;s:29:\"administer site configuration\";}','update_status','a:0:{}','',15,4,1,'admin/reports/updates','admin/reports/updates','List','t','','','a:0:{}',140,'','',0,'modules/update/update.report.inc'),('admin/reports/updates/settings','','','user_access','a:1:{i:0;s:29:\"administer site configuration\";}','drupal_get_form','a:1:{i:0;s:15:\"update_settings\";}','',15,4,1,'admin/reports/updates','admin/reports/updates','Settings','t','','','a:0:{}',132,'','',50,'modules/update/update.settings.inc'),('admin/reports/updates/update','','','update_manager_access','a:0:{}','drupal_get_form','a:2:{i:0;s:26:\"update_manager_update_form\";i:1;s:6:\"report\";}','',15,4,1,'admin/reports/updates','admin/reports/updates','Update','t','','','a:0:{}',132,'','',10,'modules/update/update.manager.inc'),('admin/reports/views-plugins','','','user_access','a:1:{i:0;s:16:\"administer views\";}','views_ui_plugin_list','a:0:{}','',7,3,0,'','admin/reports/views-plugins','Views plugins','t','','','a:0:{}',6,'Overview of plugins used in all views.','',0,'sites/all/modules/views/includes/admin.inc'),('admin/structure','','','user_access','a:1:{i:0;s:27:\"access administration pages\";}','system_admin_menu_block_page','a:0:{}','',3,2,0,'','admin/structure','Structure','t','','','a:0:{}',6,'Administer blocks, content types, menus, etc.','right',-8,'modules/system/system.admin.inc'),('admin/structure/block','','','user_access','a:1:{i:0;s:17:\"administer blocks\";}','block_admin_display','a:1:{i:0;s:4:\"kmcs\";}','',7,3,0,'','admin/structure/block','Blocks','t','','','a:0:{}',6,'Configure what block content appears in your site\'s sidebars and other regions.','',0,'modules/block/block.admin.inc'),('admin/structure/block/add','','','user_access','a:1:{i:0;s:17:\"administer blocks\";}','drupal_get_form','a:1:{i:0;s:20:\"block_add_block_form\";}','',15,4,1,'admin/structure/block','admin/structure/block','Add block','t','','','a:0:{}',388,'','',0,'modules/block/block.admin.inc'),('admin/structure/block/demo/bartik','','','_block_themes_access','a:1:{i:0;O:8:\"stdClass\":12:{s:8:\"filename\";s:25:\"themes/bartik/bartik.info\";s:4:\"name\";s:6:\"bartik\";s:4:\"type\";s:5:\"theme\";s:5:\"owner\";s:45:\"themes/engines/phptemplate/phptemplate.engine\";s:6:\"status\";s:1:\"1\";s:9:\"bootstrap\";s:1:\"0\";s:14:\"schema_version\";s:2:\"-1\";s:6:\"weight\";s:1:\"0\";s:4:\"info\";a:18:{s:4:\"name\";s:6:\"Bartik\";s:11:\"description\";s:48:\"A flexible, recolorable theme with many regions.\";s:7:\"package\";s:4:\"Core\";s:7:\"version\";s:4:\"7.43\";s:4:\"core\";s:3:\"7.x\";s:11:\"stylesheets\";a:2:{s:3:\"all\";a:3:{s:14:\"css/layout.css\";s:28:\"themes/bartik/css/layout.css\";s:13:\"css/style.css\";s:27:\"themes/bartik/css/style.css\";s:14:\"css/colors.css\";s:28:\"themes/bartik/css/colors.css\";}s:5:\"print\";a:1:{s:13:\"css/print.css\";s:27:\"themes/bartik/css/print.css\";}}s:7:\"regions\";a:17:{s:6:\"header\";s:6:\"Header\";s:4:\"help\";s:4:\"Help\";s:8:\"page_top\";s:8:\"Page top\";s:11:\"page_bottom\";s:11:\"Page bottom\";s:11:\"highlighted\";s:11:\"Highlighted\";s:8:\"featured\";s:8:\"Featured\";s:7:\"content\";s:7:\"Content\";s:13:\"sidebar_first\";s:13:\"Sidebar first\";s:14:\"sidebar_second\";s:14:\"Sidebar second\";s:14:\"triptych_first\";s:14:\"Triptych first\";s:15:\"triptych_middle\";s:15:\"Triptych middle\";s:13:\"triptych_last\";s:13:\"Triptych last\";s:18:\"footer_firstcolumn\";s:19:\"Footer first column\";s:19:\"footer_secondcolumn\";s:20:\"Footer second column\";s:18:\"footer_thirdcolumn\";s:19:\"Footer third column\";s:19:\"footer_fourthcolumn\";s:20:\"Footer fourth column\";s:6:\"footer\";s:6:\"Footer\";}s:8:\"settings\";a:1:{s:20:\"shortcut_module_link\";s:1:\"0\";}s:7:\"project\";s:6:\"drupal\";s:9:\"datestamp\";s:10:\"1456343506\";s:6:\"engine\";s:11:\"phptemplate\";s:8:\"features\";a:9:{i:0;s:4:\"logo\";i:1;s:7:\"favicon\";i:2;s:4:\"name\";i:3;s:6:\"slogan\";i:4;s:17:\"node_user_picture\";i:5;s:20:\"comment_user_picture\";i:6;s:25:\"comment_user_verification\";i:7;s:9:\"main_menu\";i:8;s:14:\"secondary_menu\";}s:10:\"screenshot\";s:28:\"themes/bartik/screenshot.png\";s:3:\"php\";s:5:\"5.2.4\";s:7:\"scripts\";a:0:{}s:5:\"mtime\";i:1456329106;s:14:\"regions_hidden\";a:2:{i:0;s:8:\"page_top\";i:1;s:11:\"page_bottom\";}s:28:\"overlay_supplemental_regions\";a:1:{i:0;s:8:\"page_top\";}}s:6:\"prefix\";s:11:\"phptemplate\";s:11:\"stylesheets\";a:2:{s:3:\"all\";a:3:{s:14:\"css/layout.css\";s:28:\"themes/bartik/css/layout.css\";s:13:\"css/style.css\";s:27:\"themes/bartik/css/style.css\";s:14:\"css/colors.css\";s:28:\"themes/bartik/css/colors.css\";}s:5:\"print\";a:1:{s:13:\"css/print.css\";s:27:\"themes/bartik/css/print.css\";}}s:6:\"engine\";s:11:\"phptemplate\";}}','block_admin_demo','a:1:{i:0;s:6:\"bartik\";}','',31,5,0,'','admin/structure/block/demo/bartik','Bartik','t','','_block_custom_theme','a:1:{i:0;s:6:\"bartik\";}',0,'','',0,'modules/block/block.admin.inc'),('admin/structure/block/demo/garland','','','_block_themes_access','a:1:{i:0;O:8:\"stdClass\":12:{s:8:\"filename\";s:27:\"themes/garland/garland.info\";s:4:\"name\";s:7:\"garland\";s:4:\"type\";s:5:\"theme\";s:5:\"owner\";s:45:\"themes/engines/phptemplate/phptemplate.engine\";s:6:\"status\";s:1:\"1\";s:9:\"bootstrap\";s:1:\"0\";s:14:\"schema_version\";s:2:\"-1\";s:6:\"weight\";s:1:\"0\";s:4:\"info\";a:18:{s:4:\"name\";s:7:\"Garland\";s:11:\"description\";s:111:\"A multi-column theme which can be configured to modify colors and switch between fixed and fluid width layouts.\";s:7:\"package\";s:4:\"Core\";s:7:\"version\";s:4:\"7.43\";s:4:\"core\";s:3:\"7.x\";s:11:\"stylesheets\";a:2:{s:3:\"all\";a:1:{s:9:\"style.css\";s:24:\"themes/garland/style.css\";}s:5:\"print\";a:1:{s:9:\"print.css\";s:24:\"themes/garland/print.css\";}}s:8:\"settings\";a:1:{s:13:\"garland_width\";s:5:\"fluid\";}s:7:\"project\";s:6:\"drupal\";s:9:\"datestamp\";s:10:\"1456343506\";s:6:\"engine\";s:11:\"phptemplate\";s:7:\"regions\";a:9:{s:13:\"sidebar_first\";s:12:\"Left sidebar\";s:14:\"sidebar_second\";s:13:\"Right sidebar\";s:7:\"content\";s:7:\"Content\";s:6:\"header\";s:6:\"Header\";s:6:\"footer\";s:6:\"Footer\";s:11:\"highlighted\";s:11:\"Highlighted\";s:4:\"help\";s:4:\"Help\";s:8:\"page_top\";s:8:\"Page top\";s:11:\"page_bottom\";s:11:\"Page bottom\";}s:8:\"features\";a:9:{i:0;s:4:\"logo\";i:1;s:7:\"favicon\";i:2;s:4:\"name\";i:3;s:6:\"slogan\";i:4;s:17:\"node_user_picture\";i:5;s:20:\"comment_user_picture\";i:6;s:25:\"comment_user_verification\";i:7;s:9:\"main_menu\";i:8;s:14:\"secondary_menu\";}s:10:\"screenshot\";s:29:\"themes/garland/screenshot.png\";s:3:\"php\";s:5:\"5.2.4\";s:7:\"scripts\";a:0:{}s:5:\"mtime\";i:1456329106;s:14:\"regions_hidden\";a:2:{i:0;s:8:\"page_top\";i:1;s:11:\"page_bottom\";}s:28:\"overlay_supplemental_regions\";a:1:{i:0;s:8:\"page_top\";}}s:6:\"prefix\";s:11:\"phptemplate\";s:11:\"stylesheets\";a:2:{s:3:\"all\";a:1:{s:9:\"style.css\";s:24:\"themes/garland/style.css\";}s:5:\"print\";a:1:{s:9:\"print.css\";s:24:\"themes/garland/print.css\";}}s:6:\"engine\";s:11:\"phptemplate\";}}','block_admin_demo','a:1:{i:0;s:7:\"garland\";}','',31,5,0,'','admin/structure/block/demo/garland','Garland','t','','_block_custom_theme','a:1:{i:0;s:7:\"garland\";}',0,'','',0,'modules/block/block.admin.inc'),('admin/structure/block/demo/handy','','','_block_themes_access','a:1:{i:0;O:8:\"stdClass\":14:{s:8:\"filename\";s:33:\"sites/all/themes/Handy/handy.info\";s:4:\"name\";s:5:\"handy\";s:4:\"type\";s:5:\"theme\";s:5:\"owner\";s:45:\"themes/engines/phptemplate/phptemplate.engine\";s:6:\"status\";s:1:\"1\";s:9:\"bootstrap\";s:1:\"0\";s:14:\"schema_version\";s:2:\"-1\";s:6:\"weight\";s:1:\"0\";s:4:\"info\";a:14:{s:4:\"name\";s:5:\"Handy\";s:11:\"description\";s:32:\"Handy is a base theme for drupal\";s:7:\"version\";s:3:\"2.0\";s:4:\"core\";s:3:\"7.x\";s:10:\"screenshot\";s:37:\"sites/all/themes/Handy/screenshot.jpg\";s:11:\"stylesheets\";a:1:{s:3:\"all\";a:10:{s:13:\"css/reset.css\";s:36:\"sites/all/themes/Handy/css/reset.css\";s:11:\"css/col.css\";s:34:\"sites/all/themes/Handy/css/col.css\";s:15:\"css/default.css\";s:38:\"sites/all/themes/Handy/css/default.css\";s:11:\"css/480.css\";s:34:\"sites/all/themes/Handy/css/480.css\";s:11:\"css/768.css\";s:34:\"sites/all/themes/Handy/css/768.css\";s:12:\"css/1024.css\";s:35:\"sites/all/themes/Handy/css/1024.css\";s:12:\"css/menu.css\";s:35:\"sites/all/themes/Handy/css/menu.css\";s:15:\"css/gallery.css\";s:38:\"sites/all/themes/Handy/css/gallery.css\";s:16:\"css/calender.css\";s:39:\"sites/all/themes/Handy/css/calender.css\";s:14:\"css/slider.css\";s:37:\"sites/all/themes/Handy/css/slider.css\";}}s:7:\"scripts\";a:2:{s:30:\"js/jquery-migrate-1.2.1.min.js\";s:53:\"sites/all/themes/Handy/js/jquery-migrate-1.2.1.min.js\";s:10:\"js/menu.js\";s:33:\"sites/all/themes/Handy/js/menu.js\";}s:8:\"features\";a:6:{i:0;s:4:\"logo\";i:1;s:4:\"name\";i:2;s:6:\"slogan\";i:3;s:9:\"main_menu\";i:4;s:14:\"secondary_menu\";i:5;s:7:\"favicon\";}s:7:\"regions\";a:13:{s:8:\"page_top\";s:8:\"Page top\";s:6:\"header\";s:6:\"Header\";s:4:\"menu\";s:4:\"menu\";s:9:\"highlight\";s:9:\"Highlight\";s:4:\"help\";s:4:\"Help\";s:7:\"content\";s:7:\"Content\";s:13:\"sidebar_first\";s:13:\"First sidebar\";s:14:\"sidebar_second\";s:14:\"Second sidebar\";s:11:\"footer_left\";s:11:\"Footer left\";s:13:\"footer_center\";s:13:\"Footer center\";s:12:\"footer_right\";s:12:\"Footer right\";s:6:\"footer\";s:13:\"Footer bottom\";s:11:\"page_bottom\";s:11:\"Page bottom\";}s:6:\"engine\";s:11:\"phptemplate\";s:3:\"php\";s:5:\"5.2.4\";s:5:\"mtime\";i:1461780142;s:14:\"regions_hidden\";a:2:{i:0;s:8:\"page_top\";i:1;s:11:\"page_bottom\";}s:28:\"overlay_supplemental_regions\";a:1:{i:0;s:8:\"page_top\";}}s:6:\"prefix\";s:11:\"phptemplate\";s:10:\"sub_themes\";a:1:{s:4:\"kmcs\";s:4:\"kmcs\";}s:11:\"stylesheets\";a:1:{s:3:\"all\";a:10:{s:13:\"css/reset.css\";s:36:\"sites/all/themes/Handy/css/reset.css\";s:11:\"css/col.css\";s:34:\"sites/all/themes/Handy/css/col.css\";s:15:\"css/default.css\";s:38:\"sites/all/themes/Handy/css/default.css\";s:11:\"css/480.css\";s:34:\"sites/all/themes/Handy/css/480.css\";s:11:\"css/768.css\";s:34:\"sites/all/themes/Handy/css/768.css\";s:12:\"css/1024.css\";s:35:\"sites/all/themes/Handy/css/1024.css\";s:12:\"css/menu.css\";s:35:\"sites/all/themes/Handy/css/menu.css\";s:15:\"css/gallery.css\";s:38:\"sites/all/themes/Handy/css/gallery.css\";s:16:\"css/calender.css\";s:39:\"sites/all/themes/Handy/css/calender.css\";s:14:\"css/slider.css\";s:37:\"sites/all/themes/Handy/css/slider.css\";}}s:7:\"scripts\";a:2:{s:30:\"js/jquery-migrate-1.2.1.min.js\";s:53:\"sites/all/themes/Handy/js/jquery-migrate-1.2.1.min.js\";s:10:\"js/menu.js\";s:33:\"sites/all/themes/Handy/js/menu.js\";}s:6:\"engine\";s:11:\"phptemplate\";}}','block_admin_demo','a:1:{i:0;s:5:\"handy\";}','',31,5,0,'','admin/structure/block/demo/handy','Handy','t','','_block_custom_theme','a:1:{i:0;s:5:\"handy\";}',0,'','',0,'modules/block/block.admin.inc'),('admin/structure/block/demo/kmcs','','','_block_themes_access','a:1:{i:0;O:8:\"stdClass\":14:{s:8:\"filename\";s:31:\"sites/all/themes/kmcs/kmcs.info\";s:4:\"name\";s:4:\"kmcs\";s:4:\"type\";s:5:\"theme\";s:5:\"owner\";s:45:\"themes/engines/phptemplate/phptemplate.engine\";s:6:\"status\";s:1:\"1\";s:9:\"bootstrap\";s:1:\"0\";s:14:\"schema_version\";s:2:\"-1\";s:6:\"weight\";s:1:\"0\";s:4:\"info\";a:15:{s:4:\"name\";s:4:\"kmcs\";s:11:\"description\";s:17:\"Keepsake Memories\";s:7:\"version\";s:1:\"1\";s:4:\"core\";s:3:\"7.x\";s:10:\"screenshot\";s:36:\"sites/all/themes/kmcs/screenshot.jpg\";s:10:\"base theme\";s:5:\"handy\";s:11:\"stylesheets\";a:1:{s:3:\"all\";a:1:{s:14:\"css/global.css\";s:36:\"sites/all/themes/kmcs/css/global.css\";}}s:8:\"features\";a:5:{i:0;s:4:\"logo\";i:1;s:4:\"name\";i:2;s:6:\"slogan\";i:3;s:9:\"main_menu\";i:4;s:14:\"secondary_menu\";}s:7:\"regions\";a:12:{s:8:\"page_top\";s:8:\"Page top\";s:6:\"header\";s:6:\"Header\";s:9:\"highlight\";s:9:\"Highlight\";s:4:\"help\";s:4:\"Help\";s:7:\"content\";s:7:\"Content\";s:13:\"sidebar_first\";s:13:\"First sidebar\";s:14:\"sidebar_second\";s:14:\"Second sidebar\";s:11:\"footer_left\";s:11:\"Footer Left\";s:13:\"footer_center\";s:13:\"Footer Center\";s:12:\"footer_right\";s:12:\"Footer Right\";s:6:\"footer\";s:6:\"Footer\";s:11:\"page_bottom\";s:11:\"Page bottom\";}s:6:\"engine\";s:11:\"phptemplate\";s:3:\"php\";s:5:\"5.2.4\";s:7:\"scripts\";a:0:{}s:5:\"mtime\";i:1461780142;s:14:\"regions_hidden\";a:2:{i:0;s:8:\"page_top\";i:1;s:11:\"page_bottom\";}s:28:\"overlay_supplemental_regions\";a:1:{i:0;s:8:\"page_top\";}}s:11:\"base_themes\";a:1:{s:5:\"handy\";s:5:\"Handy\";}s:6:\"prefix\";s:11:\"phptemplate\";s:11:\"stylesheets\";a:1:{s:3:\"all\";a:1:{s:14:\"css/global.css\";s:36:\"sites/all/themes/kmcs/css/global.css\";}}s:6:\"engine\";s:11:\"phptemplate\";s:10:\"base_theme\";s:5:\"handy\";}}','block_admin_demo','a:1:{i:0;s:4:\"kmcs\";}','',31,5,0,'','admin/structure/block/demo/kmcs','kmcs','t','','_block_custom_theme','a:1:{i:0;s:4:\"kmcs\";}',0,'','',0,'modules/block/block.admin.inc'),('admin/structure/block/demo/seven','','','_block_themes_access','a:1:{i:0;O:8:\"stdClass\":12:{s:8:\"filename\";s:23:\"themes/seven/seven.info\";s:4:\"name\";s:5:\"seven\";s:4:\"type\";s:5:\"theme\";s:5:\"owner\";s:45:\"themes/engines/phptemplate/phptemplate.engine\";s:6:\"status\";s:1:\"1\";s:9:\"bootstrap\";s:1:\"0\";s:14:\"schema_version\";s:2:\"-1\";s:6:\"weight\";s:1:\"0\";s:4:\"info\";a:18:{s:4:\"name\";s:5:\"Seven\";s:11:\"description\";s:65:\"A simple one-column, tableless, fluid width administration theme.\";s:7:\"package\";s:4:\"Core\";s:7:\"version\";s:4:\"7.43\";s:4:\"core\";s:3:\"7.x\";s:11:\"stylesheets\";a:1:{s:6:\"screen\";a:2:{s:9:\"reset.css\";s:22:\"themes/seven/reset.css\";s:9:\"style.css\";s:22:\"themes/seven/style.css\";}}s:8:\"settings\";a:1:{s:20:\"shortcut_module_link\";s:1:\"1\";}s:7:\"regions\";a:5:{s:7:\"content\";s:7:\"Content\";s:4:\"help\";s:4:\"Help\";s:8:\"page_top\";s:8:\"Page top\";s:11:\"page_bottom\";s:11:\"Page bottom\";s:13:\"sidebar_first\";s:13:\"First sidebar\";}s:14:\"regions_hidden\";a:3:{i:0;s:13:\"sidebar_first\";i:1;s:8:\"page_top\";i:2;s:11:\"page_bottom\";}s:7:\"project\";s:6:\"drupal\";s:9:\"datestamp\";s:10:\"1456343506\";s:6:\"engine\";s:11:\"phptemplate\";s:8:\"features\";a:9:{i:0;s:4:\"logo\";i:1;s:7:\"favicon\";i:2;s:4:\"name\";i:3;s:6:\"slogan\";i:4;s:17:\"node_user_picture\";i:5;s:20:\"comment_user_picture\";i:6;s:25:\"comment_user_verification\";i:7;s:9:\"main_menu\";i:8;s:14:\"secondary_menu\";}s:10:\"screenshot\";s:27:\"themes/seven/screenshot.png\";s:3:\"php\";s:5:\"5.2.4\";s:7:\"scripts\";a:0:{}s:5:\"mtime\";i:1456329106;s:28:\"overlay_supplemental_regions\";a:1:{i:0;s:8:\"page_top\";}}s:6:\"prefix\";s:11:\"phptemplate\";s:11:\"stylesheets\";a:1:{s:6:\"screen\";a:2:{s:9:\"reset.css\";s:22:\"themes/seven/reset.css\";s:9:\"style.css\";s:22:\"themes/seven/style.css\";}}s:6:\"engine\";s:11:\"phptemplate\";}}','block_admin_demo','a:1:{i:0;s:5:\"seven\";}','',31,5,0,'','admin/structure/block/demo/seven','Seven','t','','_block_custom_theme','a:1:{i:0;s:5:\"seven\";}',0,'','',0,'modules/block/block.admin.inc'),('admin/structure/block/demo/stark','','','_block_themes_access','a:1:{i:0;O:8:\"stdClass\":12:{s:8:\"filename\";s:23:\"themes/stark/stark.info\";s:4:\"name\";s:5:\"stark\";s:4:\"type\";s:5:\"theme\";s:5:\"owner\";s:45:\"themes/engines/phptemplate/phptemplate.engine\";s:6:\"status\";s:1:\"0\";s:9:\"bootstrap\";s:1:\"0\";s:14:\"schema_version\";s:2:\"-1\";s:6:\"weight\";s:1:\"0\";s:4:\"info\";a:17:{s:4:\"name\";s:5:\"Stark\";s:11:\"description\";s:208:\"This theme demonstrates Drupal\'s default HTML markup and CSS styles. To learn how to build your own theme and override Drupal\'s default code, see the <a href=\"http://drupal.org/theme-guide\">Theming Guide</a>.\";s:7:\"package\";s:4:\"Core\";s:7:\"version\";s:4:\"7.43\";s:4:\"core\";s:3:\"7.x\";s:11:\"stylesheets\";a:1:{s:3:\"all\";a:1:{s:10:\"layout.css\";s:23:\"themes/stark/layout.css\";}}s:7:\"project\";s:6:\"drupal\";s:9:\"datestamp\";s:10:\"1456343506\";s:6:\"engine\";s:11:\"phptemplate\";s:7:\"regions\";a:9:{s:13:\"sidebar_first\";s:12:\"Left sidebar\";s:14:\"sidebar_second\";s:13:\"Right sidebar\";s:7:\"content\";s:7:\"Content\";s:6:\"header\";s:6:\"Header\";s:6:\"footer\";s:6:\"Footer\";s:11:\"highlighted\";s:11:\"Highlighted\";s:4:\"help\";s:4:\"Help\";s:8:\"page_top\";s:8:\"Page top\";s:11:\"page_bottom\";s:11:\"Page bottom\";}s:8:\"features\";a:9:{i:0;s:4:\"logo\";i:1;s:7:\"favicon\";i:2;s:4:\"name\";i:3;s:6:\"slogan\";i:4;s:17:\"node_user_picture\";i:5;s:20:\"comment_user_picture\";i:6;s:25:\"comment_user_verification\";i:7;s:9:\"main_menu\";i:8;s:14:\"secondary_menu\";}s:10:\"screenshot\";s:27:\"themes/stark/screenshot.png\";s:3:\"php\";s:5:\"5.2.4\";s:7:\"scripts\";a:0:{}s:5:\"mtime\";i:1456329106;s:14:\"regions_hidden\";a:2:{i:0;s:8:\"page_top\";i:1;s:11:\"page_bottom\";}s:28:\"overlay_supplemental_regions\";a:1:{i:0;s:8:\"page_top\";}}s:6:\"prefix\";s:11:\"phptemplate\";s:11:\"stylesheets\";a:1:{s:3:\"all\";a:1:{s:10:\"layout.css\";s:23:\"themes/stark/layout.css\";}}s:6:\"engine\";s:11:\"phptemplate\";}}','block_admin_demo','a:1:{i:0;s:5:\"stark\";}','',31,5,0,'','admin/structure/block/demo/stark','Stark','t','','_block_custom_theme','a:1:{i:0;s:5:\"stark\";}',0,'','',0,'modules/block/block.admin.inc'),('admin/structure/block/list/bartik','','','_block_themes_access','a:1:{i:0;O:8:\"stdClass\":12:{s:8:\"filename\";s:25:\"themes/bartik/bartik.info\";s:4:\"name\";s:6:\"bartik\";s:4:\"type\";s:5:\"theme\";s:5:\"owner\";s:45:\"themes/engines/phptemplate/phptemplate.engine\";s:6:\"status\";s:1:\"1\";s:9:\"bootstrap\";s:1:\"0\";s:14:\"schema_version\";s:2:\"-1\";s:6:\"weight\";s:1:\"0\";s:4:\"info\";a:18:{s:4:\"name\";s:6:\"Bartik\";s:11:\"description\";s:48:\"A flexible, recolorable theme with many regions.\";s:7:\"package\";s:4:\"Core\";s:7:\"version\";s:4:\"7.43\";s:4:\"core\";s:3:\"7.x\";s:11:\"stylesheets\";a:2:{s:3:\"all\";a:3:{s:14:\"css/layout.css\";s:28:\"themes/bartik/css/layout.css\";s:13:\"css/style.css\";s:27:\"themes/bartik/css/style.css\";s:14:\"css/colors.css\";s:28:\"themes/bartik/css/colors.css\";}s:5:\"print\";a:1:{s:13:\"css/print.css\";s:27:\"themes/bartik/css/print.css\";}}s:7:\"regions\";a:17:{s:6:\"header\";s:6:\"Header\";s:4:\"help\";s:4:\"Help\";s:8:\"page_top\";s:8:\"Page top\";s:11:\"page_bottom\";s:11:\"Page bottom\";s:11:\"highlighted\";s:11:\"Highlighted\";s:8:\"featured\";s:8:\"Featured\";s:7:\"content\";s:7:\"Content\";s:13:\"sidebar_first\";s:13:\"Sidebar first\";s:14:\"sidebar_second\";s:14:\"Sidebar second\";s:14:\"triptych_first\";s:14:\"Triptych first\";s:15:\"triptych_middle\";s:15:\"Triptych middle\";s:13:\"triptych_last\";s:13:\"Triptych last\";s:18:\"footer_firstcolumn\";s:19:\"Footer first column\";s:19:\"footer_secondcolumn\";s:20:\"Footer second column\";s:18:\"footer_thirdcolumn\";s:19:\"Footer third column\";s:19:\"footer_fourthcolumn\";s:20:\"Footer fourth column\";s:6:\"footer\";s:6:\"Footer\";}s:8:\"settings\";a:1:{s:20:\"shortcut_module_link\";s:1:\"0\";}s:7:\"project\";s:6:\"drupal\";s:9:\"datestamp\";s:10:\"1456343506\";s:6:\"engine\";s:11:\"phptemplate\";s:8:\"features\";a:9:{i:0;s:4:\"logo\";i:1;s:7:\"favicon\";i:2;s:4:\"name\";i:3;s:6:\"slogan\";i:4;s:17:\"node_user_picture\";i:5;s:20:\"comment_user_picture\";i:6;s:25:\"comment_user_verification\";i:7;s:9:\"main_menu\";i:8;s:14:\"secondary_menu\";}s:10:\"screenshot\";s:28:\"themes/bartik/screenshot.png\";s:3:\"php\";s:5:\"5.2.4\";s:7:\"scripts\";a:0:{}s:5:\"mtime\";i:1456329106;s:14:\"regions_hidden\";a:2:{i:0;s:8:\"page_top\";i:1;s:11:\"page_bottom\";}s:28:\"overlay_supplemental_regions\";a:1:{i:0;s:8:\"page_top\";}}s:6:\"prefix\";s:11:\"phptemplate\";s:11:\"stylesheets\";a:2:{s:3:\"all\";a:3:{s:14:\"css/layout.css\";s:28:\"themes/bartik/css/layout.css\";s:13:\"css/style.css\";s:27:\"themes/bartik/css/style.css\";s:14:\"css/colors.css\";s:28:\"themes/bartik/css/colors.css\";}s:5:\"print\";a:1:{s:13:\"css/print.css\";s:27:\"themes/bartik/css/print.css\";}}s:6:\"engine\";s:11:\"phptemplate\";}}','block_admin_display','a:1:{i:0;s:6:\"bartik\";}','',31,5,1,'admin/structure/block','admin/structure/block','Bartik','t','','','a:0:{}',132,'','',0,'modules/block/block.admin.inc'),('admin/structure/block/list/bartik/add','','','user_access','a:1:{i:0;s:17:\"administer blocks\";}','drupal_get_form','a:1:{i:0;s:20:\"block_add_block_form\";}','',63,6,1,'admin/structure/block/list/bartik','admin/structure/block','Add block','t','','','a:0:{}',388,'','',0,'modules/block/block.admin.inc'),('admin/structure/block/list/garland','','','_block_themes_access','a:1:{i:0;O:8:\"stdClass\":12:{s:8:\"filename\";s:27:\"themes/garland/garland.info\";s:4:\"name\";s:7:\"garland\";s:4:\"type\";s:5:\"theme\";s:5:\"owner\";s:45:\"themes/engines/phptemplate/phptemplate.engine\";s:6:\"status\";s:1:\"1\";s:9:\"bootstrap\";s:1:\"0\";s:14:\"schema_version\";s:2:\"-1\";s:6:\"weight\";s:1:\"0\";s:4:\"info\";a:18:{s:4:\"name\";s:7:\"Garland\";s:11:\"description\";s:111:\"A multi-column theme which can be configured to modify colors and switch between fixed and fluid width layouts.\";s:7:\"package\";s:4:\"Core\";s:7:\"version\";s:4:\"7.43\";s:4:\"core\";s:3:\"7.x\";s:11:\"stylesheets\";a:2:{s:3:\"all\";a:1:{s:9:\"style.css\";s:24:\"themes/garland/style.css\";}s:5:\"print\";a:1:{s:9:\"print.css\";s:24:\"themes/garland/print.css\";}}s:8:\"settings\";a:1:{s:13:\"garland_width\";s:5:\"fluid\";}s:7:\"project\";s:6:\"drupal\";s:9:\"datestamp\";s:10:\"1456343506\";s:6:\"engine\";s:11:\"phptemplate\";s:7:\"regions\";a:9:{s:13:\"sidebar_first\";s:12:\"Left sidebar\";s:14:\"sidebar_second\";s:13:\"Right sidebar\";s:7:\"content\";s:7:\"Content\";s:6:\"header\";s:6:\"Header\";s:6:\"footer\";s:6:\"Footer\";s:11:\"highlighted\";s:11:\"Highlighted\";s:4:\"help\";s:4:\"Help\";s:8:\"page_top\";s:8:\"Page top\";s:11:\"page_bottom\";s:11:\"Page bottom\";}s:8:\"features\";a:9:{i:0;s:4:\"logo\";i:1;s:7:\"favicon\";i:2;s:4:\"name\";i:3;s:6:\"slogan\";i:4;s:17:\"node_user_picture\";i:5;s:20:\"comment_user_picture\";i:6;s:25:\"comment_user_verification\";i:7;s:9:\"main_menu\";i:8;s:14:\"secondary_menu\";}s:10:\"screenshot\";s:29:\"themes/garland/screenshot.png\";s:3:\"php\";s:5:\"5.2.4\";s:7:\"scripts\";a:0:{}s:5:\"mtime\";i:1456329106;s:14:\"regions_hidden\";a:2:{i:0;s:8:\"page_top\";i:1;s:11:\"page_bottom\";}s:28:\"overlay_supplemental_regions\";a:1:{i:0;s:8:\"page_top\";}}s:6:\"prefix\";s:11:\"phptemplate\";s:11:\"stylesheets\";a:2:{s:3:\"all\";a:1:{s:9:\"style.css\";s:24:\"themes/garland/style.css\";}s:5:\"print\";a:1:{s:9:\"print.css\";s:24:\"themes/garland/print.css\";}}s:6:\"engine\";s:11:\"phptemplate\";}}','block_admin_display','a:1:{i:0;s:7:\"garland\";}','',31,5,1,'admin/structure/block','admin/structure/block','Garland','t','','','a:0:{}',132,'','',0,'modules/block/block.admin.inc'),('admin/structure/block/list/garland/add','','','user_access','a:1:{i:0;s:17:\"administer blocks\";}','drupal_get_form','a:1:{i:0;s:20:\"block_add_block_form\";}','',63,6,1,'admin/structure/block/list/garland','admin/structure/block','Add block','t','','','a:0:{}',388,'','',0,'modules/block/block.admin.inc'),('admin/structure/block/list/handy','','','_block_themes_access','a:1:{i:0;O:8:\"stdClass\":14:{s:8:\"filename\";s:33:\"sites/all/themes/Handy/handy.info\";s:4:\"name\";s:5:\"handy\";s:4:\"type\";s:5:\"theme\";s:5:\"owner\";s:45:\"themes/engines/phptemplate/phptemplate.engine\";s:6:\"status\";s:1:\"1\";s:9:\"bootstrap\";s:1:\"0\";s:14:\"schema_version\";s:2:\"-1\";s:6:\"weight\";s:1:\"0\";s:4:\"info\";a:14:{s:4:\"name\";s:5:\"Handy\";s:11:\"description\";s:32:\"Handy is a base theme for drupal\";s:7:\"version\";s:3:\"2.0\";s:4:\"core\";s:3:\"7.x\";s:10:\"screenshot\";s:37:\"sites/all/themes/Handy/screenshot.jpg\";s:11:\"stylesheets\";a:1:{s:3:\"all\";a:10:{s:13:\"css/reset.css\";s:36:\"sites/all/themes/Handy/css/reset.css\";s:11:\"css/col.css\";s:34:\"sites/all/themes/Handy/css/col.css\";s:15:\"css/default.css\";s:38:\"sites/all/themes/Handy/css/default.css\";s:11:\"css/480.css\";s:34:\"sites/all/themes/Handy/css/480.css\";s:11:\"css/768.css\";s:34:\"sites/all/themes/Handy/css/768.css\";s:12:\"css/1024.css\";s:35:\"sites/all/themes/Handy/css/1024.css\";s:12:\"css/menu.css\";s:35:\"sites/all/themes/Handy/css/menu.css\";s:15:\"css/gallery.css\";s:38:\"sites/all/themes/Handy/css/gallery.css\";s:16:\"css/calender.css\";s:39:\"sites/all/themes/Handy/css/calender.css\";s:14:\"css/slider.css\";s:37:\"sites/all/themes/Handy/css/slider.css\";}}s:7:\"scripts\";a:2:{s:30:\"js/jquery-migrate-1.2.1.min.js\";s:53:\"sites/all/themes/Handy/js/jquery-migrate-1.2.1.min.js\";s:10:\"js/menu.js\";s:33:\"sites/all/themes/Handy/js/menu.js\";}s:8:\"features\";a:6:{i:0;s:4:\"logo\";i:1;s:4:\"name\";i:2;s:6:\"slogan\";i:3;s:9:\"main_menu\";i:4;s:14:\"secondary_menu\";i:5;s:7:\"favicon\";}s:7:\"regions\";a:13:{s:8:\"page_top\";s:8:\"Page top\";s:6:\"header\";s:6:\"Header\";s:4:\"menu\";s:4:\"menu\";s:9:\"highlight\";s:9:\"Highlight\";s:4:\"help\";s:4:\"Help\";s:7:\"content\";s:7:\"Content\";s:13:\"sidebar_first\";s:13:\"First sidebar\";s:14:\"sidebar_second\";s:14:\"Second sidebar\";s:11:\"footer_left\";s:11:\"Footer left\";s:13:\"footer_center\";s:13:\"Footer center\";s:12:\"footer_right\";s:12:\"Footer right\";s:6:\"footer\";s:13:\"Footer bottom\";s:11:\"page_bottom\";s:11:\"Page bottom\";}s:6:\"engine\";s:11:\"phptemplate\";s:3:\"php\";s:5:\"5.2.4\";s:5:\"mtime\";i:1461780142;s:14:\"regions_hidden\";a:2:{i:0;s:8:\"page_top\";i:1;s:11:\"page_bottom\";}s:28:\"overlay_supplemental_regions\";a:1:{i:0;s:8:\"page_top\";}}s:6:\"prefix\";s:11:\"phptemplate\";s:10:\"sub_themes\";a:1:{s:4:\"kmcs\";s:4:\"kmcs\";}s:11:\"stylesheets\";a:1:{s:3:\"all\";a:10:{s:13:\"css/reset.css\";s:36:\"sites/all/themes/Handy/css/reset.css\";s:11:\"css/col.css\";s:34:\"sites/all/themes/Handy/css/col.css\";s:15:\"css/default.css\";s:38:\"sites/all/themes/Handy/css/default.css\";s:11:\"css/480.css\";s:34:\"sites/all/themes/Handy/css/480.css\";s:11:\"css/768.css\";s:34:\"sites/all/themes/Handy/css/768.css\";s:12:\"css/1024.css\";s:35:\"sites/all/themes/Handy/css/1024.css\";s:12:\"css/menu.css\";s:35:\"sites/all/themes/Handy/css/menu.css\";s:15:\"css/gallery.css\";s:38:\"sites/all/themes/Handy/css/gallery.css\";s:16:\"css/calender.css\";s:39:\"sites/all/themes/Handy/css/calender.css\";s:14:\"css/slider.css\";s:37:\"sites/all/themes/Handy/css/slider.css\";}}s:7:\"scripts\";a:2:{s:30:\"js/jquery-migrate-1.2.1.min.js\";s:53:\"sites/all/themes/Handy/js/jquery-migrate-1.2.1.min.js\";s:10:\"js/menu.js\";s:33:\"sites/all/themes/Handy/js/menu.js\";}s:6:\"engine\";s:11:\"phptemplate\";}}','block_admin_display','a:1:{i:0;s:5:\"handy\";}','',31,5,1,'admin/structure/block','admin/structure/block','Handy','t','','','a:0:{}',132,'','',0,'modules/block/block.admin.inc'),('admin/structure/block/list/handy/add','','','user_access','a:1:{i:0;s:17:\"administer blocks\";}','drupal_get_form','a:1:{i:0;s:20:\"block_add_block_form\";}','',63,6,1,'admin/structure/block/list/handy','admin/structure/block','Add block','t','','','a:0:{}',388,'','',0,'modules/block/block.admin.inc'),('admin/structure/block/list/kmcs','','','_block_themes_access','a:1:{i:0;O:8:\"stdClass\":14:{s:8:\"filename\";s:31:\"sites/all/themes/kmcs/kmcs.info\";s:4:\"name\";s:4:\"kmcs\";s:4:\"type\";s:5:\"theme\";s:5:\"owner\";s:45:\"themes/engines/phptemplate/phptemplate.engine\";s:6:\"status\";s:1:\"1\";s:9:\"bootstrap\";s:1:\"0\";s:14:\"schema_version\";s:2:\"-1\";s:6:\"weight\";s:1:\"0\";s:4:\"info\";a:15:{s:4:\"name\";s:4:\"kmcs\";s:11:\"description\";s:17:\"Keepsake Memories\";s:7:\"version\";s:1:\"1\";s:4:\"core\";s:3:\"7.x\";s:10:\"screenshot\";s:36:\"sites/all/themes/kmcs/screenshot.jpg\";s:10:\"base theme\";s:5:\"handy\";s:11:\"stylesheets\";a:1:{s:3:\"all\";a:1:{s:14:\"css/global.css\";s:36:\"sites/all/themes/kmcs/css/global.css\";}}s:8:\"features\";a:5:{i:0;s:4:\"logo\";i:1;s:4:\"name\";i:2;s:6:\"slogan\";i:3;s:9:\"main_menu\";i:4;s:14:\"secondary_menu\";}s:7:\"regions\";a:12:{s:8:\"page_top\";s:8:\"Page top\";s:6:\"header\";s:6:\"Header\";s:9:\"highlight\";s:9:\"Highlight\";s:4:\"help\";s:4:\"Help\";s:7:\"content\";s:7:\"Content\";s:13:\"sidebar_first\";s:13:\"First sidebar\";s:14:\"sidebar_second\";s:14:\"Second sidebar\";s:11:\"footer_left\";s:11:\"Footer Left\";s:13:\"footer_center\";s:13:\"Footer Center\";s:12:\"footer_right\";s:12:\"Footer Right\";s:6:\"footer\";s:6:\"Footer\";s:11:\"page_bottom\";s:11:\"Page bottom\";}s:6:\"engine\";s:11:\"phptemplate\";s:3:\"php\";s:5:\"5.2.4\";s:7:\"scripts\";a:0:{}s:5:\"mtime\";i:1461780142;s:14:\"regions_hidden\";a:2:{i:0;s:8:\"page_top\";i:1;s:11:\"page_bottom\";}s:28:\"overlay_supplemental_regions\";a:1:{i:0;s:8:\"page_top\";}}s:11:\"base_themes\";a:1:{s:5:\"handy\";s:5:\"Handy\";}s:6:\"prefix\";s:11:\"phptemplate\";s:11:\"stylesheets\";a:1:{s:3:\"all\";a:1:{s:14:\"css/global.css\";s:36:\"sites/all/themes/kmcs/css/global.css\";}}s:6:\"engine\";s:11:\"phptemplate\";s:10:\"base_theme\";s:5:\"handy\";}}','block_admin_display','a:1:{i:0;s:4:\"kmcs\";}','',31,5,1,'admin/structure/block','admin/structure/block','kmcs','t','','','a:0:{}',140,'','',-10,'modules/block/block.admin.inc'),('admin/structure/block/list/seven','','','_block_themes_access','a:1:{i:0;O:8:\"stdClass\":12:{s:8:\"filename\";s:23:\"themes/seven/seven.info\";s:4:\"name\";s:5:\"seven\";s:4:\"type\";s:5:\"theme\";s:5:\"owner\";s:45:\"themes/engines/phptemplate/phptemplate.engine\";s:6:\"status\";s:1:\"1\";s:9:\"bootstrap\";s:1:\"0\";s:14:\"schema_version\";s:2:\"-1\";s:6:\"weight\";s:1:\"0\";s:4:\"info\";a:18:{s:4:\"name\";s:5:\"Seven\";s:11:\"description\";s:65:\"A simple one-column, tableless, fluid width administration theme.\";s:7:\"package\";s:4:\"Core\";s:7:\"version\";s:4:\"7.43\";s:4:\"core\";s:3:\"7.x\";s:11:\"stylesheets\";a:1:{s:6:\"screen\";a:2:{s:9:\"reset.css\";s:22:\"themes/seven/reset.css\";s:9:\"style.css\";s:22:\"themes/seven/style.css\";}}s:8:\"settings\";a:1:{s:20:\"shortcut_module_link\";s:1:\"1\";}s:7:\"regions\";a:5:{s:7:\"content\";s:7:\"Content\";s:4:\"help\";s:4:\"Help\";s:8:\"page_top\";s:8:\"Page top\";s:11:\"page_bottom\";s:11:\"Page bottom\";s:13:\"sidebar_first\";s:13:\"First sidebar\";}s:14:\"regions_hidden\";a:3:{i:0;s:13:\"sidebar_first\";i:1;s:8:\"page_top\";i:2;s:11:\"page_bottom\";}s:7:\"project\";s:6:\"drupal\";s:9:\"datestamp\";s:10:\"1456343506\";s:6:\"engine\";s:11:\"phptemplate\";s:8:\"features\";a:9:{i:0;s:4:\"logo\";i:1;s:7:\"favicon\";i:2;s:4:\"name\";i:3;s:6:\"slogan\";i:4;s:17:\"node_user_picture\";i:5;s:20:\"comment_user_picture\";i:6;s:25:\"comment_user_verification\";i:7;s:9:\"main_menu\";i:8;s:14:\"secondary_menu\";}s:10:\"screenshot\";s:27:\"themes/seven/screenshot.png\";s:3:\"php\";s:5:\"5.2.4\";s:7:\"scripts\";a:0:{}s:5:\"mtime\";i:1456329106;s:28:\"overlay_supplemental_regions\";a:1:{i:0;s:8:\"page_top\";}}s:6:\"prefix\";s:11:\"phptemplate\";s:11:\"stylesheets\";a:1:{s:6:\"screen\";a:2:{s:9:\"reset.css\";s:22:\"themes/seven/reset.css\";s:9:\"style.css\";s:22:\"themes/seven/style.css\";}}s:6:\"engine\";s:11:\"phptemplate\";}}','block_admin_display','a:1:{i:0;s:5:\"seven\";}','',31,5,1,'admin/structure/block','admin/structure/block','Seven','t','','','a:0:{}',132,'','',0,'modules/block/block.admin.inc'),('admin/structure/block/list/seven/add','','','user_access','a:1:{i:0;s:17:\"administer blocks\";}','drupal_get_form','a:1:{i:0;s:20:\"block_add_block_form\";}','',63,6,1,'admin/structure/block/list/seven','admin/structure/block','Add block','t','','','a:0:{}',388,'','',0,'modules/block/block.admin.inc'),('admin/structure/block/list/stark','','','_block_themes_access','a:1:{i:0;O:8:\"stdClass\":12:{s:8:\"filename\";s:23:\"themes/stark/stark.info\";s:4:\"name\";s:5:\"stark\";s:4:\"type\";s:5:\"theme\";s:5:\"owner\";s:45:\"themes/engines/phptemplate/phptemplate.engine\";s:6:\"status\";s:1:\"0\";s:9:\"bootstrap\";s:1:\"0\";s:14:\"schema_version\";s:2:\"-1\";s:6:\"weight\";s:1:\"0\";s:4:\"info\";a:17:{s:4:\"name\";s:5:\"Stark\";s:11:\"description\";s:208:\"This theme demonstrates Drupal\'s default HTML markup and CSS styles. To learn how to build your own theme and override Drupal\'s default code, see the <a href=\"http://drupal.org/theme-guide\">Theming Guide</a>.\";s:7:\"package\";s:4:\"Core\";s:7:\"version\";s:4:\"7.43\";s:4:\"core\";s:3:\"7.x\";s:11:\"stylesheets\";a:1:{s:3:\"all\";a:1:{s:10:\"layout.css\";s:23:\"themes/stark/layout.css\";}}s:7:\"project\";s:6:\"drupal\";s:9:\"datestamp\";s:10:\"1456343506\";s:6:\"engine\";s:11:\"phptemplate\";s:7:\"regions\";a:9:{s:13:\"sidebar_first\";s:12:\"Left sidebar\";s:14:\"sidebar_second\";s:13:\"Right sidebar\";s:7:\"content\";s:7:\"Content\";s:6:\"header\";s:6:\"Header\";s:6:\"footer\";s:6:\"Footer\";s:11:\"highlighted\";s:11:\"Highlighted\";s:4:\"help\";s:4:\"Help\";s:8:\"page_top\";s:8:\"Page top\";s:11:\"page_bottom\";s:11:\"Page bottom\";}s:8:\"features\";a:9:{i:0;s:4:\"logo\";i:1;s:7:\"favicon\";i:2;s:4:\"name\";i:3;s:6:\"slogan\";i:4;s:17:\"node_user_picture\";i:5;s:20:\"comment_user_picture\";i:6;s:25:\"comment_user_verification\";i:7;s:9:\"main_menu\";i:8;s:14:\"secondary_menu\";}s:10:\"screenshot\";s:27:\"themes/stark/screenshot.png\";s:3:\"php\";s:5:\"5.2.4\";s:7:\"scripts\";a:0:{}s:5:\"mtime\";i:1456329106;s:14:\"regions_hidden\";a:2:{i:0;s:8:\"page_top\";i:1;s:11:\"page_bottom\";}s:28:\"overlay_supplemental_regions\";a:1:{i:0;s:8:\"page_top\";}}s:6:\"prefix\";s:11:\"phptemplate\";s:11:\"stylesheets\";a:1:{s:3:\"all\";a:1:{s:10:\"layout.css\";s:23:\"themes/stark/layout.css\";}}s:6:\"engine\";s:11:\"phptemplate\";}}','block_admin_display','a:1:{i:0;s:5:\"stark\";}','',31,5,1,'admin/structure/block','admin/structure/block','Stark','t','','','a:0:{}',132,'','',0,'modules/block/block.admin.inc'),('admin/structure/block/list/stark/add','','','user_access','a:1:{i:0;s:17:\"administer blocks\";}','drupal_get_form','a:1:{i:0;s:20:\"block_add_block_form\";}','',63,6,1,'admin/structure/block/list/stark','admin/structure/block','Add block','t','','','a:0:{}',388,'','',0,'modules/block/block.admin.inc'),('admin/structure/block/manage/%/%','a:2:{i:4;N;i:5;N;}','','user_access','a:1:{i:0;s:17:\"administer blocks\";}','drupal_get_form','a:3:{i:0;s:21:\"block_admin_configure\";i:1;i:4;i:2;i:5;}','',60,6,0,'','admin/structure/block/manage/%/%','Configure block','t','','','a:0:{}',6,'','',0,'modules/block/block.admin.inc'),('admin/structure/block/manage/%/%/configure','a:2:{i:4;N;i:5;N;}','','user_access','a:1:{i:0;s:17:\"administer blocks\";}','drupal_get_form','a:3:{i:0;s:21:\"block_admin_configure\";i:1;i:4;i:2;i:5;}','',121,7,2,'admin/structure/block/manage/%/%','admin/structure/block/manage/%/%','Configure block','t','','','a:0:{}',140,'','',0,'modules/block/block.admin.inc'),('admin/structure/block/manage/%/%/delete','a:2:{i:4;N;i:5;N;}','','user_access','a:1:{i:0;s:17:\"administer blocks\";}','drupal_get_form','a:3:{i:0;s:25:\"block_custom_block_delete\";i:1;i:4;i:2;i:5;}','',121,7,0,'admin/structure/block/manage/%/%','admin/structure/block/manage/%/%','Delete block','t','','','a:0:{}',132,'','',0,'modules/block/block.admin.inc'),('admin/structure/ds','','','user_access','a:1:{i:0;s:19:\"admin_display_suite\";}','ds_layout_list','a:0:{}','',7,3,0,'','admin/structure/ds','Display Suite','t','','','a:0:{}',6,'Manage layouts for entities and configure fields, view modes etc.','',0,'sites/all/modules/ds/includes/ds.displays.inc'),('admin/structure/ds/%/add_field/%','a:2:{i:3;s:14:\"ctools_js_load\";i:5;N;}','a:1:{i:3;s:16:\"ctools_js_to_arg\";}','user_access','a:1:{i:0;s:12:\"admin_fields\";}','ds_ajax_add_field','a:2:{i:0;i:3;i:1;i:5;}','',58,6,0,'','admin/structure/ds/%/add_field/%','Add field','t','','','a:0:{}',0,'','',0,'sites/all/modules/ds/modules/ds_ui/includes/ds.fields.inc'),('admin/structure/ds/change-layout','','','user_access','a:1:{i:0;s:19:\"admin_display_suite\";}','drupal_get_form','a:1:{i:0;s:25:\"ds_field_ui_layout_change\";}','',15,4,0,'','admin/structure/ds/change-layout','Change layout','t','','','a:0:{}',4,'Act on layout change to move fields elsewhere','',0,'sites/all/modules/ds/includes/ds.field_ui.inc'),('admin/structure/ds/classes','','','user_access','a:1:{i:0;s:13:\"admin_classes\";}','drupal_get_form','a:1:{i:0;s:15:\"ds_classes_form\";}','',15,4,1,'admin/structure/ds','admin/structure/ds','CSS classes','t','','','a:0:{}',132,'Define extra CSS class names for regions and fields.','',0,'sites/all/modules/ds/modules/ds_ui/includes/ds.classes.inc'),('admin/structure/ds/disable','','','user_access','a:1:{i:0;s:19:\"admin_display_suite\";}','drupal_get_form','a:1:{i:0;s:37:\"ds_disable_layout_field_settings_form\";}','',15,4,0,'','admin/structure/ds/disable','Disable layout','t','','','a:0:{}',4,'Disable layout and field settings','',0,'sites/all/modules/ds/includes/ds.field_ui.inc'),('admin/structure/ds/enable','','','user_access','a:1:{i:0;s:19:\"admin_display_suite\";}','drupal_get_form','a:1:{i:0;s:36:\"ds_enable_layout_field_settings_form\";}','',15,4,0,'','admin/structure/ds/enable','Enable layout','t','','','a:0:{}',4,'Enable layout and field settings','',0,'sites/all/modules/ds/includes/ds.field_ui.inc'),('admin/structure/ds/fields','','','user_access','a:1:{i:0;s:12:\"admin_fields\";}','ds_custom_fields_list','a:0:{}','',15,4,1,'admin/structure/ds','admin/structure/ds','Fields','t','','','a:0:{}',132,'Manage fields for all content.','',-8,'sites/all/modules/ds/modules/ds_ui/includes/ds.fields.inc'),('admin/structure/ds/fields/delete','','','user_access','a:1:{i:0;s:12:\"admin_fields\";}','drupal_get_form','a:1:{i:0;s:23:\"ds_delete_field_confirm\";}','',31,5,0,'','admin/structure/ds/fields/delete','Delete a field','t','','','a:0:{}',4,'Delete a field.','',0,'sites/all/modules/ds/modules/ds_ui/includes/ds.fields.inc'),('admin/structure/ds/fields/manage','','','user_access','a:1:{i:0;s:12:\"admin_fields\";}','ds_custom_manage','a:0:{}','',31,5,0,'','admin/structure/ds/fields/manage','Fields edit','t','','','a:0:{}',0,'','',0,'sites/all/modules/ds/modules/ds_ui/includes/ds.fields.inc'),('admin/structure/ds/fields/manage_block','','','user_access','a:1:{i:0;s:12:\"admin_fields\";}','drupal_get_form','a:1:{i:0;s:24:\"ds_edit_block_field_form\";}','',31,5,1,'admin/structure/ds/fields','admin/structure/ds','Add a block field','t','','','a:0:{}',388,'Manage a block field','',2,'sites/all/modules/ds/modules/ds_ui/includes/ds.fields.inc'),('admin/structure/ds/fields/manage_ctools','','','user_access','a:1:{i:0;s:12:\"admin_fields\";}','drupal_get_form','a:1:{i:0;s:25:\"ds_edit_ctools_field_form\";}','',31,5,1,'admin/structure/ds/fields','admin/structure/ds','Add a dynamic field','t','','','a:0:{}',388,'Manage a dynamic field','',1,'sites/all/modules/ds/modules/ds_ui/includes/ds.fields.inc'),('admin/structure/ds/fields/manage_ctools/content','','','user_access','a:1:{i:0;s:19:\"admin_display_suite\";}','ds_ctools_content','a:0:{}','',63,6,0,'','admin/structure/ds/fields/manage_ctools/content','Ctools field content','t','','','a:0:{}',0,'','',0,'sites/all/modules/ds/includes/ds.field_ui.inc'),('admin/structure/ds/fields/manage_custom','','','user_access','a:1:{i:0;s:12:\"admin_fields\";}','drupal_get_form','a:1:{i:0;s:25:\"ds_edit_custom_field_form\";}','',31,5,1,'admin/structure/ds/fields','admin/structure/ds','Add a code field','t','','','a:0:{}',388,'Manage a field','',0,'sites/all/modules/ds/modules/ds_ui/includes/ds.fields.inc'),('admin/structure/ds/fields/manage_preprocess','','','user_access','a:1:{i:0;s:12:\"admin_fields\";}','drupal_get_form','a:1:{i:0;s:29:\"ds_edit_preprocess_field_form\";}','',31,5,1,'admin/structure/ds/fields','admin/structure/ds','Add a preprocess field','t','','','a:0:{}',388,'Manage a preprocess field','',3,'sites/all/modules/ds/modules/ds_ui/includes/ds.fields.inc'),('admin/structure/ds/fields/revert','','','user_access','a:1:{i:0;s:12:\"admin_fields\";}','drupal_get_form','a:1:{i:0;s:23:\"ds_revert_field_confirm\";}','',31,5,0,'','admin/structure/ds/fields/revert','Revert a custom field','t','','','a:0:{}',4,'Revert a custom field.','',0,'sites/all/modules/ds/modules/ds_ui/includes/ds.fields.inc'),('admin/structure/ds/list','','','user_access','a:1:{i:0;s:19:\"admin_display_suite\";}','ds_layout_list','a:0:{}','',15,4,1,'admin/structure/ds','admin/structure/ds','Displays','t','','','a:0:{}',140,'','',-10,'sites/all/modules/ds/includes/ds.displays.inc'),('admin/structure/ds/list/emergency','','','user_access','a:1:{i:0;s:19:\"admin_display_suite\";}','drupal_get_form','a:1:{i:0;s:12:\"ds_emergency\";}','',31,5,1,'admin/structure/ds/list','admin/structure/ds','Emergency','t','','','a:0:{}',132,'In case you have errors via Display Suite, visit this page.','',100,'sites/all/modules/ds/includes/ds.displays.inc'),('admin/structure/ds/list/list','','','user_access','a:1:{i:0;s:19:\"admin_display_suite\";}','ds_layout_list','a:0:{}','',31,5,1,'admin/structure/ds/list','admin/structure/ds','List','t','','','a:0:{}',140,'','',-10,'sites/all/modules/ds/includes/ds.displays.inc'),('admin/structure/ds/revert-layout','','','user_access','a:1:{i:0;s:19:\"admin_display_suite\";}','drupal_get_form','a:1:{i:0;s:36:\"ds_revert_layout_field_settings_form\";}','',15,4,0,'','admin/structure/ds/revert-layout','Revert layout','t','','','a:0:{}',4,'Revert layout and field settings.','',0,'sites/all/modules/ds/includes/ds.field_ui.inc'),('admin/structure/ds/view_modes','','','user_access','a:1:{i:0;s:16:\"admin_view_modes\";}','ds_view_modes_list','a:0:{}','',15,4,1,'admin/structure/ds','admin/structure/ds','View modes','t','','','a:0:{}',132,'Manage view modes for all content.','',-9,'sites/all/modules/ds/modules/ds_ui/includes/ds.view_modes.inc'),('admin/structure/ds/view_modes/delete','','','user_access','a:1:{i:0;s:16:\"admin_view_modes\";}','drupal_get_form','a:1:{i:0;s:27:\"ds_delete_view_mode_confirm\";}','',31,5,0,'','admin/structure/ds/view_modes/delete','Delete a view mode','t','','','a:0:{}',4,'Delete a custom view mode.','',0,'sites/all/modules/ds/modules/ds_ui/includes/ds.view_modes.inc'),('admin/structure/ds/view_modes/manage','','','user_access','a:1:{i:0;s:16:\"admin_view_modes\";}','drupal_get_form','a:1:{i:0;s:22:\"ds_edit_view_mode_form\";}','',31,5,1,'admin/structure/ds/view_modes','admin/structure/ds','Add a view mode','t','','','a:0:{}',388,'Manage a view mode','',0,'sites/all/modules/ds/modules/ds_ui/includes/ds.view_modes.inc'),('admin/structure/ds/view_modes/revert','','','user_access','a:1:{i:0;s:16:\"admin_view_modes\";}','drupal_get_form','a:1:{i:0;s:27:\"ds_revert_view_mode_confirm\";}','',31,5,0,'','admin/structure/ds/view_modes/revert','Revert a view mode','t','','','a:0:{}',4,'Revert a view mode.','',0,'sites/all/modules/ds/modules/ds_ui/includes/ds.view_modes.inc'),('admin/structure/menu','','','user_access','a:1:{i:0;s:15:\"administer menu\";}','menu_overview_page','a:0:{}','',7,3,0,'','admin/structure/menu','Menus','t','','','a:0:{}',6,'Add new menus to your site, edit existing menus, and rename and reorganize menu links.','',0,'modules/menu/menu.admin.inc'),('admin/structure/menu/add','','','user_access','a:1:{i:0;s:15:\"administer menu\";}','drupal_get_form','a:2:{i:0;s:14:\"menu_edit_menu\";i:1;s:3:\"add\";}','',15,4,1,'admin/structure/menu','admin/structure/menu','Add menu','t','','','a:0:{}',388,'','',0,'modules/menu/menu.admin.inc'),('admin/structure/menu/item/%/delete','a:1:{i:4;s:14:\"menu_link_load\";}','','user_access','a:1:{i:0;s:15:\"administer menu\";}','menu_item_delete_page','a:1:{i:0;i:4;}','',61,6,0,'','admin/structure/menu/item/%/delete','Delete menu link','t','','','a:0:{}',6,'','',0,'modules/menu/menu.admin.inc'),('admin/structure/menu/item/%/edit','a:1:{i:4;s:14:\"menu_link_load\";}','','user_access','a:1:{i:0;s:15:\"administer menu\";}','drupal_get_form','a:4:{i:0;s:14:\"menu_edit_item\";i:1;s:4:\"edit\";i:2;i:4;i:3;N;}','',61,6,0,'','admin/structure/menu/item/%/edit','Edit menu link','t','','','a:0:{}',6,'','',0,'modules/menu/menu.admin.inc'),('admin/structure/menu/item/%/reset','a:1:{i:4;s:14:\"menu_link_load\";}','','user_access','a:1:{i:0;s:15:\"administer menu\";}','drupal_get_form','a:2:{i:0;s:23:\"menu_reset_item_confirm\";i:1;i:4;}','',61,6,0,'','admin/structure/menu/item/%/reset','Reset menu link','t','','','a:0:{}',6,'','',0,'modules/menu/menu.admin.inc'),('admin/structure/menu/list','','','user_access','a:1:{i:0;s:15:\"administer menu\";}','menu_overview_page','a:0:{}','',15,4,1,'admin/structure/menu','admin/structure/menu','List menus','t','','','a:0:{}',140,'','',-10,'modules/menu/menu.admin.inc'),('admin/structure/menu/manage/%','a:1:{i:4;s:9:\"menu_load\";}','','user_access','a:1:{i:0;s:15:\"administer menu\";}','drupal_get_form','a:2:{i:0;s:18:\"menu_overview_form\";i:1;i:4;}','',30,5,0,'','admin/structure/menu/manage/%','Customize menu','menu_overview_title','a:1:{i:0;i:4;}','','a:0:{}',6,'','',0,'modules/menu/menu.admin.inc'),('admin/structure/menu/manage/%/add','a:1:{i:4;s:9:\"menu_load\";}','','user_access','a:1:{i:0;s:15:\"administer menu\";}','drupal_get_form','a:4:{i:0;s:14:\"menu_edit_item\";i:1;s:3:\"add\";i:2;N;i:3;i:4;}','',61,6,1,'admin/structure/menu/manage/%','admin/structure/menu/manage/%','Add link','t','','','a:0:{}',388,'','',0,'modules/menu/menu.admin.inc'),('admin/structure/menu/manage/%/delete','a:1:{i:4;s:9:\"menu_load\";}','','user_access','a:1:{i:0;s:15:\"administer menu\";}','menu_delete_menu_page','a:1:{i:0;i:4;}','',61,6,0,'','admin/structure/menu/manage/%/delete','Delete menu','t','','','a:0:{}',6,'','',0,'modules/menu/menu.admin.inc'),('admin/structure/menu/manage/%/edit','a:1:{i:4;s:9:\"menu_load\";}','','user_access','a:1:{i:0;s:15:\"administer menu\";}','drupal_get_form','a:3:{i:0;s:14:\"menu_edit_menu\";i:1;s:4:\"edit\";i:2;i:4;}','',61,6,3,'admin/structure/menu/manage/%','admin/structure/menu/manage/%','Edit menu','t','','','a:0:{}',132,'','',0,'modules/menu/menu.admin.inc'),('admin/structure/menu/manage/%/list','a:1:{i:4;s:9:\"menu_load\";}','','user_access','a:1:{i:0;s:15:\"administer menu\";}','drupal_get_form','a:2:{i:0;s:18:\"menu_overview_form\";i:1;i:4;}','',61,6,3,'admin/structure/menu/manage/%','admin/structure/menu/manage/%','List links','t','','','a:0:{}',140,'','',-10,'modules/menu/menu.admin.inc'),('admin/structure/menu/parents','','','user_access','a:1:{i:0;s:15:\"administer menu\";}','menu_parent_options_js','a:0:{}','',15,4,0,'','admin/structure/menu/parents','Parent menu items','t','','','a:0:{}',0,'','',0,''),('admin/structure/menu/settings','','','user_access','a:1:{i:0;s:15:\"administer menu\";}','drupal_get_form','a:1:{i:0;s:14:\"menu_configure\";}','',15,4,1,'admin/structure/menu','admin/structure/menu','Settings','t','','','a:0:{}',132,'','',5,'modules/menu/menu.admin.inc'),('admin/structure/taxonomy','','','user_access','a:1:{i:0;s:19:\"administer taxonomy\";}','drupal_get_form','a:1:{i:0;s:30:\"taxonomy_overview_vocabularies\";}','',7,3,0,'','admin/structure/taxonomy','Taxonomy','t','','','a:0:{}',6,'Manage tagging, categorization, and classification of your content.','',0,'modules/taxonomy/taxonomy.admin.inc'),('admin/structure/taxonomy/%','a:1:{i:3;s:37:\"taxonomy_vocabulary_machine_name_load\";}','','user_access','a:1:{i:0;s:19:\"administer taxonomy\";}','drupal_get_form','a:2:{i:0;s:23:\"taxonomy_overview_terms\";i:1;i:3;}','',14,4,0,'','admin/structure/taxonomy/%','','entity_label','a:2:{i:0;s:19:\"taxonomy_vocabulary\";i:1;i:3;}','','a:0:{}',6,'','',0,'modules/taxonomy/taxonomy.admin.inc'),('admin/structure/taxonomy/%/add','a:1:{i:3;s:37:\"taxonomy_vocabulary_machine_name_load\";}','','user_access','a:1:{i:0;s:19:\"administer taxonomy\";}','drupal_get_form','a:3:{i:0;s:18:\"taxonomy_form_term\";i:1;a:0:{}i:2;i:3;}','',29,5,1,'admin/structure/taxonomy/%','admin/structure/taxonomy/%','Add term','t','','','a:0:{}',388,'','',0,'modules/taxonomy/taxonomy.admin.inc'),('admin/structure/taxonomy/%/display','a:1:{i:3;s:37:\"taxonomy_vocabulary_machine_name_load\";}','','user_access','a:1:{i:0;s:19:\"administer taxonomy\";}','drupal_get_form','a:4:{i:0;s:30:\"field_ui_display_overview_form\";i:1;s:13:\"taxonomy_term\";i:2;i:3;i:3;s:7:\"default\";}','',29,5,1,'admin/structure/taxonomy/%','admin/structure/taxonomy/%','Manage display','t','','','a:0:{}',132,'','',2,'modules/field_ui/field_ui.admin.inc'),('admin/structure/taxonomy/%/display/default','a:1:{i:3;s:37:\"taxonomy_vocabulary_machine_name_load\";}','','_field_ui_view_mode_menu_access','a:5:{i:0;s:13:\"taxonomy_term\";i:1;i:3;i:2;s:7:\"default\";i:3;s:11:\"user_access\";i:4;s:19:\"administer taxonomy\";}','drupal_get_form','a:4:{i:0;s:30:\"field_ui_display_overview_form\";i:1;s:13:\"taxonomy_term\";i:2;i:3;i:3;s:7:\"default\";}','',59,6,1,'admin/structure/taxonomy/%/display','admin/structure/taxonomy/%','Default','t','','','a:0:{}',140,'','',-10,'modules/field_ui/field_ui.admin.inc'),('admin/structure/taxonomy/%/display/full','a:1:{i:3;s:37:\"taxonomy_vocabulary_machine_name_load\";}','','_field_ui_view_mode_menu_access','a:5:{i:0;s:13:\"taxonomy_term\";i:1;i:3;i:2;s:4:\"full\";i:3;s:11:\"user_access\";i:4;s:19:\"administer taxonomy\";}','drupal_get_form','a:4:{i:0;s:30:\"field_ui_display_overview_form\";i:1;s:13:\"taxonomy_term\";i:2;i:3;i:3;s:4:\"full\";}','',59,6,1,'admin/structure/taxonomy/%/display','admin/structure/taxonomy/%','Taxonomy term page','t','','','a:0:{}',132,'','',0,'modules/field_ui/field_ui.admin.inc'),('admin/structure/taxonomy/%/display/token','a:1:{i:3;s:37:\"taxonomy_vocabulary_machine_name_load\";}','','_field_ui_view_mode_menu_access','a:5:{i:0;s:13:\"taxonomy_term\";i:1;i:3;i:2;s:5:\"token\";i:3;s:11:\"user_access\";i:4;s:19:\"administer taxonomy\";}','drupal_get_form','a:4:{i:0;s:30:\"field_ui_display_overview_form\";i:1;s:13:\"taxonomy_term\";i:2;i:3;i:3;s:5:\"token\";}','',59,6,1,'admin/structure/taxonomy/%/display','admin/structure/taxonomy/%','Tokens','t','','','a:0:{}',132,'','',1,'modules/field_ui/field_ui.admin.inc'),('admin/structure/taxonomy/%/edit','a:1:{i:3;s:37:\"taxonomy_vocabulary_machine_name_load\";}','','user_access','a:1:{i:0;s:19:\"administer taxonomy\";}','drupal_get_form','a:2:{i:0;s:24:\"taxonomy_form_vocabulary\";i:1;i:3;}','',29,5,1,'admin/structure/taxonomy/%','admin/structure/taxonomy/%','Edit','t','','','a:0:{}',132,'','',-10,'modules/taxonomy/taxonomy.admin.inc'),('admin/structure/taxonomy/%/fields','a:1:{i:3;s:37:\"taxonomy_vocabulary_machine_name_load\";}','','user_access','a:1:{i:0;s:19:\"administer taxonomy\";}','drupal_get_form','a:3:{i:0;s:28:\"field_ui_field_overview_form\";i:1;s:13:\"taxonomy_term\";i:2;i:3;}','',29,5,1,'admin/structure/taxonomy/%','admin/structure/taxonomy/%','Manage fields','t','','','a:0:{}',132,'','',1,'modules/field_ui/field_ui.admin.inc'),('admin/structure/taxonomy/%/fields/%','a:2:{i:3;a:1:{s:37:\"taxonomy_vocabulary_machine_name_load\";a:4:{i:0;s:13:\"taxonomy_term\";i:1;i:3;i:2;s:1:\"3\";i:3;s:4:\"%map\";}}i:5;a:1:{s:18:\"field_ui_menu_load\";a:4:{i:0;s:13:\"taxonomy_term\";i:1;i:3;i:2;s:1:\"3\";i:3;s:4:\"%map\";}}}','','user_access','a:1:{i:0;s:19:\"administer taxonomy\";}','drupal_get_form','a:2:{i:0;s:24:\"field_ui_field_edit_form\";i:1;i:5;}','',58,6,0,'','admin/structure/taxonomy/%/fields/%','','field_ui_menu_title','a:1:{i:0;i:5;}','','a:0:{}',6,'','',0,'modules/field_ui/field_ui.admin.inc'),('admin/structure/taxonomy/%/fields/%/delete','a:2:{i:3;a:1:{s:37:\"taxonomy_vocabulary_machine_name_load\";a:4:{i:0;s:13:\"taxonomy_term\";i:1;i:3;i:2;s:1:\"3\";i:3;s:4:\"%map\";}}i:5;a:1:{s:18:\"field_ui_menu_load\";a:4:{i:0;s:13:\"taxonomy_term\";i:1;i:3;i:2;s:1:\"3\";i:3;s:4:\"%map\";}}}','','user_access','a:1:{i:0;s:19:\"administer taxonomy\";}','drupal_get_form','a:2:{i:0;s:26:\"field_ui_field_delete_form\";i:1;i:5;}','',117,7,1,'admin/structure/taxonomy/%/fields/%','admin/structure/taxonomy/%/fields/%','Delete','t','','','a:0:{}',132,'','',10,'modules/field_ui/field_ui.admin.inc'),('admin/structure/taxonomy/%/fields/%/edit','a:2:{i:3;a:1:{s:37:\"taxonomy_vocabulary_machine_name_load\";a:4:{i:0;s:13:\"taxonomy_term\";i:1;i:3;i:2;s:1:\"3\";i:3;s:4:\"%map\";}}i:5;a:1:{s:18:\"field_ui_menu_load\";a:4:{i:0;s:13:\"taxonomy_term\";i:1;i:3;i:2;s:1:\"3\";i:3;s:4:\"%map\";}}}','','user_access','a:1:{i:0;s:19:\"administer taxonomy\";}','drupal_get_form','a:2:{i:0;s:24:\"field_ui_field_edit_form\";i:1;i:5;}','',117,7,1,'admin/structure/taxonomy/%/fields/%','admin/structure/taxonomy/%/fields/%','Edit','t','','','a:0:{}',140,'','',0,'modules/field_ui/field_ui.admin.inc'),('admin/structure/taxonomy/%/fields/%/field-settings','a:2:{i:3;a:1:{s:37:\"taxonomy_vocabulary_machine_name_load\";a:4:{i:0;s:13:\"taxonomy_term\";i:1;i:3;i:2;s:1:\"3\";i:3;s:4:\"%map\";}}i:5;a:1:{s:18:\"field_ui_menu_load\";a:4:{i:0;s:13:\"taxonomy_term\";i:1;i:3;i:2;s:1:\"3\";i:3;s:4:\"%map\";}}}','','user_access','a:1:{i:0;s:19:\"administer taxonomy\";}','drupal_get_form','a:2:{i:0;s:28:\"field_ui_field_settings_form\";i:1;i:5;}','',117,7,1,'admin/structure/taxonomy/%/fields/%','admin/structure/taxonomy/%/fields/%','Field settings','t','','','a:0:{}',132,'','',0,'modules/field_ui/field_ui.admin.inc'),('admin/structure/taxonomy/%/fields/%/widget-type','a:2:{i:3;a:1:{s:37:\"taxonomy_vocabulary_machine_name_load\";a:4:{i:0;s:13:\"taxonomy_term\";i:1;i:3;i:2;s:1:\"3\";i:3;s:4:\"%map\";}}i:5;a:1:{s:18:\"field_ui_menu_load\";a:4:{i:0;s:13:\"taxonomy_term\";i:1;i:3;i:2;s:1:\"3\";i:3;s:4:\"%map\";}}}','','user_access','a:1:{i:0;s:19:\"administer taxonomy\";}','drupal_get_form','a:2:{i:0;s:25:\"field_ui_widget_type_form\";i:1;i:5;}','',117,7,1,'admin/structure/taxonomy/%/fields/%','admin/structure/taxonomy/%/fields/%','Widget type','t','','','a:0:{}',132,'','',0,'modules/field_ui/field_ui.admin.inc'),('admin/structure/taxonomy/%/list','a:1:{i:3;s:37:\"taxonomy_vocabulary_machine_name_load\";}','','user_access','a:1:{i:0;s:19:\"administer taxonomy\";}','drupal_get_form','a:2:{i:0;s:23:\"taxonomy_overview_terms\";i:1;i:3;}','',29,5,1,'admin/structure/taxonomy/%','admin/structure/taxonomy/%','List','t','','','a:0:{}',140,'','',-20,'modules/taxonomy/taxonomy.admin.inc'),('admin/structure/taxonomy/add','','','user_access','a:1:{i:0;s:19:\"administer taxonomy\";}','drupal_get_form','a:1:{i:0;s:24:\"taxonomy_form_vocabulary\";}','',15,4,1,'admin/structure/taxonomy','admin/structure/taxonomy','Add vocabulary','t','','','a:0:{}',388,'','',0,'modules/taxonomy/taxonomy.admin.inc'),('admin/structure/taxonomy/list','','','user_access','a:1:{i:0;s:19:\"administer taxonomy\";}','drupal_get_form','a:1:{i:0;s:30:\"taxonomy_overview_vocabularies\";}','',15,4,1,'admin/structure/taxonomy','admin/structure/taxonomy','List','t','','','a:0:{}',140,'','',-10,'modules/taxonomy/taxonomy.admin.inc'),('admin/structure/types','','','user_access','a:1:{i:0;s:24:\"administer content types\";}','node_overview_types','a:0:{}','',7,3,0,'','admin/structure/types','Content types','t','','','a:0:{}',6,'Manage content types, including default status, front page promotion, comment settings, etc.','',0,'modules/node/content_types.inc'),('admin/structure/types/add','','','user_access','a:1:{i:0;s:24:\"administer content types\";}','drupal_get_form','a:1:{i:0;s:14:\"node_type_form\";}','',15,4,1,'admin/structure/types','admin/structure/types','Add content type','t','','','a:0:{}',388,'','',0,'modules/node/content_types.inc'),('admin/structure/types/list','','','user_access','a:1:{i:0;s:24:\"administer content types\";}','node_overview_types','a:0:{}','',15,4,1,'admin/structure/types','admin/structure/types','List','t','','','a:0:{}',140,'','',-10,'modules/node/content_types.inc'),('admin/structure/types/manage/%','a:1:{i:4;s:14:\"node_type_load\";}','','user_access','a:1:{i:0;s:24:\"administer content types\";}','drupal_get_form','a:2:{i:0;s:14:\"node_type_form\";i:1;i:4;}','',30,5,0,'','admin/structure/types/manage/%','Edit content type','node_type_page_title','a:1:{i:0;i:4;}','','a:0:{}',6,'','',0,'modules/node/content_types.inc'),('admin/structure/types/manage/%/delete','a:1:{i:4;s:14:\"node_type_load\";}','','user_access','a:1:{i:0;s:24:\"administer content types\";}','drupal_get_form','a:2:{i:0;s:24:\"node_type_delete_confirm\";i:1;i:4;}','',61,6,0,'','admin/structure/types/manage/%/delete','Delete','t','','','a:0:{}',6,'','',0,'modules/node/content_types.inc'),('admin/structure/types/manage/%/display','a:1:{i:4;s:14:\"node_type_load\";}','','user_access','a:1:{i:0;s:24:\"administer content types\";}','drupal_get_form','a:4:{i:0;s:30:\"field_ui_display_overview_form\";i:1;s:4:\"node\";i:2;i:4;i:3;s:7:\"default\";}','',61,6,1,'admin/structure/types/manage/%','admin/structure/types/manage/%','Manage display','t','','','a:0:{}',132,'','',2,'modules/field_ui/field_ui.admin.inc'),('admin/structure/types/manage/%/display/default','a:1:{i:4;s:14:\"node_type_load\";}','','_field_ui_view_mode_menu_access','a:5:{i:0;s:4:\"node\";i:1;i:4;i:2;s:7:\"default\";i:3;s:11:\"user_access\";i:4;s:24:\"administer content types\";}','drupal_get_form','a:4:{i:0;s:30:\"field_ui_display_overview_form\";i:1;s:4:\"node\";i:2;i:4;i:3;s:7:\"default\";}','',123,7,1,'admin/structure/types/manage/%/display','admin/structure/types/manage/%','Default','t','','','a:0:{}',140,'','',-10,'modules/field_ui/field_ui.admin.inc'),('admin/structure/types/manage/%/display/full','a:1:{i:4;s:14:\"node_type_load\";}','','_field_ui_view_mode_menu_access','a:5:{i:0;s:4:\"node\";i:1;i:4;i:2;s:4:\"full\";i:3;s:11:\"user_access\";i:4;s:24:\"administer content types\";}','drupal_get_form','a:4:{i:0;s:30:\"field_ui_display_overview_form\";i:1;s:4:\"node\";i:2;i:4;i:3;s:4:\"full\";}','',123,7,1,'admin/structure/types/manage/%/display','admin/structure/types/manage/%','Full content','t','','','a:0:{}',132,'','',0,'modules/field_ui/field_ui.admin.inc'),('admin/structure/types/manage/%/display/revision','a:1:{i:4;s:14:\"node_type_load\";}','','_field_ui_view_mode_menu_access','a:5:{i:0;s:4:\"node\";i:1;i:4;i:2;s:8:\"revision\";i:3;s:11:\"user_access\";i:4;s:24:\"administer content types\";}','drupal_get_form','a:4:{i:0;s:30:\"field_ui_display_overview_form\";i:1;s:4:\"node\";i:2;i:4;i:3;s:8:\"revision\";}','',123,7,1,'admin/structure/types/manage/%/display','admin/structure/types/manage/%','Revision','t','','','a:0:{}',132,'','',6,'modules/field_ui/field_ui.admin.inc'),('admin/structure/types/manage/%/display/rss','a:1:{i:4;s:14:\"node_type_load\";}','','_field_ui_view_mode_menu_access','a:5:{i:0;s:4:\"node\";i:1;i:4;i:2;s:3:\"rss\";i:3;s:11:\"user_access\";i:4;s:24:\"administer content types\";}','drupal_get_form','a:4:{i:0;s:30:\"field_ui_display_overview_form\";i:1;s:4:\"node\";i:2;i:4;i:3;s:3:\"rss\";}','',123,7,1,'admin/structure/types/manage/%/display','admin/structure/types/manage/%','RSS','t','','','a:0:{}',132,'','',2,'modules/field_ui/field_ui.admin.inc'),('admin/structure/types/manage/%/display/search_index','a:1:{i:4;s:14:\"node_type_load\";}','','_field_ui_view_mode_menu_access','a:5:{i:0;s:4:\"node\";i:1;i:4;i:2;s:12:\"search_index\";i:3;s:11:\"user_access\";i:4;s:24:\"administer content types\";}','drupal_get_form','a:4:{i:0;s:30:\"field_ui_display_overview_form\";i:1;s:4:\"node\";i:2;i:4;i:3;s:12:\"search_index\";}','',123,7,1,'admin/structure/types/manage/%/display','admin/structure/types/manage/%','Search index','t','','','a:0:{}',132,'','',3,'modules/field_ui/field_ui.admin.inc'),('admin/structure/types/manage/%/display/search_result','a:1:{i:4;s:14:\"node_type_load\";}','','_field_ui_view_mode_menu_access','a:5:{i:0;s:4:\"node\";i:1;i:4;i:2;s:13:\"search_result\";i:3;s:11:\"user_access\";i:4;s:24:\"administer content types\";}','drupal_get_form','a:4:{i:0;s:30:\"field_ui_display_overview_form\";i:1;s:4:\"node\";i:2;i:4;i:3;s:13:\"search_result\";}','',123,7,1,'admin/structure/types/manage/%/display','admin/structure/types/manage/%','Search result highlighting input','t','','','a:0:{}',132,'','',4,'modules/field_ui/field_ui.admin.inc'),('admin/structure/types/manage/%/display/teaser','a:1:{i:4;s:14:\"node_type_load\";}','','_field_ui_view_mode_menu_access','a:5:{i:0;s:4:\"node\";i:1;i:4;i:2;s:6:\"teaser\";i:3;s:11:\"user_access\";i:4;s:24:\"administer content types\";}','drupal_get_form','a:4:{i:0;s:30:\"field_ui_display_overview_form\";i:1;s:4:\"node\";i:2;i:4;i:3;s:6:\"teaser\";}','',123,7,1,'admin/structure/types/manage/%/display','admin/structure/types/manage/%','Teaser','t','','','a:0:{}',132,'','',1,'modules/field_ui/field_ui.admin.inc'),('admin/structure/types/manage/%/display/token','a:1:{i:4;s:14:\"node_type_load\";}','','_field_ui_view_mode_menu_access','a:5:{i:0;s:4:\"node\";i:1;i:4;i:2;s:5:\"token\";i:3;s:11:\"user_access\";i:4;s:24:\"administer content types\";}','drupal_get_form','a:4:{i:0;s:30:\"field_ui_display_overview_form\";i:1;s:4:\"node\";i:2;i:4;i:3;s:5:\"token\";}','',123,7,1,'admin/structure/types/manage/%/display','admin/structure/types/manage/%','Tokens','t','','','a:0:{}',132,'','',5,'modules/field_ui/field_ui.admin.inc'),('admin/structure/types/manage/%/edit','a:1:{i:4;s:14:\"node_type_load\";}','','user_access','a:1:{i:0;s:24:\"administer content types\";}','drupal_get_form','a:2:{i:0;s:14:\"node_type_form\";i:1;i:4;}','',61,6,1,'admin/structure/types/manage/%','admin/structure/types/manage/%','Edit','t','','','a:0:{}',140,'','',0,'modules/node/content_types.inc'),('admin/structure/types/manage/%/fields','a:1:{i:4;s:14:\"node_type_load\";}','','user_access','a:1:{i:0;s:24:\"administer content types\";}','drupal_get_form','a:3:{i:0;s:28:\"field_ui_field_overview_form\";i:1;s:4:\"node\";i:2;i:4;}','',61,6,1,'admin/structure/types/manage/%','admin/structure/types/manage/%','Manage fields','t','','','a:0:{}',132,'','',1,'modules/field_ui/field_ui.admin.inc'),('admin/structure/types/manage/%/fields/%','a:2:{i:4;a:1:{s:14:\"node_type_load\";a:4:{i:0;s:4:\"node\";i:1;i:4;i:2;s:1:\"4\";i:3;s:4:\"%map\";}}i:6;a:1:{s:18:\"field_ui_menu_load\";a:4:{i:0;s:4:\"node\";i:1;i:4;i:2;s:1:\"4\";i:3;s:4:\"%map\";}}}','','user_access','a:1:{i:0;s:24:\"administer content types\";}','drupal_get_form','a:2:{i:0;s:24:\"field_ui_field_edit_form\";i:1;i:6;}','',122,7,0,'','admin/structure/types/manage/%/fields/%','','field_ui_menu_title','a:1:{i:0;i:6;}','','a:0:{}',6,'','',0,'modules/field_ui/field_ui.admin.inc'),('admin/structure/types/manage/%/fields/%/delete','a:2:{i:4;a:1:{s:14:\"node_type_load\";a:4:{i:0;s:4:\"node\";i:1;i:4;i:2;s:1:\"4\";i:3;s:4:\"%map\";}}i:6;a:1:{s:18:\"field_ui_menu_load\";a:4:{i:0;s:4:\"node\";i:1;i:4;i:2;s:1:\"4\";i:3;s:4:\"%map\";}}}','','user_access','a:1:{i:0;s:24:\"administer content types\";}','drupal_get_form','a:2:{i:0;s:26:\"field_ui_field_delete_form\";i:1;i:6;}','',245,8,1,'admin/structure/types/manage/%/fields/%','admin/structure/types/manage/%/fields/%','Delete','t','','','a:0:{}',132,'','',10,'modules/field_ui/field_ui.admin.inc'),('admin/structure/types/manage/%/fields/%/edit','a:2:{i:4;a:1:{s:14:\"node_type_load\";a:4:{i:0;s:4:\"node\";i:1;i:4;i:2;s:1:\"4\";i:3;s:4:\"%map\";}}i:6;a:1:{s:18:\"field_ui_menu_load\";a:4:{i:0;s:4:\"node\";i:1;i:4;i:2;s:1:\"4\";i:3;s:4:\"%map\";}}}','','user_access','a:1:{i:0;s:24:\"administer content types\";}','drupal_get_form','a:2:{i:0;s:24:\"field_ui_field_edit_form\";i:1;i:6;}','',245,8,1,'admin/structure/types/manage/%/fields/%','admin/structure/types/manage/%/fields/%','Edit','t','','','a:0:{}',140,'','',0,'modules/field_ui/field_ui.admin.inc'),('admin/structure/types/manage/%/fields/%/field-settings','a:2:{i:4;a:1:{s:14:\"node_type_load\";a:4:{i:0;s:4:\"node\";i:1;i:4;i:2;s:1:\"4\";i:3;s:4:\"%map\";}}i:6;a:1:{s:18:\"field_ui_menu_load\";a:4:{i:0;s:4:\"node\";i:1;i:4;i:2;s:1:\"4\";i:3;s:4:\"%map\";}}}','','user_access','a:1:{i:0;s:24:\"administer content types\";}','drupal_get_form','a:2:{i:0;s:28:\"field_ui_field_settings_form\";i:1;i:6;}','',245,8,1,'admin/structure/types/manage/%/fields/%','admin/structure/types/manage/%/fields/%','Field settings','t','','','a:0:{}',132,'','',0,'modules/field_ui/field_ui.admin.inc'),('admin/structure/types/manage/%/fields/%/widget-type','a:2:{i:4;a:1:{s:14:\"node_type_load\";a:4:{i:0;s:4:\"node\";i:1;i:4;i:2;s:1:\"4\";i:3;s:4:\"%map\";}}i:6;a:1:{s:18:\"field_ui_menu_load\";a:4:{i:0;s:4:\"node\";i:1;i:4;i:2;s:1:\"4\";i:3;s:4:\"%map\";}}}','','user_access','a:1:{i:0;s:24:\"administer content types\";}','drupal_get_form','a:2:{i:0;s:25:\"field_ui_widget_type_form\";i:1;i:6;}','',245,8,1,'admin/structure/types/manage/%/fields/%','admin/structure/types/manage/%/fields/%','Widget type','t','','','a:0:{}',132,'','',0,'modules/field_ui/field_ui.admin.inc'),('admin/structure/views','','','ctools_export_ui_task_access','a:2:{i:0;s:8:\"views_ui\";i:1;s:4:\"list\";}','ctools_export_ui_switcher_page','a:2:{i:0;s:8:\"views_ui\";i:1;s:4:\"list\";}','',7,3,0,'','admin/structure/views','Views','t','','','a:0:{}',6,'Manage customized lists of content.','',0,'sites/all/modules/ctools/includes/export-ui.inc'),('admin/structure/views/add','','','user_access','a:1:{i:0;s:16:\"administer views\";}','views_ui_add_page','a:0:{}','',15,4,1,'admin/structure/views','admin/structure/views','Add new view','t','','','a:0:{}',388,'','',0,'sites/all/modules/views/includes/admin.inc'),('admin/structure/views/add-template','','','user_access','a:1:{i:0;s:16:\"administer views\";}','views_ui_add_template_page','a:0:{}','',15,4,1,'admin/structure/views','admin/structure/views','Add view from template','t','','','a:0:{}',388,'','',0,'sites/all/modules/views/includes/admin.inc'),('admin/structure/views/ajax/%/%','a:2:{i:4;N;i:5;s:19:\"views_ui_cache_load\";}','','user_access','a:1:{i:0;s:16:\"administer views\";}','views_ui_ajax_form','a:3:{i:0;b:1;i:1;i:4;i:2;i:5;}','ajax_deliver',60,6,0,'','admin/structure/views/ajax/%/%','','t','','','a:0:{}',0,'','',0,'sites/all/modules/views/includes/admin.inc'),('admin/structure/views/ajax/preview/%/%','a:2:{i:5;s:19:\"views_ui_cache_load\";i:6;N;}','','user_access','a:1:{i:0;s:16:\"administer views\";}','views_ui_preview','a:2:{i:0;i:5;i:1;i:6;}','ajax_deliver',124,7,0,'','admin/structure/views/ajax/preview/%/%','','t','','','a:0:{}',6,'','',0,'sites/all/modules/views/includes/admin.inc'),('admin/structure/views/import','','','views_import_access','a:1:{i:0;s:16:\"administer views\";}','drupal_get_form','a:1:{i:0;s:20:\"views_ui_import_page\";}','',15,4,1,'admin/structure/views','admin/structure/views','Import','t','','','a:0:{}',388,'','',0,'sites/all/modules/views/includes/admin.inc'),('admin/structure/views/list','','','ctools_export_ui_task_access','a:2:{i:0;s:8:\"views_ui\";i:1;s:4:\"list\";}','ctools_export_ui_switcher_page','a:2:{i:0;s:8:\"views_ui\";i:1;s:4:\"list\";}','',15,4,1,'admin/structure/views','admin/structure/views','List','t','','','a:0:{}',140,'','',-10,'sites/all/modules/ctools/includes/export-ui.inc'),('admin/structure/views/nojs/%/%','a:2:{i:4;N;i:5;s:19:\"views_ui_cache_load\";}','','user_access','a:1:{i:0;s:16:\"administer views\";}','views_ui_ajax_form','a:3:{i:0;b:0;i:1;i:4;i:2;i:5;}','',60,6,0,'','admin/structure/views/nojs/%/%','','t','','','a:0:{}',0,'','',0,'sites/all/modules/views/includes/admin.inc'),('admin/structure/views/nojs/preview/%/%','a:2:{i:5;s:19:\"views_ui_cache_load\";i:6;N;}','','user_access','a:1:{i:0;s:16:\"administer views\";}','views_ui_preview','a:2:{i:0;i:5;i:1;i:6;}','',124,7,0,'','admin/structure/views/nojs/preview/%/%','','t','','','a:0:{}',6,'','',0,'sites/all/modules/views/includes/admin.inc'),('admin/structure/views/settings','','','user_access','a:1:{i:0;s:16:\"administer views\";}','drupal_get_form','a:1:{i:0;s:29:\"views_ui_admin_settings_basic\";}','',15,4,1,'admin/structure/views','admin/structure/views','Settings','t','','','a:0:{}',132,'','',0,'sites/all/modules/views/includes/admin.inc'),('admin/structure/views/settings/advanced','','','user_access','a:1:{i:0;s:16:\"administer views\";}','drupal_get_form','a:1:{i:0;s:32:\"views_ui_admin_settings_advanced\";}','',31,5,1,'admin/structure/views/settings','admin/structure/views','Advanced','t','','','a:0:{}',132,'','',1,'sites/all/modules/views/includes/admin.inc'),('admin/structure/views/settings/basic','','','user_access','a:1:{i:0;s:16:\"administer views\";}','drupal_get_form','a:1:{i:0;s:29:\"views_ui_admin_settings_basic\";}','',31,5,1,'admin/structure/views/settings','admin/structure/views','Basic','t','','','a:0:{}',140,'','',0,'sites/all/modules/views/includes/admin.inc'),('admin/structure/views/template/%/add','a:1:{i:4;N;}','','ctools_export_ui_task_access','a:3:{i:0;s:8:\"views_ui\";i:1;s:12:\"add_template\";i:2;i:4;}','ctools_export_ui_switcher_page','a:3:{i:0;s:8:\"views_ui\";i:1;s:12:\"add_template\";i:2;i:4;}','',61,6,0,'','admin/structure/views/template/%/add','Add from template','t','','','a:0:{}',0,'','',0,'sites/all/modules/ctools/includes/export-ui.inc'),('admin/structure/views/view/%','a:1:{i:4;s:19:\"views_ui_cache_load\";}','','user_access','a:1:{i:0;s:16:\"administer views\";}','views_ui_edit_page','a:1:{i:0;i:4;}','',30,5,0,'','admin/structure/views/view/%','','views_ui_edit_page_title','a:1:{i:0;i:4;}','','a:0:{}',6,'','',0,'sites/all/modules/views/includes/admin.inc'),('admin/structure/views/view/%/break-lock','a:1:{i:4;s:19:\"views_ui_cache_load\";}','','user_access','a:1:{i:0;s:16:\"administer views\";}','drupal_get_form','a:2:{i:0;s:27:\"views_ui_break_lock_confirm\";i:1;i:4;}','',61,6,0,'','admin/structure/views/view/%/break-lock','Break lock','t','','','a:0:{}',4,'','',0,'sites/all/modules/views/includes/admin.inc'),('admin/structure/views/view/%/clone','a:1:{i:4;a:1:{s:21:\"ctools_export_ui_load\";a:1:{i:0;s:8:\"views_ui\";}}}','','ctools_export_ui_task_access','a:3:{i:0;s:8:\"views_ui\";i:1;s:5:\"clone\";i:2;i:4;}','ctools_export_ui_switcher_page','a:3:{i:0;s:8:\"views_ui\";i:1;s:5:\"clone\";i:2;i:4;}','',61,6,0,'','admin/structure/views/view/%/clone','Clone','t','','','a:0:{}',4,'','',0,'sites/all/modules/ctools/includes/export-ui.inc'),('admin/structure/views/view/%/delete','a:1:{i:4;a:1:{s:21:\"ctools_export_ui_load\";a:1:{i:0;s:8:\"views_ui\";}}}','','ctools_export_ui_task_access','a:3:{i:0;s:8:\"views_ui\";i:1;s:6:\"delete\";i:2;i:4;}','ctools_export_ui_switcher_page','a:3:{i:0;s:8:\"views_ui\";i:1;s:6:\"delete\";i:2;i:4;}','',61,6,0,'','admin/structure/views/view/%/delete','Delete','t','','','a:0:{}',4,'','',0,'sites/all/modules/ctools/includes/export-ui.inc'),('admin/structure/views/view/%/disable','a:1:{i:4;a:1:{s:21:\"ctools_export_ui_load\";a:1:{i:0;s:8:\"views_ui\";}}}','','ctools_export_ui_task_access','a:3:{i:0;s:8:\"views_ui\";i:1;s:7:\"disable\";i:2;i:4;}','ctools_export_ui_switcher_page','a:3:{i:0;s:8:\"views_ui\";i:1;s:7:\"disable\";i:2;i:4;}','',61,6,0,'','admin/structure/views/view/%/disable','Disable','t','','','a:0:{}',0,'','',0,'sites/all/modules/ctools/includes/export-ui.inc'),('admin/structure/views/view/%/edit','a:1:{i:4;s:19:\"views_ui_cache_load\";}','','user_access','a:1:{i:0;s:16:\"administer views\";}','views_ui_edit_page','a:1:{i:0;i:4;}','',61,6,3,'admin/structure/views/view/%','admin/structure/views/view/%','Edit view','t','','ajax_base_page_theme','a:0:{}',140,'','',-10,'sites/all/modules/views/includes/admin.inc'),('admin/structure/views/view/%/edit/%/ajax','a:2:{i:4;s:19:\"views_ui_cache_load\";i:6;N;}','','user_access','a:1:{i:0;s:16:\"administer views\";}','views_ui_ajax_get_form','a:3:{i:0;s:18:\"views_ui_edit_form\";i:1;i:4;i:2;i:6;}','ajax_deliver',245,8,0,'','admin/structure/views/view/%/edit/%/ajax','','t','','ajax_base_page_theme','a:0:{}',0,'','',0,'sites/all/modules/views/includes/admin.inc'),('admin/structure/views/view/%/enable','a:1:{i:4;a:1:{s:21:\"ctools_export_ui_load\";a:1:{i:0;s:8:\"views_ui\";}}}','','ctools_export_ui_task_access','a:3:{i:0;s:8:\"views_ui\";i:1;s:6:\"enable\";i:2;i:4;}','ctools_export_ui_switcher_page','a:3:{i:0;s:8:\"views_ui\";i:1;s:6:\"enable\";i:2;i:4;}','',61,6,0,'','admin/structure/views/view/%/enable','Enable','t','','','a:0:{}',0,'','',0,'sites/all/modules/ctools/includes/export-ui.inc'),('admin/structure/views/view/%/export','a:1:{i:4;a:1:{s:21:\"ctools_export_ui_load\";a:1:{i:0;s:8:\"views_ui\";}}}','','ctools_export_ui_task_access','a:3:{i:0;s:8:\"views_ui\";i:1;s:6:\"export\";i:2;i:4;}','ctools_export_ui_switcher_page','a:3:{i:0;s:8:\"views_ui\";i:1;s:6:\"export\";i:2;i:4;}','',61,6,0,'','admin/structure/views/view/%/export','Export','t','','','a:0:{}',4,'','',0,'sites/all/modules/ctools/includes/export-ui.inc'),('admin/structure/views/view/%/preview/%','a:2:{i:4;s:19:\"views_ui_cache_load\";i:6;N;}','','user_access','a:1:{i:0;s:16:\"administer views\";}','views_ui_build_preview','a:2:{i:0;i:4;i:1;i:6;}','',122,7,3,'','admin/structure/views/view/%/preview/%','','t','','','a:0:{}',4,'','',0,'sites/all/modules/views/includes/admin.inc'),('admin/structure/views/view/%/preview/%/ajax','a:2:{i:4;s:19:\"views_ui_cache_load\";i:6;N;}','','user_access','a:1:{i:0;s:16:\"administer views\";}','views_ui_build_preview','a:2:{i:0;i:4;i:1;i:6;}','ajax_deliver',245,8,0,'','admin/structure/views/view/%/preview/%/ajax','','t','','ajax_base_page_theme','a:0:{}',0,'','',0,'sites/all/modules/views/includes/admin.inc'),('admin/structure/views/view/%/revert','a:1:{i:4;a:1:{s:21:\"ctools_export_ui_load\";a:1:{i:0;s:8:\"views_ui\";}}}','','ctools_export_ui_task_access','a:3:{i:0;s:8:\"views_ui\";i:1;s:6:\"revert\";i:2;i:4;}','ctools_export_ui_switcher_page','a:3:{i:0;s:8:\"views_ui\";i:1;s:6:\"delete\";i:2;i:4;}','',61,6,0,'','admin/structure/views/view/%/revert','Revert','t','','','a:0:{}',4,'','',0,'sites/all/modules/ctools/includes/export-ui.inc'),('admin/structure/widgets','','','user_access','a:1:{i:0;s:23:\"administer widgets sets\";}','widgets_set_list','a:0:{}','',7,3,0,'','admin/structure/widgets','Widgets','t','','','a:0:{}',6,'Configure sets of widgets to display in blocks.','',0,'sites/all/modules/widgets/widgets.admin.inc'),('admin/structure/widgets/definitions','','','user_access','a:1:{i:0;s:23:\"administer widgets sets\";}','widgets_definition_list','a:0:{}','',15,4,1,'admin/structure/widgets','admin/structure/widgets','Definitions','t','','','a:0:{}',132,'Configure sets of widgets to display in blocks.','',1,'sites/all/modules/widgets/widgets.admin.inc'),('admin/structure/widgets/definitions/add','','','user_access','a:1:{i:0;s:23:\"administer widgets sets\";}','drupal_get_form','a:3:{i:0;s:28:\"widgets_definition_edit_form\";i:1;i:5;i:2;b:1;}','',31,5,1,'admin/structure/widgets/definitions','admin/structure/widgets','Add widget definition','t','','','a:0:{}',388,'Add a new widget definition.','',2,'sites/all/modules/widgets/widgets.admin.inc'),('admin/structure/widgets/definitions/edit/%','a:1:{i:5;s:31:\"widgets_element_definition_load\";}','','user_access','a:1:{i:0;s:23:\"administer widgets sets\";}','drupal_get_form','a:2:{i:0;s:28:\"widgets_definition_edit_form\";i:1;i:5;}','',62,6,0,'','admin/structure/widgets/definitions/edit/%','Edit widget definition','t','','','a:0:{}',6,'Configure an widget definition.','',0,'sites/all/modules/widgets/widgets.admin.inc'),('admin/structure/widgets/definitions/export/%','a:1:{i:5;a:1:{s:31:\"widgets_element_definition_load\";a:2:{i:0;N;i:1;s:1:\"1\";}}}','','user_access','a:1:{i:0;s:23:\"administer widgets sets\";}','drupal_get_form','a:2:{i:0;s:30:\"widgets_definition_export_form\";i:1;i:5;}','',62,6,0,'','admin/structure/widgets/definitions/export/%','Export widget definition','t','','','a:0:{}',6,'Export an widget definition.','',0,'sites/all/modules/widgets/widgets.admin.inc'),('admin/structure/widgets/definitions/list','','','user_access','a:1:{i:0;s:23:\"administer widgets sets\";}','widgets_definition_list','a:0:{}','',31,5,1,'admin/structure/widgets/definitions','admin/structure/widgets','Definitions','t','','','a:0:{}',140,'List the current widget sets on the site.','',1,'sites/all/modules/widgets/widgets.admin.inc'),('admin/structure/widgets/definitions/preview/%','a:1:{i:5;s:31:\"widgets_element_definition_load\";}','','user_access','a:1:{i:0;s:23:\"administer widgets sets\";}','drupal_get_form','a:2:{i:0;s:31:\"widgets_definition_preview_form\";i:1;i:5;}','',62,6,0,'','admin/structure/widgets/definitions/preview/%','Preview widget definition','t','','','a:0:{}',6,'Configure an widget definition.','',0,'sites/all/modules/widgets/widgets.admin.inc'),('admin/structure/widgets/sets','','','user_access','a:1:{i:0;s:23:\"administer widgets sets\";}','widgets_set_list','a:0:{}','',15,4,1,'admin/structure/widgets','admin/structure/widgets','Sets','t','','','a:0:{}',140,'List the current widget sets on the site.','',0,'sites/all/modules/widgets/widgets.admin.inc'),('admin/structure/widgets/sets/add','','','user_access','a:1:{i:0;s:23:\"administer widgets sets\";}','drupal_get_form','a:1:{i:0;s:20:\"widgets_set_add_form\";}','',31,5,1,'admin/structure/widgets/sets','admin/structure/widgets','Add widget set','t','','','a:0:{}',388,'Add a new widget set.','',2,'sites/all/modules/widgets/widgets.admin.inc'),('admin/structure/widgets/sets/delete/%','a:1:{i:5;a:1:{s:16:\"widgets_set_load\";a:2:{i:0;N;i:1;s:1:\"1\";}}}','','user_access','a:1:{i:0;s:23:\"administer widgets sets\";}','drupal_get_form','a:2:{i:0;s:23:\"widgets_set_delete_form\";i:1;i:5;}','',62,6,0,'','admin/structure/widgets/sets/delete/%','Delete widget set','t','','','a:0:{}',6,'Delete an widget set.','',0,'sites/all/modules/widgets/widgets.admin.inc'),('admin/structure/widgets/sets/edit/%','a:1:{i:5;s:16:\"widgets_set_load\";}','','user_access','a:1:{i:0;s:23:\"administer widgets sets\";}','drupal_get_form','a:2:{i:0;s:16:\"widgets_set_form\";i:1;i:5;}','',62,6,2,'admin/structure/widgets/sets','admin/structure/widgets','Edit widget set','t','','','a:0:{}',132,'Configure an widget set.','',0,'sites/all/modules/widgets/widgets.admin.inc'),('admin/structure/widgets/sets/edit/%/add/%','a:2:{i:5;a:1:{s:16:\"widgets_set_load\";a:1:{i:0;i:5;}}i:7;a:1:{s:31:\"widgets_element_definition_load\";a:1:{i:0;i:5;}}}','','user_access','a:1:{i:0;s:23:\"administer widgets sets\";}','drupal_get_form','a:3:{i:0;s:20:\"widgets_element_form\";i:1;i:5;i:2;i:7;}','',250,8,0,'','admin/structure/widgets/sets/edit/%/add/%','Add widget','t','','','a:0:{}',6,'Add a new widget to a set.','',0,'sites/all/modules/widgets/widgets.admin.inc'),('admin/structure/widgets/sets/edit/%/elements/%','a:2:{i:5;a:1:{s:16:\"widgets_set_load\";a:2:{i:0;i:5;i:1;s:1:\"3\";}}i:7;a:1:{s:20:\"widgets_element_load\";a:2:{i:0;i:5;i:1;s:1:\"3\";}}}','','user_access','a:1:{i:0;s:23:\"administer widgets sets\";}','drupal_get_form','a:3:{i:0;s:20:\"widgets_element_form\";i:1;i:5;i:2;i:7;}','',250,8,0,'','admin/structure/widgets/sets/edit/%/elements/%','Edit widget element','t','','','a:0:{}',6,'Edit an existing widget within a set.','',0,'sites/all/modules/widgets/widgets.admin.inc'),('admin/structure/widgets/sets/edit/%/elements/%/delete','a:2:{i:5;a:1:{s:16:\"widgets_set_load\";a:2:{i:0;i:5;i:1;s:1:\"3\";}}i:7;a:1:{s:20:\"widgets_element_load\";a:2:{i:0;i:5;i:1;s:1:\"3\";}}}','','user_access','a:1:{i:0;s:23:\"administer widgets sets\";}','drupal_get_form','a:3:{i:0;s:27:\"widgets_element_delete_form\";i:1;i:5;i:2;i:7;}','',501,9,0,'','admin/structure/widgets/sets/edit/%/elements/%/delete','Delete widget','t','','','a:0:{}',6,'Delete an existing widget from a set.','',0,'sites/all/modules/widgets/widgets.admin.inc'),('admin/structure/widgets/sets/export/%','a:1:{i:5;a:1:{s:16:\"widgets_set_load\";a:2:{i:0;N;i:1;s:1:\"1\";}}}','','user_access','a:1:{i:0;s:23:\"administer widgets sets\";}','drupal_get_form','a:2:{i:0;s:23:\"widgets_set_export_form\";i:1;i:5;}','',62,6,0,'','admin/structure/widgets/sets/export/%','Export widget set','t','','','a:0:{}',6,'Export an widget set.','',0,'sites/all/modules/widgets/widgets.admin.inc'),('admin/structure/widgets/sets/list','','','user_access','a:1:{i:0;s:23:\"administer widgets sets\";}','widgets_set_list','a:0:{}','',31,5,1,'admin/structure/widgets/sets','admin/structure/widgets','List','t','','','a:0:{}',140,'List the current widget sets on the site.','',0,'sites/all/modules/widgets/widgets.admin.inc'),('admin/structure/widgets/sets/revert/%','a:1:{i:5;a:1:{s:16:\"widgets_set_load\";a:2:{i:0;N;i:1;s:1:\"2\";}}}','','user_access','a:1:{i:0;s:23:\"administer widgets sets\";}','drupal_get_form','a:2:{i:0;s:23:\"widgets_set_revert_form\";i:1;i:5;}','',62,6,0,'','admin/structure/widgets/sets/revert/%','Revert style','t','','','a:0:{}',6,'Revert an widget set.','',0,'sites/all/modules/widgets/widgets.admin.inc'),('admin/tasks','','','user_access','a:1:{i:0;s:27:\"access administration pages\";}','system_admin_menu_block_page','a:0:{}','',3,2,1,'admin','admin','Tasks','t','','','a:0:{}',140,'','',-20,'modules/system/system.admin.inc'),('admin/update/ready','','','update_manager_access','a:0:{}','drupal_get_form','a:1:{i:0;s:32:\"update_manager_update_ready_form\";}','',7,3,0,'','admin/update/ready','Ready to update','t','','','a:0:{}',0,'','',0,'modules/update/update.manager.inc'),('admin/views/ajax/autocomplete/tag','','','user_access','a:1:{i:0;s:16:\"administer views\";}','views_ui_autocomplete_tag','a:0:{}','',31,5,0,'','admin/views/ajax/autocomplete/tag','','t','','','a:0:{}',0,'','',0,'sites/all/modules/views/includes/admin.inc'),('admin/views/ajax/autocomplete/taxonomy','','','user_access','a:1:{i:0;s:14:\"access content\";}','views_ajax_autocomplete_taxonomy','a:0:{}','',31,5,0,'','admin/views/ajax/autocomplete/taxonomy','','t','','ajax_base_page_theme','a:0:{}',0,'','',0,'sites/all/modules/views/includes/ajax.inc'),('admin/views/ajax/autocomplete/user','','','user_access','a:1:{i:0;s:20:\"access user profiles\";}','views_ajax_autocomplete_user','a:0:{}','',31,5,0,'','admin/views/ajax/autocomplete/user','','t','','ajax_base_page_theme','a:0:{}',0,'','',0,'sites/all/modules/views/includes/ajax.inc'),('aggregator','','','user_access','a:1:{i:0;s:17:\"access news feeds\";}','aggregator_page_last','a:0:{}','',1,1,0,'','aggregator','Feed aggregator','t','','','a:0:{}',6,'','',5,'modules/aggregator/aggregator.pages.inc'),('aggregator/categories','','','_aggregator_has_categories','a:0:{}','aggregator_page_categories','a:0:{}','',3,2,0,'','aggregator/categories','Categories','t','','','a:0:{}',6,'','',0,'modules/aggregator/aggregator.pages.inc'),('aggregator/categories/%','a:1:{i:2;s:24:\"aggregator_category_load\";}','','user_access','a:1:{i:0;s:17:\"access news feeds\";}','aggregator_page_category','a:1:{i:0;i:2;}','',6,3,0,'','aggregator/categories/%','','_aggregator_category_title','a:1:{i:0;i:2;}','','a:0:{}',6,'','',0,'modules/aggregator/aggregator.pages.inc'),('aggregator/categories/%/categorize','a:1:{i:2;s:24:\"aggregator_category_load\";}','','user_access','a:1:{i:0;s:21:\"administer news feeds\";}','drupal_get_form','a:2:{i:0;s:29:\"aggregator_page_category_form\";i:1;i:2;}','',13,4,1,'aggregator/categories/%','aggregator/categories/%','Categorize','t','','','a:0:{}',132,'','',0,'modules/aggregator/aggregator.pages.inc'),('aggregator/categories/%/configure','a:1:{i:2;s:24:\"aggregator_category_load\";}','','user_access','a:1:{i:0;s:21:\"administer news feeds\";}','drupal_get_form','a:2:{i:0;s:24:\"aggregator_form_category\";i:1;i:2;}','',13,4,1,'aggregator/categories/%','aggregator/categories/%','Configure','t','','','a:0:{}',132,'','',1,'modules/aggregator/aggregator.admin.inc'),('aggregator/categories/%/view','a:1:{i:2;s:24:\"aggregator_category_load\";}','','user_access','a:1:{i:0;s:17:\"access news feeds\";}','aggregator_page_category','a:1:{i:0;i:2;}','',13,4,1,'aggregator/categories/%','aggregator/categories/%','View','t','','','a:0:{}',140,'','',-10,'modules/aggregator/aggregator.pages.inc'),('aggregator/opml','','','user_access','a:1:{i:0;s:17:\"access news feeds\";}','aggregator_page_opml','a:0:{}','',3,2,0,'','aggregator/opml','OPML feed','t','','','a:0:{}',0,'','',0,'modules/aggregator/aggregator.pages.inc'),('aggregator/rss','','','user_access','a:1:{i:0;s:17:\"access news feeds\";}','aggregator_page_rss','a:0:{}','',3,2,0,'','aggregator/rss','RSS feed','t','','','a:0:{}',0,'','',0,'modules/aggregator/aggregator.pages.inc'),('aggregator/sources','','','user_access','a:1:{i:0;s:17:\"access news feeds\";}','aggregator_page_sources','a:0:{}','',3,2,0,'','aggregator/sources','Sources','t','','','a:0:{}',6,'','',0,'modules/aggregator/aggregator.pages.inc'),('aggregator/sources/%','a:1:{i:2;s:20:\"aggregator_feed_load\";}','','user_access','a:1:{i:0;s:17:\"access news feeds\";}','aggregator_page_source','a:1:{i:0;i:2;}','',6,3,0,'','aggregator/sources/%','','t','','','a:0:{}',6,'','',0,'modules/aggregator/aggregator.pages.inc'),('aggregator/sources/%/categorize','a:1:{i:2;s:20:\"aggregator_feed_load\";}','','user_access','a:1:{i:0;s:21:\"administer news feeds\";}','drupal_get_form','a:2:{i:0;s:27:\"aggregator_page_source_form\";i:1;i:2;}','',13,4,1,'aggregator/sources/%','aggregator/sources/%','Categorize','t','','','a:0:{}',132,'','',0,'modules/aggregator/aggregator.pages.inc'),('aggregator/sources/%/configure','a:1:{i:2;s:20:\"aggregator_feed_load\";}','','user_access','a:1:{i:0;s:21:\"administer news feeds\";}','drupal_get_form','a:2:{i:0;s:20:\"aggregator_form_feed\";i:1;i:2;}','',13,4,1,'aggregator/sources/%','aggregator/sources/%','Configure','t','','','a:0:{}',132,'','',1,'modules/aggregator/aggregator.admin.inc'),('aggregator/sources/%/view','a:1:{i:2;s:20:\"aggregator_feed_load\";}','','user_access','a:1:{i:0;s:17:\"access news feeds\";}','aggregator_page_source','a:1:{i:0;i:2;}','',13,4,1,'aggregator/sources/%','aggregator/sources/%','View','t','','','a:0:{}',140,'','',-10,'modules/aggregator/aggregator.pages.inc'),('articles','','','views_access','a:1:{i:0;a:2:{i:0;s:16:\"views_check_perm\";i:1;a:1:{i:0;s:14:\"access content\";}}}','views_page','a:2:{i:0;s:11:\"latest_news\";i:1;s:4:\"page\";}','',1,1,0,'','articles','','t','','','a:0:{}',0,'','',0,''),('batch','','','1','a:0:{}','system_batch_page','a:0:{}','',1,1,0,'','batch','','t','','_system_batch_theme','a:0:{}',0,'','',0,'modules/system/system.admin.inc'),('calendar-node-field-event-date','','','views_access','a:1:{i:0;a:2:{i:0;s:16:\"views_check_perm\";i:1;a:1:{i:0;s:14:\"access content\";}}}','views_page','a:2:{i:0;s:14:\"event_calender\";i:1;s:6:\"page_1\";}','',1,1,0,'','calendar-node-field-event-date','Calendar','t','','','a:0:{}',6,'','',0,''),('calendar-node-field-event-date/day','','','views_access','a:1:{i:0;a:2:{i:0;s:16:\"views_check_perm\";i:1;a:1:{i:0;s:14:\"access content\";}}}','views_page','a:2:{i:0;s:14:\"event_calender\";i:1;s:6:\"page_3\";}','',3,2,1,'calendar-node-field-event-date','calendar-node-field-event-date','Day','t','','','a:0:{}',132,'','',3,''),('calendar-node-field-event-date/month','','','views_access','a:1:{i:0;a:2:{i:0;s:16:\"views_check_perm\";i:1;a:1:{i:0;s:14:\"access content\";}}}','views_page','a:2:{i:0;s:14:\"event_calender\";i:1;s:6:\"page_1\";}','',3,2,1,'calendar-node-field-event-date','calendar-node-field-event-date','Month','t','','','a:0:{}',140,'','',0,''),('calendar-node-field-event-date/week','','','views_access','a:1:{i:0;a:2:{i:0;s:16:\"views_check_perm\";i:1;a:1:{i:0;s:14:\"access content\";}}}','views_page','a:2:{i:0;s:14:\"event_calender\";i:1;s:6:\"page_2\";}','',3,2,1,'calendar-node-field-event-date','calendar-node-field-event-date','Week','t','','','a:0:{}',132,'','',2,''),('calendar-node-field-event-date/year','','','views_access','a:1:{i:0;a:2:{i:0;s:16:\"views_check_perm\";i:1;a:1:{i:0;s:14:\"access content\";}}}','views_page','a:2:{i:0;s:14:\"event_calender\";i:1;s:4:\"page\";}','',3,2,1,'calendar-node-field-event-date','calendar-node-field-event-date','Year','t','','','a:0:{}',132,'','',4,''),('ctools/autocomplete/%','a:1:{i:2;N;}','','user_access','a:1:{i:0;s:14:\"access content\";}','ctools_content_autocomplete_entity','a:1:{i:0;i:2;}','',6,3,0,'','ctools/autocomplete/%','','t','','','a:0:{}',0,'','',0,'sites/all/modules/ctools/includes/content.menu.inc'),('ctools/context/ajax/access/add','','','user_access','a:1:{i:0;s:14:\"access content\";}','ctools_access_ajax_add','a:0:{}','',31,5,0,'','ctools/context/ajax/access/add','','t','','ajax_base_page_theme','a:0:{}',0,'','',0,'sites/all/modules/ctools/includes/context-access-admin.inc'),('ctools/context/ajax/access/configure','','','user_access','a:1:{i:0;s:14:\"access content\";}','ctools_access_ajax_edit','a:0:{}','',31,5,0,'','ctools/context/ajax/access/configure','','t','','ajax_base_page_theme','a:0:{}',0,'','',0,'sites/all/modules/ctools/includes/context-access-admin.inc'),('ctools/context/ajax/access/delete','','','user_access','a:1:{i:0;s:14:\"access content\";}','ctools_access_ajax_delete','a:0:{}','',31,5,0,'','ctools/context/ajax/access/delete','','t','','ajax_base_page_theme','a:0:{}',0,'','',0,'sites/all/modules/ctools/includes/context-access-admin.inc'),('ctools/context/ajax/add','','','user_access','a:1:{i:0;s:14:\"access content\";}','ctools_context_ajax_item_add','a:0:{}','',15,4,0,'','ctools/context/ajax/add','','t','','ajax_base_page_theme','a:0:{}',0,'','',0,'sites/all/modules/ctools/includes/context-admin.inc'),('ctools/context/ajax/configure','','','user_access','a:1:{i:0;s:14:\"access content\";}','ctools_context_ajax_item_edit','a:0:{}','',15,4,0,'','ctools/context/ajax/configure','','t','','ajax_base_page_theme','a:0:{}',0,'','',0,'sites/all/modules/ctools/includes/context-admin.inc'),('ctools/context/ajax/delete','','','user_access','a:1:{i:0;s:14:\"access content\";}','ctools_context_ajax_item_delete','a:0:{}','',15,4,0,'','ctools/context/ajax/delete','','t','','ajax_base_page_theme','a:0:{}',0,'','',0,'sites/all/modules/ctools/includes/context-admin.inc'),('events','','','views_access','a:1:{i:0;a:2:{i:0;s:16:\"views_check_perm\";i:1;a:1:{i:0;s:14:\"access content\";}}}','views_page','a:2:{i:0;s:6:\"events\";i:1;s:4:\"page\";}','',1,1,0,'','events','','t','','','a:0:{}',0,'','',0,''),('file/ajax','','','user_access','a:1:{i:0;s:14:\"access content\";}','file_ajax_upload','a:0:{}','ajax_deliver',3,2,0,'','file/ajax','','t','','ajax_base_page_theme','a:0:{}',0,'','',0,''),('file/clipboard/%/%/%','a:3:{i:2;N;i:3;N;i:4;N;}','','_filefield_sources_field_access','a:3:{i:0;i:2;i:1;i:3;i:2;i:4;}','filefield_source_clipboard_page','a:3:{i:0;i:2;i:1;i:3;i:2;i:4;}','',24,5,0,'','file/clipboard/%/%/%','','t','','','a:0:{}',0,'','',0,'sites/all/modules/filefield_sources/sources/clipboard.inc'),('file/imce/%/%/%','a:3:{i:2;N;i:3;N;i:4;N;}','','_filefield_sources_field_access','a:3:{i:0;i:2;i:1;i:3;i:2;i:4;}','filefield_source_imce_page','a:3:{i:0;i:2;i:1;i:3;i:2;i:4;}','',24,5,0,'','file/imce/%/%/%','','t','','','a:0:{}',0,'','',0,'sites/all/modules/filefield_sources/sources/imce.inc'),('file/progress','','','user_access','a:1:{i:0;s:14:\"access content\";}','file_ajax_progress','a:0:{}','',3,2,0,'','file/progress','','t','','ajax_base_page_theme','a:0:{}',0,'','',0,''),('file/reference/%/%/%','a:3:{i:2;N;i:3;N;i:4;N;}','','_filefield_sources_field_access','a:3:{i:0;i:2;i:1;i:3;i:2;i:4;}','filefield_source_reference_autocomplete','a:3:{i:0;i:2;i:1;i:3;i:2;i:4;}','',24,5,0,'','file/reference/%/%/%','','t','','','a:0:{}',0,'','',0,'sites/all/modules/filefield_sources/sources/reference.inc'),('file/remote/progress/%/%/%/%','a:4:{i:3;N;i:4;N;i:5;N;i:6;N;}','','1','a:0:{}','filefield_source_remote_progress','a:4:{i:0;i:3;i:1;i:4;i:2;i:5;i:3;i:6;}','',112,7,0,'','file/remote/progress/%/%/%/%','','t','','','a:0:{}',0,'','',0,'sites/all/modules/filefield_sources/sources/remote.inc'),('filter/tips','','','1','a:0:{}','filter_tips_long','a:0:{}','',3,2,0,'','filter/tips','Compose tips','t','','','a:0:{}',20,'','',0,'modules/filter/filter.pages.inc'),('filter/tips/%','a:1:{i:2;s:18:\"filter_format_load\";}','','filter_access','a:1:{i:0;i:2;}','filter_tips_long','a:1:{i:0;i:2;}','',6,3,0,'','filter/tips/%','Compose tips','t','','','a:0:{}',6,'','',0,'modules/filter/filter.pages.inc'),('front-page','','','views_access','a:1:{i:0;a:2:{i:0;s:16:\"views_check_perm\";i:1;a:1:{i:0;s:14:\"access content\";}}}','views_page','a:2:{i:0;s:10:\"front_page\";i:1;s:4:\"page\";}','',1,1,0,'','front-page','','t','','','a:0:{}',0,'','',0,''),('imce','','','imce_access','a:2:{i:0;b:0;i:1;i:1;}','imce','a:0:{}','',1,1,0,'','imce','File browser','t','','','a:0:{}',0,'','',0,'sites/all/modules/imce/inc/imce.page.inc'),('location-test','','','views_access','a:1:{i:0;a:2:{i:0;s:16:\"views_check_perm\";i:1;a:1:{i:0;s:14:\"access content\";}}}','views_page','a:2:{i:0;s:13:\"location_test\";i:1;s:4:\"page\";}','',1,1,0,'','location-test','','t','','','a:0:{}',0,'','',0,''),('location/autocomplete','','','user_access','a:1:{i:0;s:14:\"access content\";}','_location_autocomplete','a:0:{}','',3,2,0,'','location/autocomplete','','t','','','a:0:{}',0,'','',0,''),('node','','','user_access','a:1:{i:0;s:14:\"access content\";}','node_page_default','a:0:{}','',1,1,0,'','node','','t','','','a:0:{}',0,'','',0,''),('node/%','a:1:{i:1;s:9:\"node_load\";}','','node_access','a:2:{i:0;s:4:\"view\";i:1;i:1;}','node_page_view','a:1:{i:0;i:1;}','',2,2,0,'','node/%','','node_page_title','a:1:{i:0;i:1;}','','a:0:{}',6,'','',0,''),('node/%/delete','a:1:{i:1;s:9:\"node_load\";}','','node_access','a:2:{i:0;s:6:\"delete\";i:1;i:1;}','drupal_get_form','a:2:{i:0;s:19:\"node_delete_confirm\";i:1;i:1;}','',5,3,2,'node/%','node/%','Delete','t','','','a:0:{}',132,'','',1,'modules/node/node.pages.inc'),('node/%/display','a:1:{i:1;s:9:\"node_load\";}','','user_access','a:1:{i:0;s:24:\"administer content types\";}','ds_contextual_page_tab','a:2:{i:0;i:1;i:1;s:4:\"node\";}','',5,3,1,'node/%','node/%','Manage display','t','','','a:0:{}',132,'Manage display of this content.','',0,'sites/all/modules/ds/includes/ds.contextual.inc'),('node/%/done','a:1:{i:1;s:17:\"webform_menu_load\";}','','node_access','a:2:{i:0;s:4:\"view\";i:1;i:1;}','_webform_confirmation','a:1:{i:0;i:1;}','',5,3,0,'','node/%/done','Webform confirmation','t','','','a:0:{}',0,'','',0,''),('node/%/edit','a:1:{i:1;s:9:\"node_load\";}','','node_access','a:2:{i:0;s:6:\"update\";i:1;i:1;}','node_page_edit','a:1:{i:0;i:1;}','',5,3,3,'node/%','node/%','Edit','t','','','a:0:{}',132,'','',0,'modules/node/node.pages.inc'),('node/%/revisions','a:1:{i:1;s:9:\"node_load\";}','','_node_revision_access','a:1:{i:0;i:1;}','node_revision_overview','a:1:{i:0;i:1;}','',5,3,1,'node/%','node/%','Revisions','t','','','a:0:{}',132,'','',2,'modules/node/node.pages.inc'),('node/%/revisions/%/delete','a:2:{i:1;a:1:{s:9:\"node_load\";a:1:{i:0;i:3;}}i:3;N;}','','_node_revision_access','a:2:{i:0;i:1;i:1;s:6:\"delete\";}','drupal_get_form','a:2:{i:0;s:28:\"node_revision_delete_confirm\";i:1;i:1;}','',21,5,0,'','node/%/revisions/%/delete','Delete earlier revision','t','','','a:0:{}',6,'','',0,'modules/node/node.pages.inc'),('node/%/revisions/%/revert','a:2:{i:1;a:1:{s:9:\"node_load\";a:1:{i:0;i:3;}}i:3;N;}','','_node_revision_access','a:2:{i:0;i:1;i:1;s:6:\"update\";}','drupal_get_form','a:2:{i:0;s:28:\"node_revision_revert_confirm\";i:1;i:1;}','',21,5,0,'','node/%/revisions/%/revert','Revert to earlier revision','t','','','a:0:{}',6,'','',0,'modules/node/node.pages.inc'),('node/%/revisions/%/view','a:2:{i:1;a:1:{s:9:\"node_load\";a:1:{i:0;i:3;}}i:3;N;}','','_node_revision_access','a:1:{i:0;i:1;}','ds_revision_node_show','a:2:{i:0;i:1;i:1;b:1;}','',21,5,0,'','node/%/revisions/%/view','Revisions','t','','','a:0:{}',6,'','',0,'sites/all/modules/ds/includes/ds.revision.inc'),('node/%/submission/%','a:2:{i:1;a:1:{s:17:\"webform_menu_load\";a:1:{i:0;i:1;}}i:3;a:1:{s:28:\"webform_menu_submission_load\";a:1:{i:0;i:1;}}}','','webform_submission_access','a:3:{i:0;i:1;i:1;i:3;i:2;s:4:\"view\";}','webform_submission_page','a:3:{i:0;i:1;i:1;i:3;i:2;s:4:\"html\";}','',10,4,0,'','node/%/submission/%','Webform submission','webform_submission_title','a:2:{i:0;i:1;i:1;i:3;}','','a:0:{}',0,'','',0,'sites/all/modules/webform/includes/webform.submissions.inc'),('node/%/submission/%/delete','a:2:{i:1;a:1:{s:17:\"webform_menu_load\";a:1:{i:0;i:1;}}i:3;a:1:{s:28:\"webform_menu_submission_load\";a:1:{i:0;i:1;}}}','','webform_submission_access','a:3:{i:0;i:1;i:1;i:3;i:2;s:6:\"delete\";}','drupal_get_form','a:3:{i:0;s:30:\"webform_submission_delete_form\";i:1;i:1;i:2;i:3;}','',21,5,1,'node/%/submission/%','node/%/submission/%','Delete','t','','','a:0:{}',132,'','',2,'sites/all/modules/webform/includes/webform.submissions.inc'),('node/%/submission/%/edit','a:2:{i:1;a:1:{s:17:\"webform_menu_load\";a:1:{i:0;i:1;}}i:3;a:1:{s:28:\"webform_menu_submission_load\";a:1:{i:0;i:1;}}}','','webform_submission_access','a:3:{i:0;i:1;i:1;i:3;i:2;s:4:\"edit\";}','webform_submission_page','a:3:{i:0;i:1;i:1;i:3;i:2;s:4:\"form\";}','',21,5,1,'node/%/submission/%','node/%/submission/%','Edit','t','','','a:0:{}',132,'','',1,'sites/all/modules/webform/includes/webform.submissions.inc'),('node/%/submission/%/resend','a:2:{i:1;a:1:{s:17:\"webform_menu_load\";a:1:{i:0;i:1;}}i:3;a:1:{s:28:\"webform_menu_submission_load\";a:1:{i:0;i:1;}}}','','webform_results_access','a:1:{i:0;i:1;}','drupal_get_form','a:3:{i:0;s:25:\"webform_submission_resend\";i:1;i:1;i:2;i:3;}','',21,5,0,'','node/%/submission/%/resend','Resend e-mails','t','','','a:0:{}',0,'','',0,'sites/all/modules/webform/includes/webform.submissions.inc'),('node/%/submission/%/view','a:2:{i:1;a:1:{s:17:\"webform_menu_load\";a:1:{i:0;i:1;}}i:3;a:1:{s:28:\"webform_menu_submission_load\";a:1:{i:0;i:1;}}}','','webform_submission_access','a:3:{i:0;i:1;i:1;i:3;i:2;s:4:\"view\";}','webform_submission_page','a:3:{i:0;i:1;i:1;i:3;i:2;s:4:\"html\";}','',21,5,1,'node/%/submission/%','node/%/submission/%','View','t','','','a:0:{}',140,'','',0,'sites/all/modules/webform/includes/webform.submissions.inc'),('node/%/submissions','a:1:{i:1;s:17:\"webform_menu_load\";}','','webform_submission_access','a:3:{i:0;i:1;i:1;N;i:2;s:4:\"list\";}','webform_results_submissions','a:3:{i:0;i:1;i:1;b:1;i:2;s:2:\"50\";}','',5,3,0,'','node/%/submissions','Submissions','t','','','a:0:{}',0,'','',0,'sites/all/modules/webform/includes/webform.report.inc'),('node/%/view','a:1:{i:1;s:9:\"node_load\";}','','node_access','a:2:{i:0;s:4:\"view\";i:1;i:1;}','node_page_view','a:1:{i:0;i:1;}','',5,3,1,'node/%','node/%','View','t','','','a:0:{}',140,'','',-10,''),('node/%/webform','a:1:{i:1;s:17:\"webform_menu_load\";}','','node_access','a:2:{i:0;s:6:\"update\";i:1;i:1;}','webform_components_page','a:1:{i:0;i:1;}','',5,3,3,'node/%','node/%','Webform','t','','','a:0:{}',132,'','',1,'sites/all/modules/webform/includes/webform.components.inc'),('node/%/webform-results','a:1:{i:1;s:17:\"webform_menu_load\";}','','webform_results_access','a:1:{i:0;i:1;}','webform_results_submissions','a:3:{i:0;i:1;i:1;b:0;i:2;s:2:\"50\";}','',5,3,3,'node/%','node/%','Results','t','','','a:0:{}',132,'','',2,'sites/all/modules/webform/includes/webform.report.inc'),('node/%/webform-results/analysis','a:1:{i:1;s:17:\"webform_menu_load\";}','','webform_results_access','a:1:{i:0;i:1;}','webform_results_analysis','a:1:{i:0;i:1;}','',11,4,1,'node/%/webform-results','node/%','Analysis','t','','','a:0:{}',132,'','',5,'sites/all/modules/webform/includes/webform.report.inc'),('node/%/webform-results/analysis/%','a:2:{i:1;a:1:{s:17:\"webform_menu_load\";a:2:{i:0;i:1;i:1;i:4;}}i:4;a:1:{s:27:\"webform_menu_component_load\";a:2:{i:0;i:1;i:1;i:4;}}}','','webform_results_access','a:1:{i:0;i:1;}','webform_results_analysis','a:3:{i:0;i:1;i:1;a:0:{}i:2;i:4;}','',22,5,0,'','node/%/webform-results/analysis/%','Analysis','t','','','a:0:{}',0,'','',0,'sites/all/modules/webform/includes/webform.report.inc'),('node/%/webform-results/clear','a:1:{i:1;s:17:\"webform_menu_load\";}','','webform_results_clear_access','a:1:{i:0;i:1;}','drupal_get_form','a:2:{i:0;s:26:\"webform_results_clear_form\";i:1;i:1;}','',11,4,1,'node/%/webform-results','node/%','Clear','t','','','a:0:{}',132,'','',8,'sites/all/modules/webform/includes/webform.report.inc'),('node/%/webform-results/download','a:1:{i:1;s:17:\"webform_menu_load\";}','','webform_results_access','a:1:{i:0;i:1;}','drupal_get_form','a:2:{i:0;s:29:\"webform_results_download_form\";i:1;i:1;}','',11,4,1,'node/%/webform-results','node/%','Download','t','','','a:0:{}',132,'','',7,'sites/all/modules/webform/includes/webform.report.inc'),('node/%/webform-results/submissions','a:1:{i:1;s:17:\"webform_menu_load\";}','','webform_results_access','a:1:{i:0;i:1;}','webform_results_submissions','a:3:{i:0;i:1;i:1;b:0;i:2;s:2:\"50\";}','',11,4,1,'node/%/webform-results','node/%','Submissions','t','','','a:0:{}',140,'','',4,'sites/all/modules/webform/includes/webform.report.inc'),('node/%/webform-results/table','a:1:{i:1;s:17:\"webform_menu_load\";}','','webform_results_access','a:1:{i:0;i:1;}','webform_results_table','a:2:{i:0;i:1;i:1;s:2:\"50\";}','',11,4,1,'node/%/webform-results','node/%','Table','t','','','a:0:{}',132,'','',6,'sites/all/modules/webform/includes/webform.report.inc'),('node/%/webform/components','a:1:{i:1;s:17:\"webform_menu_load\";}','','node_access','a:2:{i:0;s:6:\"update\";i:1;i:1;}','webform_components_page','a:1:{i:0;i:1;}','',11,4,1,'node/%/webform','node/%','Form components','t','','','a:0:{}',140,'','',0,'sites/all/modules/webform/includes/webform.components.inc'),('node/%/webform/components/%','a:2:{i:1;a:1:{s:17:\"webform_menu_load\";a:2:{i:0;i:1;i:1;i:5;}}i:4;a:1:{s:27:\"webform_menu_component_load\";a:2:{i:0;i:1;i:1;i:5;}}}','','node_access','a:2:{i:0;s:6:\"update\";i:1;i:1;}','drupal_get_form','a:4:{i:0;s:27:\"webform_component_edit_form\";i:1;i:1;i:2;i:4;i:3;b:0;}','',22,5,1,'node/%/webform/components','node/%','','t','','','a:0:{}',132,'','',0,'sites/all/modules/webform/includes/webform.components.inc'),('node/%/webform/components/%/clone','a:2:{i:1;a:1:{s:17:\"webform_menu_load\";a:2:{i:0;i:1;i:1;i:5;}}i:4;a:1:{s:27:\"webform_menu_component_load\";a:2:{i:0;i:1;i:1;i:5;}}}','','node_access','a:2:{i:0;s:6:\"update\";i:1;i:1;}','drupal_get_form','a:4:{i:0;s:27:\"webform_component_edit_form\";i:1;i:1;i:2;i:4;i:3;b:1;}','',45,6,1,'node/%/webform/components/%','node/%','','t','','','a:0:{}',132,'','',0,'sites/all/modules/webform/includes/webform.components.inc'),('node/%/webform/components/%/delete','a:2:{i:1;a:1:{s:17:\"webform_menu_load\";a:2:{i:0;i:1;i:1;i:5;}}i:4;a:1:{s:27:\"webform_menu_component_load\";a:2:{i:0;i:1;i:1;i:5;}}}','','node_access','a:2:{i:0;s:6:\"update\";i:1;i:1;}','drupal_get_form','a:3:{i:0;s:29:\"webform_component_delete_form\";i:1;i:1;i:2;i:4;}','',45,6,1,'node/%/webform/components/%','node/%','','t','','','a:0:{}',132,'','',0,'sites/all/modules/webform/includes/webform.components.inc'),('node/%/webform/configure','a:1:{i:1;s:17:\"webform_menu_load\";}','','node_access','a:2:{i:0;s:6:\"update\";i:1;i:1;}','drupal_get_form','a:2:{i:0;s:22:\"webform_configure_form\";i:1;i:1;}','',11,4,1,'node/%/webform','node/%','Form settings','t','','','a:0:{}',132,'','',2,'sites/all/modules/webform/includes/webform.pages.inc'),('node/%/webform/emails','a:1:{i:1;s:17:\"webform_menu_load\";}','','node_access','a:2:{i:0;s:6:\"update\";i:1;i:1;}','drupal_get_form','a:2:{i:0;s:19:\"webform_emails_form\";i:1;i:1;}','',11,4,1,'node/%/webform','node/%','E-mails','t','','','a:0:{}',132,'','',1,'sites/all/modules/webform/includes/webform.emails.inc'),('node/%/webform/emails/%','a:2:{i:1;a:1:{s:17:\"webform_menu_load\";a:1:{i:0;i:1;}}i:4;a:1:{s:23:\"webform_menu_email_load\";a:1:{i:0;i:1;}}}','','node_access','a:2:{i:0;s:6:\"update\";i:1;i:1;}','drupal_get_form','a:3:{i:0;s:23:\"webform_email_edit_form\";i:1;i:1;i:2;i:4;}','',22,5,0,'','node/%/webform/emails/%','','t','','','a:0:{}',0,'','',0,'sites/all/modules/webform/includes/webform.emails.inc'),('node/%/webform/emails/%/delete','a:2:{i:1;a:1:{s:17:\"webform_menu_load\";a:1:{i:0;i:1;}}i:4;a:1:{s:23:\"webform_menu_email_load\";a:1:{i:0;i:1;}}}','','node_access','a:2:{i:0;s:6:\"update\";i:1;i:1;}','drupal_get_form','a:3:{i:0;s:25:\"webform_email_delete_form\";i:1;i:1;i:2;i:4;}','',45,6,0,'','node/%/webform/emails/%/delete','','t','','','a:0:{}',0,'','',0,'sites/all/modules/webform/includes/webform.emails.inc'),('node/add','','','_node_add_access','a:0:{}','node_add_page','a:0:{}','',3,2,0,'','node/add','Add content','t','','','a:0:{}',6,'','',0,'modules/node/node.pages.inc'),('node/add/articles','','','node_access','a:2:{i:0;s:6:\"create\";i:1;s:8:\"articles\";}','node_add','a:1:{i:0;s:8:\"articles\";}','',7,3,0,'','node/add/articles','Articles','check_plain','','','a:0:{}',6,'An article content type','',0,'modules/node/node.pages.inc'),('node/add/basic-page','','','node_access','a:2:{i:0;s:6:\"create\";i:1;s:10:\"basic_page\";}','node_add','a:1:{i:0;s:10:\"basic_page\";}','',7,3,0,'','node/add/basic-page','Basic page','check_plain','','','a:0:{}',6,'','',0,'modules/node/node.pages.inc'),('node/add/bootstrap-carousel','','','node_access','a:2:{i:0;s:6:\"create\";i:1;s:18:\"bootstrap_carousel\";}','node_add','a:1:{i:0;s:18:\"bootstrap_carousel\";}','',7,3,0,'','node/add/bootstrap-carousel','Carousel','check_plain','','','a:0:{}',6,'Create a new Carousel using Bootstrap Javascript.','',0,'modules/node/node.pages.inc'),('node/add/carousel','','','node_access','a:2:{i:0;s:6:\"create\";i:1;s:8:\"carousel\";}','node_add','a:1:{i:0;s:8:\"carousel\";}','',7,3,0,'','node/add/carousel','Carousel Content','check_plain','','','a:0:{}',6,'A carousel for bootstrap themes','',0,'modules/node/node.pages.inc'),('node/add/events','','','node_access','a:2:{i:0;s:6:\"create\";i:1;s:6:\"events\";}','node_add','a:1:{i:0;s:6:\"events\";}','',7,3,0,'','node/add/events','Events','check_plain','','','a:0:{}',6,'A content type for events','',0,'modules/node/node.pages.inc'),('node/add/gallery','','','node_access','a:2:{i:0;s:6:\"create\";i:1;s:7:\"gallery\";}','node_add','a:1:{i:0;s:7:\"gallery\";}','',7,3,0,'','node/add/gallery','Gallery','check_plain','','','a:0:{}',6,'Basic Image Gallery','',0,'modules/node/node.pages.inc'),('node/add/left-sidebar','','','node_access','a:2:{i:0;s:6:\"create\";i:1;s:12:\"left_sidebar\";}','node_add','a:1:{i:0;s:12:\"left_sidebar\";}','',7,3,0,'','node/add/left-sidebar','Left Sidebar','check_plain','','','a:0:{}',6,'Content for the left sidebar','',0,'modules/node/node.pages.inc'),('node/add/listing','','','node_access','a:2:{i:0;s:6:\"create\";i:1;s:7:\"listing\";}','node_add','a:1:{i:0;s:7:\"listing\";}','',7,3,0,'','node/add/listing','Listing','check_plain','','','a:0:{}',6,'','',0,'modules/node/node.pages.inc'),('node/add/right-sidebar','','','node_access','a:2:{i:0;s:6:\"create\";i:1;s:13:\"right_sidebar\";}','node_add','a:1:{i:0;s:13:\"right_sidebar\";}','',7,3,0,'','node/add/right-sidebar','Right Sidebar','check_plain','','','a:0:{}',6,'For content you want to appear in the right sidebar.','',0,'modules/node/node.pages.inc'),('node/add/simple-image-slider','','','node_access','a:2:{i:0;s:6:\"create\";i:1;s:19:\"simple_image_slider\";}','node_add','a:1:{i:0;s:19:\"simple_image_slider\";}','',7,3,0,'','node/add/simple-image-slider','Simple image Slider','check_plain','','','a:0:{}',6,'Content for a simple image slider','',0,'modules/node/node.pages.inc'),('node/add/webform','','','node_access','a:2:{i:0;s:6:\"create\";i:1;s:7:\"webform\";}','node_add','a:1:{i:0;s:7:\"webform\";}','',7,3,0,'','node/add/webform','Webform','check_plain','','','a:0:{}',6,'Create a new form or questionnaire accessible to users. Submission results and statistics are recorded and accessible to privileged users.','',0,'modules/node/node.pages.inc'),('rss.xml','','','user_access','a:1:{i:0;s:14:\"access content\";}','node_feed','a:2:{i:0;b:0;i:1;a:0:{}}','',1,1,0,'','rss.xml','RSS feed','t','','','a:0:{}',0,'','',0,''),('search','','','search_is_active','a:0:{}','search_view','a:0:{}','',1,1,0,'','search','Search','t','','','a:0:{}',20,'','',0,'modules/search/search.pages.inc'),('search/node','','','_search_menu_access','a:1:{i:0;s:4:\"node\";}','search_view','a:2:{i:0;s:4:\"node\";i:1;s:0:\"\";}','',3,2,1,'search','search','Content','t','','','a:0:{}',132,'','',-10,'modules/search/search.pages.inc'),('search/node/%','a:1:{i:2;a:1:{s:14:\"menu_tail_load\";a:2:{i:0;s:4:\"%map\";i:1;s:6:\"%index\";}}}','a:1:{i:2;s:16:\"menu_tail_to_arg\";}','_search_menu_access','a:1:{i:0;s:4:\"node\";}','search_view','a:2:{i:0;s:4:\"node\";i:1;i:2;}','',6,3,1,'search/node','search/node/%','Content','t','','','a:0:{}',132,'','',0,'modules/search/search.pages.inc'),('shows','','','views_access','a:1:{i:0;a:2:{i:0;s:16:\"views_check_perm\";i:1;a:1:{i:0;s:14:\"access content\";}}}','views_page','a:2:{i:0;s:6:\"events\";i:1;s:6:\"page_1\";}','',1,1,0,'','shows','','t','','','a:0:{}',0,'','',0,''),('show_results','','','views_access','a:1:{i:0;a:2:{i:0;s:16:\"views_check_perm\";i:1;a:1:{i:0;s:14:\"access content\";}}}','views_page','a:2:{i:0;s:6:\"events\";i:1;s:6:\"page_2\";}','',1,1,0,'','show_results','','t','','','a:0:{}',0,'','',0,''),('sites/default/files/styles/%','a:1:{i:4;s:16:\"image_style_load\";}','','1','a:0:{}','image_style_deliver','a:1:{i:0;i:4;}','',30,5,0,'','sites/default/files/styles/%','Generate image style','t','','','a:0:{}',0,'','',0,''),('system/ajax','','','1','a:0:{}','ajax_form_callback','a:0:{}','ajax_deliver',3,2,0,'','system/ajax','AHAH callback','t','','ajax_base_page_theme','a:0:{}',0,'','',0,'includes/form.inc'),('system/files','','','1','a:0:{}','file_download','a:1:{i:0;s:7:\"private\";}','',3,2,0,'','system/files','File download','t','','','a:0:{}',0,'','',0,''),('system/files/styles/%','a:1:{i:3;s:16:\"image_style_load\";}','','1','a:0:{}','image_style_deliver','a:1:{i:0;i:3;}','',14,4,0,'','system/files/styles/%','Generate image style','t','','','a:0:{}',0,'','',0,''),('system/temporary','','','1','a:0:{}','file_download','a:1:{i:0;s:9:\"temporary\";}','',3,2,0,'','system/temporary','Temporary files','t','','','a:0:{}',0,'','',0,''),('system/timezone','','','1','a:0:{}','system_timezone','a:0:{}','',3,2,0,'','system/timezone','Time zone','t','','','a:0:{}',0,'','',0,'modules/system/system.admin.inc'),('taxonomy/autocomplete','','','user_access','a:1:{i:0;s:14:\"access content\";}','taxonomy_autocomplete','a:0:{}','',3,2,0,'','taxonomy/autocomplete','Autocomplete taxonomy','t','','','a:0:{}',0,'','',0,'modules/taxonomy/taxonomy.pages.inc'),('taxonomy/term/%','a:1:{i:2;s:18:\"taxonomy_term_load\";}','','user_access','a:1:{i:0;s:14:\"access content\";}','taxonomy_term_page','a:1:{i:0;i:2;}','',6,3,0,'','taxonomy/term/%','Taxonomy term','taxonomy_term_title','a:1:{i:0;i:2;}','','a:0:{}',6,'','',0,'modules/taxonomy/taxonomy.pages.inc'),('taxonomy/term/%/display','a:1:{i:2;s:18:\"taxonomy_term_load\";}','','user_access','a:1:{i:0;s:19:\"administer taxonomy\";}','ds_contextual_page_tab','a:2:{i:0;i:2;i:1;s:13:\"taxonomy_term\";}','',13,4,1,'taxonomy/term/%','taxonomy/term/%','Manage display','t','','','a:0:{}',132,'Manage display of this term.','',11,'sites/all/modules/ds/includes/ds.contextual.inc'),('taxonomy/term/%/edit','a:1:{i:2;s:18:\"taxonomy_term_load\";}','','taxonomy_term_edit_access','a:1:{i:0;i:2;}','drupal_get_form','a:3:{i:0;s:18:\"taxonomy_form_term\";i:1;i:2;i:2;N;}','',13,4,1,'taxonomy/term/%','taxonomy/term/%','Edit','t','','','a:0:{}',132,'','',10,'modules/taxonomy/taxonomy.admin.inc'),('taxonomy/term/%/feed','a:1:{i:2;s:18:\"taxonomy_term_load\";}','','user_access','a:1:{i:0;s:14:\"access content\";}','taxonomy_term_feed','a:1:{i:0;i:2;}','',13,4,0,'','taxonomy/term/%/feed','Taxonomy term','taxonomy_term_title','a:1:{i:0;i:2;}','','a:0:{}',0,'','',0,'modules/taxonomy/taxonomy.pages.inc'),('taxonomy/term/%/view','a:1:{i:2;s:18:\"taxonomy_term_load\";}','','user_access','a:1:{i:0;s:14:\"access content\";}','taxonomy_term_page','a:1:{i:0;i:2;}','',13,4,1,'taxonomy/term/%','taxonomy/term/%','View','t','','','a:0:{}',140,'','',0,'modules/taxonomy/taxonomy.pages.inc'),('token/autocomplete/%','a:1:{i:2;s:15:\"token_type_load\";}','','1','a:0:{}','token_autocomplete_token','a:1:{i:0;i:2;}','',6,3,0,'','token/autocomplete/%','','t','','','a:0:{}',0,'','',0,'sites/all/modules/token/token.pages.inc'),('token/flush-cache','','','user_access','a:1:{i:0;s:12:\"flush caches\";}','token_flush_cache_callback','a:0:{}','',3,2,0,'','token/flush-cache','','t','','','a:0:{}',0,'','',0,'sites/all/modules/token/token.pages.inc'),('token/tree','','','1','a:0:{}','token_page_output_tree','a:0:{}','',3,2,0,'','token/tree','','t','','ajax_base_page_theme','a:0:{}',0,'','',0,'sites/all/modules/token/token.pages.inc'),('toolbar/toggle','','','user_access','a:1:{i:0;s:14:\"access toolbar\";}','toolbar_toggle_page','a:0:{}','',3,2,0,'','toolbar/toggle','Toggle drawer visibility','t','','','a:0:{}',0,'','',0,''),('user','','','1','a:0:{}','user_page','a:0:{}','',1,1,0,'','user','User account','user_menu_title','','','a:0:{}',6,'','',-10,'modules/user/user.pages.inc'),('user/%','a:1:{i:1;s:9:\"user_load\";}','','user_view_access','a:1:{i:0;i:1;}','user_view_page','a:1:{i:0;i:1;}','',2,2,0,'','user/%','My account','user_page_title','a:1:{i:0;i:1;}','','a:0:{}',6,'','',0,''),('user/%/cancel','a:1:{i:1;s:9:\"user_load\";}','','user_cancel_access','a:1:{i:0;i:1;}','drupal_get_form','a:2:{i:0;s:24:\"user_cancel_confirm_form\";i:1;i:1;}','',5,3,0,'','user/%/cancel','Cancel account','t','','','a:0:{}',6,'','',0,'modules/user/user.pages.inc'),('user/%/cancel/confirm/%/%','a:3:{i:1;s:9:\"user_load\";i:4;N;i:5;N;}','','user_cancel_access','a:1:{i:0;i:1;}','user_cancel_confirm','a:3:{i:0;i:1;i:1;i:4;i:2;i:5;}','',44,6,0,'','user/%/cancel/confirm/%/%','Confirm account cancellation','t','','','a:0:{}',6,'','',0,'modules/user/user.pages.inc'),('user/%/display','a:1:{i:1;s:9:\"user_load\";}','','user_access','a:1:{i:0;s:16:\"administer users\";}','ds_contextual_page_tab','a:2:{i:0;i:1;i:1;s:4:\"user\";}','',5,3,1,'user/%','user/%','Manage display','t','','','a:0:{}',132,'Manage display of this user profile.','',0,'sites/all/modules/ds/includes/ds.contextual.inc'),('user/%/edit','a:1:{i:1;s:9:\"user_load\";}','','user_edit_access','a:1:{i:0;i:1;}','drupal_get_form','a:2:{i:0;s:17:\"user_profile_form\";i:1;i:1;}','',5,3,1,'user/%','user/%','Edit','t','','','a:0:{}',132,'','',0,'modules/user/user.pages.inc'),('user/%/edit/account','a:1:{i:1;a:1:{s:18:\"user_category_load\";a:2:{i:0;s:4:\"%map\";i:1;s:6:\"%index\";}}}','','user_edit_access','a:1:{i:0;i:1;}','drupal_get_form','a:2:{i:0;s:17:\"user_profile_form\";i:1;i:1;}','',11,4,1,'user/%/edit','user/%','Account','t','','','a:0:{}',140,'','',0,'modules/user/user.pages.inc'),('user/%/imce','a:1:{i:1;s:9:\"user_load\";}','','imce_user_page_access','a:1:{i:0;i:1;}','imce_user_page','a:1:{i:0;i:1;}','',5,3,1,'user/%','user/%','File browser','t','','','a:0:{}',132,'','',10,'sites/all/modules/imce/inc/imce.page.inc'),('user/%/shortcuts','a:1:{i:1;s:9:\"user_load\";}','','shortcut_set_switch_access','a:1:{i:0;i:1;}','drupal_get_form','a:2:{i:0;s:19:\"shortcut_set_switch\";i:1;i:1;}','',5,3,1,'user/%','user/%','Shortcuts','t','','','a:0:{}',132,'','',0,'modules/shortcut/shortcut.admin.inc'),('user/%/view','a:1:{i:1;s:9:\"user_load\";}','','user_view_access','a:1:{i:0;i:1;}','user_view_page','a:1:{i:0;i:1;}','',5,3,1,'user/%','user/%','View','t','','','a:0:{}',140,'','',-10,''),('user/autocomplete','','','user_access','a:1:{i:0;s:20:\"access user profiles\";}','user_autocomplete','a:0:{}','',3,2,0,'','user/autocomplete','User autocomplete','t','','','a:0:{}',0,'','',0,'modules/user/user.pages.inc'),('user/login','','','user_is_anonymous','a:0:{}','user_page','a:0:{}','',3,2,1,'user','user','Log in','t','','','a:0:{}',140,'','',0,'modules/user/user.pages.inc'),('user/logout','','','user_is_logged_in','a:0:{}','user_logout','a:0:{}','',3,2,0,'','user/logout','Log out','t','','','a:0:{}',6,'','',10,'modules/user/user.pages.inc'),('user/password','','','1','a:0:{}','drupal_get_form','a:1:{i:0;s:9:\"user_pass\";}','',3,2,1,'user','user','Request new password','t','','','a:0:{}',132,'','',0,'modules/user/user.pages.inc'),('user/register','','','user_register_access','a:0:{}','drupal_get_form','a:1:{i:0;s:18:\"user_register_form\";}','',3,2,1,'user','user','Create new account','t','','','a:0:{}',132,'','',0,''),('user/reset/%/%/%','a:3:{i:2;N;i:3;N;i:4;N;}','','1','a:0:{}','drupal_get_form','a:4:{i:0;s:15:\"user_pass_reset\";i:1;i:2;i:2;i:3;i:3;i:4;}','',24,5,0,'','user/reset/%/%/%','Reset password','t','','','a:0:{}',0,'','',0,'modules/user/user.pages.inc'),('views/ajax','','','1','a:0:{}','views_ajax','a:0:{}','ajax_deliver',3,2,0,'','views/ajax','Views','t','','ajax_base_page_theme','a:0:{}',0,'Ajax callback for view loading.','',0,'sites/all/modules/views/includes/ajax.inc'),('webform/ajax/options/%','a:1:{i:3;a:1:{s:17:\"webform_menu_load\";a:1:{i:0;i:3;}}}','','node_access','a:2:{i:0;s:6:\"update\";i:1;i:3;}','webform_select_options_ajax','a:0:{}','',14,4,0,'','webform/ajax/options/%','','t','','','a:0:{}',0,'','',0,'sites/all/modules/webform/components/select.inc'),('wysiwyg/%','a:1:{i:1;N;}','','user_access','a:1:{i:0;s:14:\"access content\";}','wysiwyg_dialog','a:1:{i:0;i:1;}','wysiwyg_deliver_dialog_page',2,2,0,'','wysiwyg/%','','t','','','a:0:{}',0,'','',0,'sites/all/modules/wysiwyg/wysiwyg.dialog.inc');

--
